000
CDUS42 KKEY 200532
CLIMTH

CLIMATE REPORT
NATIONAL WEATHER SERVICE KEY WEST, FL
130 AM EDT SAT SEP 20 2014

...................................

...THE MARATHON CLIMATE SUMMARY FOR SEPTEMBER 19 2014...

CLIMATE NORMAL PERIOD 1981 TO 2010

WEATHER ITEM   OBSERVED TIME   NORMAL DEPARTURE LAST
               VALUE    (LST)  VALUE  FROM      YEAR
                                      NORMAL
......................................................
TEMPERATURE (F)
 YESTERDAY
  MAXIMUM         87    402 PM  89     -2       89
  MINIMUM         77    230 AM  79     -2       79
  AVERAGE         82            84     -2       84

PRECIPITATION (IN)
  YESTERDAY        0.00          0.29  -0.29     0.02
  MONTH TO DATE    3.57          5.27  -1.70     2.08
  SINCE SEP 1      3.57          5.27  -1.70     2.08
  SINCE JAN 1     23.51         34.09 -10.58    41.31

SNOWFALL (IN)
  YESTERDAY        0.0
  MONTH TO DATE    0.0
  SINCE SEP 1      0.0
  SINCE JUL 1      0.0
  SNOW DEPTH       0

DEGREE DAYS
 HEATING
  YESTERDAY        0             0      0        0
  MONTH TO DATE    0             0      0        0
  SINCE SEP 1      0             0      0        0
  SINCE JUL 1      0             0      0        0

 COOLING
  YESTERDAY       17            19     -2       19
  MONTH TO DATE  353           364    -11      365
  SINCE SEP 1    353           364    -11      365
  SINCE JAN 1   4037          3750    287     4086
......................................................

WIND (MPH)
  HIGHEST WIND SPEED     7   HIGHEST WIND DIRECTION    NE (40)
  HIGHEST GUST SPEED    12   HIGHEST GUST DIRECTION     S (180)
  AVERAGE WIND SPEED     2.4

SKY COVER
  POSSIBLE SUNSHINE  MM
  AVERAGE SKY COVER 0.1

WEATHER CONDITIONS
 THE FOLLOWING WEATHER WAS RECORDED YESTERDAY.
  NO SIGNIFICANT WEATHER WAS OBSERVED.

RELATIVE HUMIDITY (PERCENT)
 HIGHEST    91
 LOWEST     70
 AVERAGE    81

..........................................................

THE MARATHON CLIMATE NORMALS FOR TODAY
                         NORMAL
 MAXIMUM TEMPERATURE (F)   89
 MINIMUM TEMPERATURE (F)   79

SUNRISE AND SUNSET
SEPTEMBER 20 2014.....SUNRISE   712 AM EDT   SUNSET   723 PM EDT
SEPTEMBER 21 2014.....SUNRISE   713 AM EDT   SUNSET   722 PM EDT

-  INDICATES NEGATIVE NUMBERS.
R  INDICATES RECORD WAS SET OR TIED.
MM INDICATES DATA IS MISSING.
T  INDICATES TRACE AMOUNT.

$$
