000
CDUS42 KKEY 260545
CLIMTH

CLIMATE REPORT
NATIONAL WEATHER SERVICE KEY WEST, FL
1243 AM EST FRI DEC 26 2014


...................................

...THE MARATHON CLIMATE SUMMARY FOR DECEMBER 25 2014...

CLIMATE NORMAL PERIOD 1981 TO 2010

WEATHER ITEM   OBSERVED TIME   NORMAL DEPARTURE LAST
                VALUE   (LST)  VALUE  FROM      YEAR
                                      NORMAL
......................................................
TEMPERATURE (F)
 YESTERDAY
  MAXIMUM         77    344 AM  76      1       79
  MINIMUM         67    716 AM  65      2       69
  AVERAGE         72            70      2       74

PRECIPITATION (IN)
  YESTERDAY        1.16          0.06   1.10     0.48
  MONTH TO DATE    1.53          1.68  -0.15     2.65
  SINCE DEC 1      1.53          1.68  -0.15     2.65
  SINCE JAN 1     36.40         45.83  -9.43    52.22

SNOWFALL (IN)
  YESTERDAY        0.0
  MONTH TO DATE    0.0
  SINCE DEC 1      0.0
  SINCE JUL 1      0.0
  SNOW DEPTH       0

DEGREE DAYS
 HEATING
  YESTERDAY        0             1     -1        0
  MONTH TO DATE   15            18     -3        0
  SINCE DEC 1     15            18     -3        0
  SINCE JUL 1     21            19      2        1

 COOLING
  YESTERDAY        7             6      1        9
  MONTH TO DATE  171           193    -22      301
  SINCE DEC 1    171           193    -22      301
  SINCE JAN 1   5157          4957    200     5557
......................................................


WIND (MPH)
  HIGHEST WIND SPEED    18   HIGHEST WIND DIRECTION    NE (30)
  HIGHEST GUST SPEED    25   HIGHEST GUST DIRECTION     W (250)
  AVERAGE WIND SPEED    11.6


SKY COVER
  POSSIBLE SUNSHINE  MM
  AVERAGE SKY COVER 0.8


WEATHER CONDITIONS
 THE FOLLOWING WEATHER WAS RECORDED YESTERDAY.
  THUNDERSTORM
  HEAVY RAIN
  RAIN
  LIGHT RAIN


RELATIVE HUMIDITY (PERCENT)
 HIGHEST   100
 LOWEST     73
 AVERAGE    87

..........................................................


THE MARATHON CLIMATE NORMALS FOR TODAY
                         NORMAL
 MAXIMUM TEMPERATURE (F)   75
 MINIMUM TEMPERATURE (F)   65


SUNRISE AND SUNSET
DECEMBER 26 2014......SUNRISE   707 AM EST   SUNSET   543 PM EST
DECEMBER 27 2014......SUNRISE   707 AM EST   SUNSET   544 PM EST


-  INDICATES NEGATIVE NUMBERS.
R  INDICATES RECORD WAS SET OR TIED.
MM INDICATES DATA IS MISSING.
T  INDICATES TRACE AMOUNT.




$$
