865
CDUS42 KKEY 270544
CLIMTH


CLIMATE REPORT
NATIONAL WEATHER SERVICE KEY WEST, FL
144 AM EDT THU JUL 27 2017


...................................

...THE MARATHON CLIMATE SUMMARY FOR JULY 26 2017...

CLIMATE NORMAL PERIOD 1981 TO 2010


WEATHER ITEM   OBSERVED TIME   NORMAL DEPARTURE LAST
                VALUE   (LST)  VALUE  FROM      YEAR
                                      NORMAL
......................................................
TEMPERATURE (F)
 YESTERDAY
  MAXIMUM         93   1243 PM  91      2       90
  MINIMUM         84   1148 PM  80      4       81
  AVERAGE         89            85      4       86

PRECIPITATION (IN)
  YESTERDAY        0.07          0.14  -0.07      T
  MONTH TO DATE    2.08          3.49  -1.41     3.93
  SINCE JUN 1      8.75          9.10  -0.35     6.98
  SINCE JAN 1     14.91         21.04  -6.13    19.78

SNOWFALL (IN)
  YESTERDAY        0.0
  MONTH TO DATE    0.0
  SINCE JUN 1      0.0
  SINCE JUL 1      0.0
  SNOW DEPTH       0

DEGREE DAYS
 HEATING
  YESTERDAY        0             0      0        0
  MONTH TO DATE    0             0      0        0
  SINCE JUN 1      0             0      0        0
  SINCE JUL 1      0             0      0        0

 COOLING
  YESTERDAY       24            20      4       21
  MONTH TO DATE  559           520     39      557
  SINCE JUN 1   1158          1114     44     1149
  SINCE JAN 1   3154          2657    497     2764
......................................................


WIND (MPH)
  HIGHEST WIND SPEED    12   HIGHEST WIND DIRECTION    SE (120)
  HIGHEST GUST SPEED    18   HIGHEST GUST DIRECTION    SE (120)
  AVERAGE WIND SPEED     6.5


SKY COVER
  POSSIBLE SUNSHINE  MM
  AVERAGE SKY COVER 0.1


WEATHER CONDITIONS
 THE FOLLOWING WEATHER WAS RECORDED YESTERDAY.
  RAIN
  LIGHT RAIN
  FOG


RELATIVE HUMIDITY (PERCENT)
 HIGHEST    94
 LOWEST     66
 AVERAGE    80

..........................................................


THE MARATHON CLIMATE NORMALS FOR TODAY
                         NORMAL
 MAXIMUM TEMPERATURE (F)   91
 MINIMUM TEMPERATURE (F)   80


SUNRISE AND SUNSET
JULY 27 2017..........SUNRISE   650 AM EDT   SUNSET   811 PM EDT
JULY 28 2017..........SUNRISE   651 AM EDT   SUNSET   811 PM EDT


-  INDICATES NEGATIVE NUMBERS.
R  INDICATES RECORD WAS SET OR TIED.
MM INDICATES DATA IS MISSING.
T  INDICATES TRACE AMOUNT.




$$
