000
CDUS42 KKEY 200615
CLIMTH


CLIMATE REPORT
NATIONAL WEATHER SERVICE KEY WEST, FL
115 AM EST FRI JAN 20 2017


...................................

...THE MARATHON CLIMATE SUMMARY FOR JANUARY 19 2017...

CLIMATE NORMAL PERIOD 1981 TO 2010
CLIMATE RECORD PERIOD 9999 TO 9999


WEATHER ITEM   OBSERVED TIME   NORMAL DEPARTURE LAST
                VALUE   (LST)  VALUE  FROM      YEAR
                                      NORMAL
......................................................
TEMPERATURE (F)
 YESTERDAY
  MAXIMUM         82    302 PM  75      7       64
  MINIMUM         68    520 AM  64      4       56
  AVERAGE         75            70      5       60

PRECIPITATION (IN)
  YESTERDAY        0.00          0.04  -0.04     0.00
  MONTH TO DATE    0.27          0.96  -0.69     3.89
  SINCE DEC 1      2.17          2.98  -0.81    11.83
  SINCE JAN 1      0.27          0.96  -0.69     3.89

SNOWFALL (IN)
  YESTERDAY        0.0
  MONTH TO DATE    0.0
  SINCE DEC 1      0.0
  SINCE JUL 1      0.0
  SNOW DEPTH       0

DEGREE DAYS
 HEATING
  YESTERDAY        0             1     -1        5
  MONTH TO DATE    3            28    -25       10
  SINCE DEC 1      3            48    -45       10
  SINCE JUL 1      3            49    -46       10

 COOLING
  YESTERDAY       10             6      4        0
  MONTH TO DATE  210           114     96       96
  SINCE DEC 1    668           342    326      492
  SINCE JAN 1    210           114     96       96
......................................................


WIND (MPH)
  HIGHEST WIND SPEED    10   HIGHEST WIND DIRECTION    NE (50)
  HIGHEST GUST SPEED    14   HIGHEST GUST DIRECTION    SE (130)
  AVERAGE WIND SPEED     5.2


SKY COVER
  POSSIBLE SUNSHINE  MM
  AVERAGE SKY COVER 0.1


WEATHER CONDITIONS
 THE FOLLOWING WEATHER WAS RECORDED YESTERDAY.
  NO SIGNIFICANT WEATHER WAS OBSERVED.


RELATIVE HUMIDITY (PERCENT)
 HIGHEST    90
 LOWEST     54
 AVERAGE    72

..........................................................


THE MARATHON CLIMATE NORMALS FOR TODAY
                         NORMAL
 MAXIMUM TEMPERATURE (F)   75
 MINIMUM TEMPERATURE (F)   64


SUNRISE AND SUNSET
JANUARY 20 2017.......SUNRISE   710 AM EST   SUNSET   601 PM EST
JANUARY 21 2017.......SUNRISE   710 AM EST   SUNSET   602 PM EST


-  INDICATES NEGATIVE NUMBERS.
R  INDICATES RECORD WAS SET OR TIED.
MM INDICATES DATA IS MISSING.
T  INDICATES TRACE AMOUNT.




$$
