000
CDUS42 KKEY 282131
CLIMTH

CLIMATE REPORT
NATIONAL WEATHER SERVICE KEY WEST, FL
426 PM EST SAT FEB 28 2015


...................................

...THE MARATHON CLIMATE SUMMARY FOR FEBRUARY 28 2015...
VALID TODAY AS OF 0400 PM LOCAL TIME.

CLIMATE NORMAL PERIOD 1981 TO 2010

WEATHER ITEM   OBSERVED TIME   NORMAL DEPARTURE LAST
                VALUE   (LST)  VALUE  FROM      YEAR
                                      NORMAL
......................................................
TEMPERATURE (F)
 TODAY
  MAXIMUM         83    224 PM  78      5       75
  MINIMUM         72    209 AM  67      5       68
  AVERAGE         78            72      6       72

PRECIPITATION (IN)
  TODAY            0.00          0.07  -0.07     0.08
  MONTH TO DATE    2.03          2.21  -0.18     0.40
  SINCE DEC 1      3.77          5.84  -2.07     6.46
  SINCE JAN 1      2.23          3.82  -1.59     3.69

SNOWFALL (IN)
  TODAY            0.0
  MONTH TO DATE    0.0
  SINCE DEC 1      0.0
  SINCE JUL 1      0.0
  SNOW DEPTH       0

DEGREE DAYS
 HEATING
  TODAY            0             1     -1        0
  MONTH TO DATE   26            24      2        1
  SINCE DEC 1     44            74    -30       34
  SINCE JUL 1     50            75    -25       35

 COOLING
  TODAY           13             8      5        7
  MONTH TO DATE  155           201    -46      322
  SINCE DEC 1    626           610     16      866
  SINCE JAN 1    387           382      5      506
......................................................


WIND (MPH)
  HIGHEST WIND SPEED    16   HIGHEST WIND DIRECTION     E (70)
  HIGHEST GUST SPEED    21   HIGHEST GUST DIRECTION     E (70)
  AVERAGE WIND SPEED    10.9


SKY COVER
  POSSIBLE SUNSHINE  MM
  AVERAGE SKY COVER 0.4


WEATHER CONDITIONS
 THE FOLLOWING WEATHER WAS RECORDED TODAY.
  NO SIGNIFICANT WEATHER WAS OBSERVED.


RELATIVE HUMIDITY (PERCENT)
 HIGHEST   100
 LOWEST     74
 AVERAGE    87

..........................................................


THE MARATHON CLIMATE NORMALS FOR TOMORROW
                         NORMAL
 MAXIMUM TEMPERATURE (F)   78
 MINIMUM TEMPERATURE (F)   67


SUNRISE AND SUNSET
FEBRUARY 28 2015......SUNRISE   648 AM EST   SUNSET   626 PM EST
MARCH  1 2015.........SUNRISE   647 AM EST   SUNSET   627 PM EST


-  INDICATES NEGATIVE NUMBERS.
R  INDICATES RECORD WAS SET OR TIED.
MM INDICATES DATA IS MISSING.
T  INDICATES TRACE AMOUNT.




$$
