000
CDUS45 KGJT 240729
CLIMTJ


CLIMATE REPORT
NATIONAL WEATHER SERVICE GRAND JUNCTION CO
124 AM MDT SUN SEP 24 2017


...................................

...THE MONTROSE CO CLIMATE SUMMARY FOR SEPTEMBER 23 2017...

CLIMATE NORMAL PERIOD 1981 TO 2010
CLIMATE RECORD PERIOD 9999 TO 9999


WEATHER ITEM   OBSERVED TIME   RECORD YEAR NORMAL DEPARTURE LAST
                VALUE   (LST)  VALUE       VALUE  FROM      YEAR
                                                  NORMAL
..................................................................
TEMPERATURE (F)
 YESTERDAY
  MAXIMUM         63    433 PM  MM      MM  75    -12       69
  MINIMUM         43   1159 PM  MM      MM  44     -1       42
  AVERAGE         53                        59     -6       56

PRECIPITATION (IN)
  YESTERDAY        0.38         MM      MM   0.04   0.34     0.32
  MONTH TO DATE    1.02                      0.99   0.03     0.87
  SINCE SEP 1      1.02                      0.99   0.03     0.87
  SINCE JAN 1      7.41                      8.32  -0.91     6.62

SNOWFALL (IN)
  YESTERDAY       MM            MM      MM  MM     MM       MM
  MONTH TO DATE   MM                        MM     MM       MM
  SINCE SEP 1     MM                        MM     MM       MM
  SINCE JUL 1     MM                        MM     MM       MM
  SNOW DEPTH      MM

DEGREE DAYS
 HEATING
  YESTERDAY       12                         6      6        9
  MONTH TO DATE   28                        69    -41       30
  SINCE SEP 1     28                        69    -41       30
  SINCE JUL 1     28                        74    -46       40

 COOLING
  YESTERDAY        0                         0      0        0
  MONTH TO DATE   89                        37     52       40
  SINCE SEP 1     89                        37     52       40
  SINCE JAN 1    807                       642    165      721
..................................................................


WIND (MPH)
  HIGHEST WIND SPEED    26   HIGHEST WIND DIRECTION     S (160)
  HIGHEST GUST SPEED    37   HIGHEST GUST DIRECTION    SE (150)
  AVERAGE WIND SPEED     8.6


SKY COVER
  POSSIBLE SUNSHINE  MM
  AVERAGE SKY COVER 0.6


WEATHER CONDITIONS
 THE FOLLOWING WEATHER WAS RECORDED YESTERDAY.
  THUNDERSTORM
  HEAVY RAIN
  RAIN
  LIGHT RAIN
  FOG


RELATIVE HUMIDITY (PERCENT)
 HIGHEST   100           700 AM
 LOWEST     34           100 AM
 AVERAGE    67

..........................................................


THE MONTROSE CO CLIMATE NORMALS FOR TODAY
                         NORMAL    RECORD    YEAR
 MAXIMUM TEMPERATURE (F)   74        MM        MM
 MINIMUM TEMPERATURE (F)   44        MM        MM


SUNRISE AND SUNSET
SEPTEMBER 24 2017.....SUNRISE   701 AM MDT   SUNSET   705 PM MDT
SEPTEMBER 25 2017.....SUNRISE   702 AM MDT   SUNSET   703 PM MDT


-  INDICATES NEGATIVE NUMBERS.
R  INDICATES RECORD WAS SET OR TIED.
MM INDICATES DATA IS MISSING.
T  INDICATES TRACE AMOUNT.




$$
