000
CDUS43 KILX 050635
CLIMTO


CLIMATE REPORT
NATIONAL WEATHER SERVICE LINCOLN IL
135 AM CDT THU MAY 5 2016


...................................

...THE MATTOON IL AIRPORT CLIMATE SUMMARY FOR MAY 4 2016...

CLIMATE NORMAL PERIOD 1981 TO 2010
CLIMATE RECORD PERIOD 9999 TO 9999


WEATHER ITEM   OBSERVED TIME   RECORD YEAR NORMAL DEPARTURE LAST
                VALUE   (LST)  VALUE       VALUE  FROM      YEAR
                                                  NORMAL
..................................................................
TEMPERATURE (F)
 YESTERDAY
  MAXIMUM         61    127 PM  MM      MM  70     -9       80
  MINIMUM         45   1156 PM  MM      MM  50     -5       61
  AVERAGE         53                        60     -7       71

PRECIPITATION (IN)
  YESTERDAY        0.17         MM      MM   0.15   0.02      T
  MONTH TO DATE    0.18                      0.63  -0.45      T
  SINCE MAR 1      8.66                      6.63   2.03     6.31
  SINCE JAN 1      9.39                     10.61  -1.22     7.66

DEGREE DAYS
 HEATING
  YESTERDAY       12                         6      6        0
  MONTH TO DATE   37                        26     11       15
  SINCE MAR 1    893                      1084   -191     1135
  SINCE JUL 1   4415                      5288   -873     5828

 COOLING
  YESTERDAY        0                         1     -1        6
  MONTH TO DATE    0                         4     -4       10
  SINCE MAR 1      7                        18    -11       12
  SINCE JAN 1      7                        18    -11       12
..................................................................


WIND (MPH)
  HIGHEST WIND SPEED    29   HIGHEST WIND DIRECTION     N (350)
  HIGHEST GUST SPEED    37   HIGHEST GUST DIRECTION     N (350)
  AVERAGE WIND SPEED    12.6


SKY COVER
  POSSIBLE SUNSHINE  MM
  AVERAGE SKY COVER 0.8


WEATHER CONDITIONS
 THE FOLLOWING WEATHER WAS RECORDED YESTERDAY.
  LIGHT RAIN
  FOG


RELATIVE HUMIDITY (PERCENT)
 HIGHEST    86           500 AM
 LOWEST     51           300 PM
 AVERAGE    69

..........................................................


THE MATTOON IL AIRPORT CLIMATE NORMALS FOR TODAY
                         NORMAL    RECORD    YEAR
 MAXIMUM TEMPERATURE (F)   70        MM        MM
 MINIMUM TEMPERATURE (F)   50        MM        MM


SUNRISE AND SUNSET
MAY  5 2016...........SUNRISE   549 AM CDT   SUNSET   751 PM CDT
MAY  6 2016...........SUNRISE   548 AM CDT   SUNSET   752 PM CDT


-  INDICATES NEGATIVE NUMBERS.
R  INDICATES RECORD WAS SET OR TIED.
MM INDICATES DATA IS MISSING.
T  INDICATES TRACE AMOUNT.




$$
