000
CDUS41 KBTV 180533
CLIMVL


CLIMATE REPORT
NATIONAL WEATHER SERVICE BURLINGTON VT
1231 AM EST SUN FEB 18 2018


...................................

...THE MORRISVILLE VT CLIMATE SUMMARY FOR FEBRUARY 17 2018...

CLIMATE NORMAL PERIOD 1981 TO 2010
CLIMATE RECORD PERIOD 9999 TO 9999


WEATHER ITEM   OBSERVED TIME   NORMAL DEPARTURE LAST
                VALUE   (LST)  VALUE  FROM      YEAR
                                      NORMAL
......................................................
TEMPERATURE (F)
 YESTERDAY
  MAXIMUM         32    914 PM  31      1       30
  MINIMUM          2    731 AM   7     -5        1
  AVERAGE         17            19     -2       16

PRECIPITATION (IN)
  YESTERDAY        0.02          0.06  -0.04     0.06
  MONTH TO DATE    1.16          1.05   0.11     0.46
  SINCE DEC 1      5.28          6.23  -0.95     5.60
  SINCE JAN 1      4.43          3.59   0.84     2.39

DEGREE DAYS
 HEATING
  YESTERDAY       48            46      2       49
  MONTH TO DATE  774           813    -39      788
  SINCE DEC 1   3611          3647    -36     3300
  SINCE JUL 1   5252          5475   -223     4891

 COOLING
  YESTERDAY        0             0      0        0
  MONTH TO DATE    0             0      0        0
  SINCE DEC 1      0             0      0        0
  SINCE JAN 1      0             0      0        0
......................................................


WIND (MPH)
  HIGHEST WIND SPEED    18   HIGHEST WIND DIRECTION     S (170)
  HIGHEST GUST SPEED    27   HIGHEST GUST DIRECTION     S (170)
  AVERAGE WIND SPEED     5.8


SKY COVER
  AVERAGE SKY COVER 0.2


WEATHER CONDITIONS
 THE FOLLOWING WEATHER WAS RECORDED YESTERDAY.
  LIGHT SNOW
  FOG


RELATIVE HUMIDITY (PERCENT)
 HIGHEST   100           800 AM
 LOWEST     33           700 PM
 AVERAGE    67

..........................................................


THE MORRISVILLE VT CLIMATE NORMALS FOR TODAY
                         NORMAL    RECORD    YEAR
 MAXIMUM TEMPERATURE (F)   31        58      2011
 MINIMUM TEMPERATURE (F)    7       -17      2000


SUNRISE AND SUNSET
FEBRUARY 18 2018......SUNRISE   646 AM EST   SUNSET   523 PM EST
FEBRUARY 19 2018......SUNRISE   644 AM EST   SUNSET   525 PM EST


-  INDICATES NEGATIVE NUMBERS.
R  INDICATES RECORD WAS SET OR TIED.
MM INDICATES DATA IS MISSING.
T  INDICATES TRACE AMOUNT.




$$
