000
CDUS41 KBTV 220527
CLIMVL


CLIMATE REPORT
NATIONAL WEATHER SERVICE BURLINGTON VT
121 AM EDT WED MAR 22 2017


...................................

...THE MORRISVILLE VT CLIMATE SUMMARY FOR MARCH 21 2017...

CLIMATE NORMAL PERIOD 1981 TO 2010
CLIMATE RECORD PERIOD 9999 TO 9999


WEATHER ITEM   OBSERVED TIME   NORMAL DEPARTURE LAST
                VALUE   (LST)  VALUE  FROM      YEAR
                                      NORMAL
......................................................
TEMPERATURE (F)
 YESTERDAY
  MAXIMUM         36   1100 AM  41     -5       38
  MINIMUM         27   1021 PM  20      7       22
  AVERAGE         32            30      2       30

PRECIPITATION (IN)
  YESTERDAY        0.04          0.06  -0.02     0.00
  MONTH TO DATE    0.55          1.03  -0.48     0.77
  SINCE MAR 1      0.55          1.03  -0.48     0.77
  SINCE JAN 1      3.62          5.31  -1.69     3.92

DEGREE DAYS
 HEATING
  YESTERDAY       33            34     -1       35
  MONTH TO DATE  929           804    125      679
  SINCE MAR 1    929           804    125      679
  SINCE JUL 1   6152          6764   -612     5252

 COOLING
  YESTERDAY        0             0      0        0
  MONTH TO DATE    0             0      0        0
  SINCE MAR 1      0             0      0        0
  SINCE JAN 1      0             0      0        0
......................................................


WIND (MPH)
  HIGHEST WIND SPEED     9   HIGHEST WIND DIRECTION     N (10)
  HIGHEST GUST SPEED    11   HIGHEST GUST DIRECTION     N (360)
  AVERAGE WIND SPEED     2.5


SKY COVER
  AVERAGE SKY COVER 1.0


WEATHER CONDITIONS
 THE FOLLOWING WEATHER WAS RECORDED YESTERDAY.
  LIGHT RAIN
  LIGHT SNOW
  FOG
  FOG W/VISIBILITY <= 1/4 MILE


RELATIVE HUMIDITY (PERCENT)
 HIGHEST   100           600 PM
 LOWEST     61          1200 AM
 AVERAGE    81

..........................................................


THE MORRISVILLE VT CLIMATE NORMALS FOR TODAY
                         NORMAL    RECORD    YEAR
 MAXIMUM TEMPERATURE (F)   42        79      2012
 MINIMUM TEMPERATURE (F)   20        -4      1989


SUNRISE AND SUNSET
MARCH 22 2017.........SUNRISE   650 AM EDT   SUNSET   706 PM EDT
MARCH 23 2017.........SUNRISE   648 AM EDT   SUNSET   707 PM EDT


-  INDICATES NEGATIVE NUMBERS.
R  INDICATES RECORD WAS SET OR TIED.
MM INDICATES DATA IS MISSING.
T  INDICATES TRACE AMOUNT.




$$
