000
CDUS41 KBTV 260529
CLIMVL


CLIMATE REPORT
NATIONAL WEATHER SERVICE BURLINGTON VT
1225 AM EST SUN FEB 26 2017


...................................

...THE MORRISVILLE VT CLIMATE SUMMARY FOR FEBRUARY 25 2017...

CLIMATE NORMAL PERIOD 1981 TO 2010
CLIMATE RECORD PERIOD 9999 TO 9999


WEATHER ITEM   OBSERVED TIME   NORMAL DEPARTURE LAST
                VALUE   (LST)  VALUE  FROM      YEAR
                                      NORMAL
......................................................
TEMPERATURE (F)
 YESTERDAY
  MAXIMUM         61    441 PM  33     28       MM
  MINIMUM         30    501 AM  10     20       MM
  AVERAGE         46            22     24       MM

PRECIPITATION (IN)
  YESTERDAY        0.64          0.06   0.58     0.74
  MONTH TO DATE    1.14          1.56  -0.42     2.33
  SINCE DEC 1      6.28          6.74  -0.46     4.96
  SINCE JAN 1      3.07          4.10  -1.03     3.02

DEGREE DAYS
 HEATING
  YESTERDAY       19            43    -24       MM
  MONTH TO DATE 1022          1169   -147      822
  SINCE DEC 1   3534          4003   -469     3012
  SINCE JUL 1   5125          5831   -706     4427

 COOLING
  YESTERDAY        0             0      0       MM
  MONTH TO DATE    0             0      0        0
  SINCE DEC 1      0             0      0        0
  SINCE JAN 1      0             0      0        0
......................................................


WIND (MPH)
  HIGHEST WIND SPEED    43   HIGHEST WIND DIRECTION     S (170)
  HIGHEST GUST SPEED    59   HIGHEST GUST DIRECTION     S (160)
  AVERAGE WIND SPEED     8.1


SKY COVER
  AVERAGE SKY COVER 0.7


WEATHER CONDITIONS
 THE FOLLOWING WEATHER WAS RECORDED YESTERDAY.
  HEAVY RAIN
  RAIN
  LIGHT SNOW
  FOG
  FOG W/VISIBILITY <= 1/4 MILE


RELATIVE HUMIDITY (PERCENT)
 HIGHEST   100          1200 AM
 LOWEST     60           300 PM
 AVERAGE    80

..........................................................


THE MORRISVILLE VT CLIMATE NORMALS FOR TODAY
                         NORMAL    RECORD    YEAR
 MAXIMUM TEMPERATURE (F)   34        52      2002
 MINIMUM TEMPERATURE (F)   10       -21      2003


SUNRISE AND SUNSET
FEBRUARY 26 2017......SUNRISE   633 AM EST   SUNSET   535 PM EST
FEBRUARY 27 2017......SUNRISE   631 AM EST   SUNSET   536 PM EST


-  INDICATES NEGATIVE NUMBERS.
R  INDICATES RECORD WAS SET OR TIED.
MM INDICATES DATA IS MISSING.
T  INDICATES TRACE AMOUNT.




$$
