000
CDUS41 KBTV 310535
CLIMVL


CLIMATE REPORT
NATIONAL WEATHER SERVICE BURLINGTON VT
135 AM EDT TUE MAY 31 2016


...................................

...THE MORRISVILLE VT CLIMATE SUMMARY FOR MAY 30 2016...

CLIMATE NORMAL PERIOD 1981 TO 2010
CLIMATE RECORD PERIOD 9999 TO 9999


WEATHER ITEM   OBSERVED TIME   NORMAL DEPARTURE LAST
                VALUE   (LST)  VALUE  FROM      YEAR
                                      NORMAL
......................................................
TEMPERATURE (F)
 YESTERDAY
  MAXIMUM         83    443 PM  70     13       88
  MINIMUM         58   1125 PM  45     13       55
  AVERAGE         71            58     13       72

PRECIPITATION (IN)
  YESTERDAY        0.04          0.13  -0.09     0.79
  MONTH TO DATE    1.08          3.12  -2.04     2.30
  SINCE MAR 1      3.90          7.19  -3.29     3.80
  SINCE JAN 1      7.05         11.47  -4.42     4.92

DEGREE DAYS
 HEATING
  YESTERDAY        0             8     -8        0
  MONTH TO DATE  352           345      7      172
  SINCE MAR 1   2129          2165    -36     2188
  SINCE JUL 1   6702          8125  -1423     7870

 COOLING
  YESTERDAY        6             1      5        7
  MONTH TO DATE   26             1     25       53
  SINCE MAR 1     26             2     24       53
  SINCE JAN 1     26             2     24       53
......................................................


WIND (MPH)
  HIGHEST WIND SPEED    18   HIGHEST WIND DIRECTION    SW (210)
  HIGHEST GUST SPEED    25   HIGHEST GUST DIRECTION    SW (210)
  AVERAGE WIND SPEED     5.6


SKY COVER
  AVERAGE SKY COVER 0.4


WEATHER CONDITIONS
 THE FOLLOWING WEATHER WAS RECORDED YESTERDAY.
  LIGHT RAIN
  FOG


RELATIVE HUMIDITY (PERCENT)
 HIGHEST    93          1200 AM
 LOWEST     40           700 PM
 AVERAGE    67

..........................................................


THE MORRISVILLE VT CLIMATE NORMALS FOR TODAY
                         NORMAL    RECORD    YEAR
 MAXIMUM TEMPERATURE (F)   71        90      2013
 MINIMUM TEMPERATURE (F)   46        31      2004


SUNRISE AND SUNSET
MAY 31 2016...........SUNRISE   509 AM EDT   SUNSET   828 PM EDT
JUNE  1 2016..........SUNRISE   509 AM EDT   SUNSET   829 PM EDT


-  INDICATES NEGATIVE NUMBERS.
R  INDICATES RECORD WAS SET OR TIED.
MM INDICATES DATA IS MISSING.
T  INDICATES TRACE AMOUNT.




$$
