000
CDUS41 KBTV 260531
CLIMVL


CLIMATE REPORT
NATIONAL WEATHER SERVICE BURLINGTON VT
129 AM EDT FRI AUG 26 2016


...................................

...THE MORRISVILLE VT CLIMATE SUMMARY FOR AUGUST 25 2016...

CLIMATE NORMAL PERIOD 1981 TO 2010
CLIMATE RECORD PERIOD 9999 TO 9999


WEATHER ITEM   OBSERVED TIME   NORMAL DEPARTURE LAST
                VALUE   (LST)  VALUE  FROM      YEAR
                                      NORMAL
......................................................
TEMPERATURE (F)
 YESTERDAY
  MAXIMUM         81   1159 AM  76      5       82
  MINIMUM         59    251 AM  52      7       63
  AVERAGE         70            64      6       73

PRECIPITATION (IN)
  YESTERDAY        0.00          0.11  -0.11     0.13
  MONTH TO DATE    2.58          3.38  -0.80     1.13
  SINCE JUN 1      8.16         11.49  -3.33    10.66
  SINCE JAN 1     15.21         23.11  -7.90    15.91

DEGREE DAYS
 HEATING
  YESTERDAY        0             3     -3        0
  MONTH TO DATE   21            47    -26        5
  SINCE JUN 1    185           200    -15      133
  SINCE JUL 1     54            77    -23       28

 COOLING
  YESTERDAY        5             2      3        8
  MONTH TO DATE   99            66     33      150
  SINCE JUN 1    239           226     13      347
  SINCE JAN 1    268           234     34      400
......................................................


WIND (MPH)
  HIGHEST WIND SPEED    18   HIGHEST WIND DIRECTION     S (200)
  HIGHEST GUST SPEED    25   HIGHEST GUST DIRECTION     S (200)
  AVERAGE WIND SPEED     5.9


SKY COVER
  AVERAGE SKY COVER 0.3


WEATHER CONDITIONS
 THE FOLLOWING WEATHER WAS RECORDED YESTERDAY.
  FOG


RELATIVE HUMIDITY (PERCENT)
 HIGHEST    93           100 AM
 LOWEST     58          1200 PM
 AVERAGE    76

..........................................................


THE MORRISVILLE VT CLIMATE NORMALS FOR TODAY
                         NORMAL    RECORD    YEAR
 MAXIMUM TEMPERATURE (F)   76        88      2012
 MINIMUM TEMPERATURE (F)   52        35      1987


SUNRISE AND SUNSET
AUGUST 26 2016........SUNRISE   607 AM EDT   SUNSET   737 PM EDT
AUGUST 27 2016........SUNRISE   608 AM EDT   SUNSET   735 PM EDT


-  INDICATES NEGATIVE NUMBERS.
R  INDICATES RECORD WAS SET OR TIED.
MM INDICATES DATA IS MISSING.
T  INDICATES TRACE AMOUNT.




$$
