000
CDUS45 KBOI 271423
CLIMYL


CLIMATE REPORT
NATIONAL WEATHER SERVICE BOISE ID
823 AM MDT THU APR 27 2017


...................................

...THE MCCALL ID CLIMATE SUMMARY FOR APRIL 26 2017...

CLIMATE NORMAL PERIOD 1981 TO 2010
CLIMATE RECORD PERIOD 1930 TO 2017


WEATHER ITEM   OBSERVED TIME   RECORD YEAR NORMAL DEPARTURE LAST
                VALUE   (LST)  VALUE       VALUE  FROM      YEAR
                                                  NORMAL
..................................................................
TEMPERATURE (F)
 YESTERDAY
  MAXIMUM         42    510 PM  78    1977  52    -10       58
  MINIMUM         32   1159 PM  11    1948  28      4       38
  AVERAGE         37                        40     -3       48

PRECIPITATION (IN)
  YESTERDAY        0.21          1.25 2012   0.06   0.15     0.00
  MONTH TO DATE    3.57                      1.67   1.90     1.13
  SINCE OCT 1     26.24                     13.52  12.72    21.18
  SINCE JAN 1     17.75                      7.34  10.41    10.61

DEGREE DAYS
 HEATING
  YESTERDAY       28                        25      3       17
  MONTH TO DATE  705                       749    -44      513
  SINCE MAR 1   1661                      1863   -202     1506
  SINCE JUL 1   7864                      8538   -674     7375

 COOLING
  YESTERDAY        0                         0      0        0
  MONTH TO DATE    0                         0      0        0
  SINCE MAR 1      0                         0      0        0
  SINCE JAN 1      0                         0      0        0
..................................................................


WIND (MPH)
  HIGHEST WIND SPEED    14   HIGHEST WIND DIRECTION    SW (220)
  HIGHEST GUST SPEED    18   HIGHEST GUST DIRECTION    NW (300)
  AVERAGE WIND SPEED     4.8


SKY COVER
  AVERAGE SKY COVER 1.0


WEATHER CONDITIONS
 THE FOLLOWING WEATHER WAS RECORDED YESTERDAY.
  LIGHT RAIN
  FOG


RELATIVE HUMIDITY (PERCENT)
 HIGHEST    92           700 PM
 LOWEST     60          1200 AM
 AVERAGE    76

..........................................................


THE MCCALL ID CLIMATE NORMALS FOR TODAY
                         NORMAL    RECORD    YEAR
 MAXIMUM TEMPERATURE (F)   53        82      1987
 MINIMUM TEMPERATURE (F)   28        13      1955


SUNRISE AND SUNSET
APRIL 27 2017.........SUNRISE   640 AM MDT   SUNSET   845 PM MDT
APRIL 28 2017.........SUNRISE   638 AM MDT   SUNSET   846 PM MDT


-  INDICATES NEGATIVE NUMBERS.
R  INDICATES RECORD WAS SET OR TIED.
MM INDICATES DATA IS MISSING.
T  INDICATES TRACE AMOUNT.




$$
