000
CDUS45 KBOI 170935
CLIMYL


CLIMATE REPORT
NATIONAL WEATHER SERVICE BOISE ID
335 AM MDT TUE OCT 17 2017


...................................

...THE MCCALL ID CLIMATE SUMMARY FOR OCTOBER 16 2017...

CLIMATE NORMAL PERIOD 1981 TO 2010
CLIMATE RECORD PERIOD 1930 TO 2017


WEATHER ITEM   OBSERVED TIME   RECORD YEAR NORMAL DEPARTURE LAST
                VALUE   (LST)  VALUE       VALUE  FROM      YEAR
                                                  NORMAL
..................................................................
TEMPERATURE (F)
 YESTERDAY
  MAXIMUM         58    421 PM  80    1991  55      3       50
  MINIMUM         23    728 AM   9    1984  25     -2       38
  AVERAGE         41                        40      1       44

PRECIPITATION (IN)
  YESTERDAY        0.00          1.71 1947   0.04  -0.04     0.32
  MONTH TO DATE    0.53                      0.56  -0.03     1.69
  SINCE OCT 1      0.53                      0.56  -0.03     1.69
  SINCE JAN 1     23.32                     14.48   8.84    17.40

DEGREE DAYS
 HEATING
  YESTERDAY       24                        25     -1       21
  MONTH TO DATE  423                       365     58      338
  SINCE SEP 1    743                       802    -59      689
  SINCE JUL 1    773                      1130   -357      882

 COOLING
  YESTERDAY        0                         0      0        0
  MONTH TO DATE    0                         0      0        0
  SINCE SEP 1     31                         0     31        0
  SINCE JAN 1    229                        25    204      108
..................................................................


WIND (MPH)
  HIGHEST WIND SPEED    10   HIGHEST WIND DIRECTION     S (180)
  HIGHEST GUST SPEED    13   HIGHEST GUST DIRECTION     S (180)
  AVERAGE WIND SPEED     1.8


SKY COVER
  AVERAGE SKY COVER 0.0


WEATHER CONDITIONS
 THE FOLLOWING WEATHER WAS RECORDED YESTERDAY.
  NO SIGNIFICANT WEATHER WAS OBSERVED.


RELATIVE HUMIDITY (PERCENT)
 HIGHEST    88           600 AM
 LOWEST     30           300 PM
 AVERAGE    59

..........................................................


THE MCCALL ID CLIMATE NORMALS FOR TODAY
                         NORMAL    RECORD    YEAR
 MAXIMUM TEMPERATURE (F)   55        79      1927
 MINIMUM TEMPERATURE (F)   24         9      1996
                                             1909


SUNRISE AND SUNSET
OCTOBER 17 2017.......SUNRISE   803 AM MDT   SUNSET   656 PM MDT
OCTOBER 18 2017.......SUNRISE   804 AM MDT   SUNSET   654 PM MDT


-  INDICATES NEGATIVE NUMBERS.
R  INDICATES RECORD WAS SET OR TIED.
MM INDICATES DATA IS MISSING.
T  INDICATES TRACE AMOUNT.




$$
