000
CDUS45 KBOI 210931
CLIMYL


CLIMATE REPORT
NATIONAL WEATHER SERVICE BOISE ID
331 AM MDT MON AUG 21 2017


...................................

...THE MCCALL ID CLIMATE SUMMARY FOR AUGUST 20 2017...

CLIMATE NORMAL PERIOD 1981 TO 2010
CLIMATE RECORD PERIOD 1930 TO 2017


WEATHER ITEM   OBSERVED TIME   RECORD YEAR NORMAL DEPARTURE LAST
                VALUE   (LST)  VALUE       VALUE  FROM      YEAR
                                                  NORMAL
..................................................................
TEMPERATURE (F)
 YESTERDAY
  MAXIMUM         80    307 PM  94    1967  77      3       85
                                      1940
  MINIMUM         41    602 AM  27    1907  41      0       47
  AVERAGE         61                        59      2       66

PRECIPITATION (IN)
  YESTERDAY        0.00          1.02 1923   0.03  -0.03     0.00
  MONTH TO DATE    0.07                      0.42  -0.35      T
  SINCE OCT 1     29.84                     18.96  10.88    25.23
  SINCE JAN 1     21.35                     12.78   8.57    14.66

DEGREE DAYS
 HEATING
  YESTERDAY        4                         6     -2        0
  MONTH TO DATE   26                        94    -68       43
  SINCE JUN 1    265                       611   -346      383
  SINCE JUL 1     29                       244   -215      157

 COOLING
  YESTERDAY        0                         0      0        1
  MONTH TO DATE   42                         7     35       33
  SINCE JUN 1    172                        23    149      105
  SINCE JAN 1    172                        23    149      105
..................................................................


WIND (MPH)
  HIGHEST WIND SPEED    15   HIGHEST WIND DIRECTION     N (340)
  HIGHEST GUST SPEED    18   HIGHEST GUST DIRECTION    NW (330)
  AVERAGE WIND SPEED     4.7


SKY COVER
  AVERAGE SKY COVER 0.0


WEATHER CONDITIONS
 THE FOLLOWING WEATHER WAS RECORDED YESTERDAY.
  NO SIGNIFICANT WEATHER WAS OBSERVED.


RELATIVE HUMIDITY (PERCENT)
 HIGHEST    76           500 AM
 LOWEST     12           500 PM
 AVERAGE    44

..........................................................


THE MCCALL ID CLIMATE NORMALS FOR TODAY
                         NORMAL    RECORD    YEAR
 MAXIMUM TEMPERATURE (F)   77        94      1967
 MINIMUM TEMPERATURE (F)   41        30      1974
                                             1966
                                             1924


SUNRISE AND SUNSET
AUGUST 21 2017........SUNRISE   654 AM MDT   SUNSET   840 PM MDT
AUGUST 22 2017........SUNRISE   655 AM MDT   SUNSET   838 PM MDT


-  INDICATES NEGATIVE NUMBERS.
R  INDICATES RECORD WAS SET OR TIED.
MM INDICATES DATA IS MISSING.
T  INDICATES TRACE AMOUNT.




$$
