000
CDUS45 KBOI 230932
CLIMYL


CLIMATE REPORT
NATIONAL WEATHER SERVICE BOISE ID
232 AM MST THU FEB 23 2017


...................................

...THE MCCALL ID CLIMATE SUMMARY FOR FEBRUARY 22 2017...

CLIMATE NORMAL PERIOD 1981 TO 2010
CLIMATE RECORD PERIOD 1930 TO 2017


WEATHER ITEM   OBSERVED TIME   RECORD YEAR NORMAL DEPARTURE LAST
                VALUE   (LST)  VALUE       VALUE  FROM      YEAR
                                                  NORMAL
..................................................................
TEMPERATURE (F)
 YESTERDAY
  MAXIMUM         35   1055 AM  55    1995  35      0       36
  MINIMUM         21    618 AM -16    1937  12      9       15
  AVERAGE         28                        23      5       26

PRECIPITATION (IN)
  YESTERDAY        0.03          0.59 1986   0.06  -0.03     0.00
  MONTH TO DATE    4.99                      1.37   3.62     1.78
  SINCE OCT 1     16.68                      9.28   7.40    15.23
  SINCE JAN 1      8.19                      3.10   5.09     4.66

DEGREE DAYS
 HEATING
  YESTERDAY       37                        42     -5       39
  MONTH TO DATE  759                       954   -195      834
  SINCE DEC 1   3902                      3790    112     3514
  SINCE JUL 1   5939                      6428   -489     5615

 COOLING
  YESTERDAY        0                         0      0        0
  MONTH TO DATE    0                         0      0        0
  SINCE DEC 1      0                         0      0        0
  SINCE JAN 1      0                         0      0        0
..................................................................


WIND (MPH)
  HIGHEST WIND SPEED    13   HIGHEST WIND DIRECTION     N (340)
  HIGHEST GUST SPEED    18   HIGHEST GUST DIRECTION    NW (330)
  AVERAGE WIND SPEED     4.8


SKY COVER
  AVERAGE SKY COVER 1.0


WEATHER CONDITIONS
 THE FOLLOWING WEATHER WAS RECORDED YESTERDAY.
  HEAVY SNOW
  LIGHT SNOW
  FOG


RELATIVE HUMIDITY (PERCENT)
 HIGHEST    96           700 AM
 LOWEST     64          1100 AM
 AVERAGE    80

..........................................................


THE MCCALL ID CLIMATE NORMALS FOR TODAY
                         NORMAL    RECORD    YEAR
 MAXIMUM TEMPERATURE (F)   35        56      1995
 MINIMUM TEMPERATURE (F)   12        -5      1975


SUNRISE AND SUNSET
FEBRUARY 23 2017......SUNRISE   732 AM MST   SUNSET   624 PM MST
FEBRUARY 24 2017......SUNRISE   730 AM MST   SUNSET   626 PM MST


-  INDICATES NEGATIVE NUMBERS.
R  INDICATES RECORD WAS SET OR TIED.
MM INDICATES DATA IS MISSING.
T  INDICATES TRACE AMOUNT.




$$
