000
CDUS45 KBOI 280934
CLIMYL


CLIMATE REPORT
NATIONAL WEATHER SERVICE BOISE ID
234 AM MST WED JAN 28 2015


...................................

...THE MCCALL ID CLIMATE SUMMARY FOR JANUARY 27 2015...

CLIMATE NORMAL PERIOD 1981 TO 2010
CLIMATE RECORD PERIOD 1930 TO 2015


WEATHER ITEM   OBSERVED TIME   RECORD YEAR NORMAL DEPARTURE LAST
                VALUE   (LST)  VALUE       VALUE  FROM      YEAR
                                                  NORMAL
..................................................................
TEMPERATURE (F)
 YESTERDAY
  MAXIMUM         39    341 PM  47    1987  30      9       37
  MINIMUM         17    831 AM -24    1957  11      6       11
  AVERAGE         28                        20      8       24

PRECIPITATION (IN)
  YESTERDAY        T             1.25 1933   0.05  -0.05     0.00
  MONTH TO DATE    1.78                      1.52   0.26     1.04
  SINCE OCT 1     10.54                      7.70   2.84     5.11
  SINCE JAN 1      1.78                      1.52   0.26     1.04

DEGREE DAYS
 HEATING
  YESTERDAY       37                        45     -8       41
  MONTH TO DATE 1095                      1224   -129     1166
  SINCE DEC 1   2263                      2660   -397     2622
  SINCE JUL 1   4327                      5298   -971     4712

 COOLING
  YESTERDAY        0                         0      0        0
  MONTH TO DATE    0                         0      0        0
  SINCE DEC 1      0                         0      0        0
  SINCE JAN 1      0                         0      0        0
..................................................................


WIND (MPH)
  HIGHEST WIND SPEED     7   HIGHEST WIND DIRECTION     S (170)
  HIGHEST GUST SPEED     8   HIGHEST GUST DIRECTION     S (180)
  AVERAGE WIND SPEED     0.8


SKY COVER
  AVERAGE SKY COVER 0.3


WEATHER CONDITIONS
 THE FOLLOWING WEATHER WAS RECORDED YESTERDAY.
  LIGHT RAIN
  FOG


RELATIVE HUMIDITY (PERCENT)
 HIGHEST   100          1100 AM
 LOWEST     70           500 PM
 AVERAGE    85

..........................................................


THE MCCALL ID CLIMATE NORMALS FOR TODAY
                         NORMAL    RECORD    YEAR
 MAXIMUM TEMPERATURE (F)   30        48      1987
 MINIMUM TEMPERATURE (F)   11       -20      1980


SUNRISE AND SUNSET
JANUARY 28 2015.......SUNRISE   808 AM MST   SUNSET   547 PM MST
JANUARY 29 2015.......SUNRISE   807 AM MST   SUNSET   548 PM MST


-  INDICATES NEGATIVE NUMBERS.
R  INDICATES RECORD WAS SET OR TIED.
MM INDICATES DATA IS MISSING.
T  INDICATES TRACE AMOUNT.




$$
