000
CDUS45 KBOI 230931
CLIMYL


CLIMATE REPORT
NATIONAL WEATHER SERVICE BOISE ID
331 AM MDT FRI JUN 23 2017


...................................

...THE MCCALL ID CLIMATE SUMMARY FOR JUNE 22 2017...

CLIMATE NORMAL PERIOD 1981 TO 2010
CLIMATE RECORD PERIOD 1930 TO 2017


WEATHER ITEM   OBSERVED TIME   RECORD YEAR NORMAL DEPARTURE LAST
                VALUE   (LST)  VALUE       VALUE  FROM      YEAR
                                                  NORMAL
..................................................................
TEMPERATURE (F)
 YESTERDAY
  MAXIMUM         71    334 PM  88    1988  70      1       79
                                      1973
                                      1961
  MINIMUM         44    555 AM  28    1908  39      5       39
  AVERAGE         58                        54      4       59

PRECIPITATION (IN)
  YESTERDAY        0.00          0.81 1923   0.05  -0.05     0.00
  MONTH TO DATE    1.52                      1.53  -0.01     0.83
  SINCE OCT 1     29.73                     17.49  12.24    23.83
  SINCE JAN 1     21.24                     11.31   9.93    13.26

DEGREE DAYS
 HEATING
  YESTERDAY        7                        11     -4        6
  MONTH TO DATE  205                       293    -88      191
  SINCE JUN 1    205                       293    -88      191
  SINCE JUL 1   8671                      9522   -851     8138

 COOLING
  YESTERDAY        0                         0      0        0
  MONTH TO DATE    4                         0      4       14
  SINCE JUN 1      4                         0      4       14
  SINCE JAN 1      4                         0      4       14
..................................................................


WIND (MPH)
  HIGHEST WIND SPEED    17   HIGHEST WIND DIRECTION     N (340)
  HIGHEST GUST SPEED    23   HIGHEST GUST DIRECTION     N (340)
  AVERAGE WIND SPEED     9.1


SKY COVER
  AVERAGE SKY COVER 0.0


WEATHER CONDITIONS
 THE FOLLOWING WEATHER WAS RECORDED YESTERDAY.
  NO SIGNIFICANT WEATHER WAS OBSERVED.


RELATIVE HUMIDITY (PERCENT)
 HIGHEST    70           600 AM
 LOWEST     14           300 PM
 AVERAGE    42

..........................................................


THE MCCALL ID CLIMATE NORMALS FOR TODAY
                         NORMAL    RECORD    YEAR
 MAXIMUM TEMPERATURE (F)   71        90      1936
 MINIMUM TEMPERATURE (F)   39        28      2009
                                             1928


SUNRISE AND SUNSET
JUNE 23 2017..........SUNRISE   559 AM MDT   SUNSET   935 PM MDT
JUNE 24 2017..........SUNRISE   559 AM MDT   SUNSET   935 PM MDT


-  INDICATES NEGATIVE NUMBERS.
R  INDICATES RECORD WAS SET OR TIED.
MM INDICATES DATA IS MISSING.
T  INDICATES TRACE AMOUNT.




$$
