000
CDUS45 KBOI 010931
CLIMYL


CLIMATE REPORT
NATIONAL WEATHER SERVICE BOISE ID
330 AM MDT SUN MAY 1 2016


...................................

...THE MCCALL ID CLIMATE SUMMARY FOR APRIL 30 2016...

CLIMATE NORMAL PERIOD 1981 TO 2010
CLIMATE RECORD PERIOD 1930 TO 2016


WEATHER ITEM   OBSERVED TIME   RECORD YEAR NORMAL DEPARTURE LAST
                VALUE   (LST)  VALUE       VALUE  FROM      YEAR
                                                  NORMAL
..................................................................
TEMPERATURE (F)
 YESTERDAY
  MAXIMUM         53    202 PM  75    1981  54     -1       61
  MINIMUM         34    418 AM  16    1950  29      5       33
  AVERAGE         44                        41      3       47

PRECIPITATION (IN)
  YESTERDAY        0.00          0.69 1946   0.06  -0.06     0.00
  MONTH TO DATE    1.66                      1.92  -0.26     1.05
  SINCE OCT 1     21.71                     13.77   7.94    15.79
  SINCE JAN 1     11.14                      7.59   3.55     7.03

DEGREE DAYS
 HEATING
  YESTERDAY       21                        24     -3       18
  MONTH TO DATE  601                       846   -245      736
  SINCE MAR 1   1594                      1960   -366     1554
  SINCE JUL 1   7463                      8635  -1172     6876

 COOLING
  YESTERDAY        0                         0      0        0
  MONTH TO DATE    0                         0      0        0
  SINCE MAR 1      0                         0      0        0
  SINCE JAN 1      0                         0      0        0
..................................................................


WIND (MPH)
  HIGHEST WIND SPEED    21   HIGHEST WIND DIRECTION     N (350)
  HIGHEST GUST SPEED    34   HIGHEST GUST DIRECTION     N (10)
  AVERAGE WIND SPEED     9.9


SKY COVER
  AVERAGE SKY COVER 0.5


WEATHER CONDITIONS
 THE FOLLOWING WEATHER WAS RECORDED YESTERDAY.
  NO SIGNIFICANT WEATHER WAS OBSERVED.


RELATIVE HUMIDITY (PERCENT)
 HIGHEST    92           600 AM
 LOWEST     44           200 PM
 AVERAGE    68

..........................................................


THE MCCALL ID CLIMATE NORMALS FOR TODAY
                         NORMAL    RECORD    YEAR
 MAXIMUM TEMPERATURE (F)   54        76      1985
 MINIMUM TEMPERATURE (F)   29        15      1972


SUNRISE AND SUNSET
MAY  1 2016...........SUNRISE   633 AM MDT   SUNSET   850 PM MDT
MAY  2 2016...........SUNRISE   632 AM MDT   SUNSET   852 PM MDT


-  INDICATES NEGATIVE NUMBERS.
R  INDICATES RECORD WAS SET OR TIED.
MM INDICATES DATA IS MISSING.
T  INDICATES TRACE AMOUNT.




$$
