000
CDUS45 KBOI 210932
CLIMYL


CLIMATE REPORT
NATIONAL WEATHER SERVICE BOISE ID
332 AM MDT MON APR 21 2014


...................................

...THE MCCALL ID CLIMATE SUMMARY FOR APRIL 20 2014...

CLIMATE NORMAL PERIOD 1981 TO 2010
CLIMATE RECORD PERIOD 1930 TO 2014


WEATHER ITEM   OBSERVED TIME   RECORD YEAR NORMAL DEPARTURE LAST
                VALUE   (LST)  VALUE       VALUE  FROM      YEAR
                                                  NORMAL
..................................................................
TEMPERATURE (F)
 YESTERDAY
  MAXIMUM         55    347 PM  76    1994  50      5       48
  MINIMUM         30    625 AM   8    2008  26      4       30
  AVERAGE         43                        38      5       39

PRECIPITATION (IN)
  YESTERDAY        0.00          0.75 1997   0.06  -0.06     0.02
  MONTH TO DATE    0.50                      1.30  -0.80     1.90
  SINCE OCT 1     15.52                     13.15   2.37    21.09
  SINCE JAN 1     11.45                      6.97   4.48     7.60

DEGREE DAYS
 HEATING
  YESTERDAY       22                        27     -5       26
  MONTH TO DATE  516                       594    -78      560
  SINCE MAR 1   1528                      1708   -180     1623
  SINCE JUL 1   7522                      8383   -861     7652

 COOLING
  YESTERDAY        0                         0      0        0
  MONTH TO DATE    0                         0      0        0
  SINCE MAR 1      0                         0      0        0
  SINCE JAN 1      0                         0      0        0
..................................................................


WIND (MPH)
  HIGHEST WIND SPEED    15   HIGHEST WIND DIRECTION     W (250)
  HIGHEST GUST SPEED    21   HIGHEST GUST DIRECTION     N (10)
  AVERAGE WIND SPEED     5.7


SKY COVER
  AVERAGE SKY COVER 0.0


WEATHER CONDITIONS
 THE FOLLOWING WEATHER WAS RECORDED YESTERDAY.
  NO SIGNIFICANT WEATHER WAS OBSERVED.


RELATIVE HUMIDITY (PERCENT)
 HIGHEST    69           400 AM
 LOWEST     18          1200 PM
 AVERAGE    44

..........................................................


THE MCCALL ID CLIMATE NORMALS FOR TODAY
                         NORMAL    RECORD    YEAR
 MAXIMUM TEMPERATURE (F)   50        78      1994
 MINIMUM TEMPERATURE (F)   26        14      2008


SUNRISE AND SUNSET
APRIL 21 2014.........SUNRISE   650 AM MDT   SUNSET   837 PM MDT
APRIL 22 2014.........SUNRISE   648 AM MDT   SUNSET   839 PM MDT


-  INDICATES NEGATIVE NUMBERS.
R  INDICATES RECORD WAS SET OR TIED.
MM INDICATES DATA IS MISSING.
T  INDICATES TRACE AMOUNT.




$$
