000
CDUS45 KBOI 300931
CLIMYL


CLIMATE REPORT
NATIONAL WEATHER SERVICE BOISE ID
331 AM MDT MON MAY 30 2016


...................................

...THE MCCALL ID CLIMATE SUMMARY FOR MAY 29 2016...

CLIMATE NORMAL PERIOD 1981 TO 2010
CLIMATE RECORD PERIOD 1930 TO 2016


WEATHER ITEM   OBSERVED TIME   RECORD YEAR NORMAL DEPARTURE LAST
                VALUE   (LST)  VALUE       VALUE  FROM      YEAR
                                                  NORMAL
..................................................................
TEMPERATURE (F)
 YESTERDAY
  MAXIMUM         67    532 PM  87    2003  62      5       73
  MINIMUM         33    537 AM  23    1973  35     -2       41
  AVERAGE         50                        49      1       57

PRECIPITATION (IN)
  YESTERDAY        0.00          1.03 1988   0.08  -0.08      T
  MONTH TO DATE    1.29                      2.06  -0.77     2.16
  SINCE OCT 1     23.00                     15.83   7.17    17.95
  SINCE JAN 1     12.43                      9.65   2.78     9.19

DEGREE DAYS
 HEATING
  YESTERDAY       15                        16     -1        8
  MONTH TO DATE  457                       562   -105      423
  SINCE MAR 1   2051                      2522   -471     1977
  SINCE JUL 1   7920                      9197  -1277     7299

 COOLING
  YESTERDAY        0                         0      0        0
  MONTH TO DATE    0                         0      0        0
  SINCE MAR 1      0                         0      0        0
  SINCE JAN 1      0                         0      0        0
..................................................................


WIND (MPH)
  HIGHEST WIND SPEED    21   HIGHEST WIND DIRECTION     S (190)
  HIGHEST GUST SPEED    27   HIGHEST GUST DIRECTION     S (180)
  AVERAGE WIND SPEED     6.1


SKY COVER
  AVERAGE SKY COVER 0.2


WEATHER CONDITIONS
 THE FOLLOWING WEATHER WAS RECORDED YESTERDAY.
  NO SIGNIFICANT WEATHER WAS OBSERVED.


RELATIVE HUMIDITY (PERCENT)
 HIGHEST    89           500 AM
 LOWEST     22           500 PM
 AVERAGE    56

..........................................................


THE MCCALL ID CLIMATE NORMALS FOR TODAY
                         NORMAL    RECORD    YEAR
 MAXIMUM TEMPERATURE (F)   63        87      1986
 MINIMUM TEMPERATURE (F)   35        25      1977


SUNRISE AND SUNSET
MAY 30 2016...........SUNRISE   602 AM MDT   SUNSET   922 PM MDT
MAY 31 2016...........SUNRISE   602 AM MDT   SUNSET   923 PM MDT


-  INDICATES NEGATIVE NUMBERS.
R  INDICATES RECORD WAS SET OR TIED.
MM INDICATES DATA IS MISSING.
T  INDICATES TRACE AMOUNT.




$$
