000
CDUS45 KBOI 280936
CLIMYL


CLIMATE REPORT
NATIONAL WEATHER SERVICE BOISE ID
335 AM MDT THU JUL 28 2016


...................................

...THE MCCALL ID CLIMATE SUMMARY FOR JULY 27 2016...

CLIMATE NORMAL PERIOD 1981 TO 2010
CLIMATE RECORD PERIOD 1930 TO 2016


WEATHER ITEM   OBSERVED TIME   RECORD YEAR NORMAL DEPARTURE LAST
                VALUE   (LST)  VALUE       VALUE  FROM      YEAR
                                                  NORMAL
..................................................................
TEMPERATURE (F)
 YESTERDAY
  MAXIMUM         88    508 PM  96    1934  81      7       63
  MINIMUM         50    530 AM  34    1986  44      6       45
  AVERAGE         69                        62      7       54

PRECIPITATION (IN)
  YESTERDAY        0.00          0.19 1948   0.02  -0.02      T
  MONTH TO DATE    1.40                      0.65   0.75     2.25
  SINCE OCT 1     25.23                     18.47   6.76    20.59
  SINCE JAN 1     14.66                     12.29   2.37    11.83

DEGREE DAYS
 HEATING
  YESTERDAY        0                         3     -3       11
  MONTH TO DATE  114                       138    -24       54
  SINCE JUN 1    340                       505   -165      163
  SINCE JUL 1    114                       138    -24       54

 COOLING
  YESTERDAY        4                         1      3        0
  MONTH TO DATE   20                        12      8       43
  SINCE JUN 1     55                        13     42      109
  SINCE JAN 1     55                        13     42      109
..................................................................


WIND (MPH)
  HIGHEST WIND SPEED    15   HIGHEST WIND DIRECTION     W (250)
  HIGHEST GUST SPEED    21   HIGHEST GUST DIRECTION     S (200)
  AVERAGE WIND SPEED     4.1


SKY COVER
  AVERAGE SKY COVER 0.1


WEATHER CONDITIONS
 THE FOLLOWING WEATHER WAS RECORDED YESTERDAY.
  NO SIGNIFICANT WEATHER WAS OBSERVED.


RELATIVE HUMIDITY (PERCENT)
 HIGHEST    83           600 AM
 LOWEST     12           600 PM
 AVERAGE    48

..........................................................


THE MCCALL ID CLIMATE NORMALS FOR TODAY
                         NORMAL    RECORD    YEAR
 MAXIMUM TEMPERATURE (F)   81        97      1934
 MINIMUM TEMPERATURE (F)   44        32      1986


SUNRISE AND SUNSET
JULY 28 2016..........SUNRISE   626 AM MDT   SUNSET   915 PM MDT
JULY 29 2016..........SUNRISE   627 AM MDT   SUNSET   914 PM MDT


-  INDICATES NEGATIVE NUMBERS.
R  INDICATES RECORD WAS SET OR TIED.
MM INDICATES DATA IS MISSING.
T  INDICATES TRACE AMOUNT.




$$
