000
CDUS45 KBOI 060931
CLIMYL


CLIMATE REPORT
NATIONAL WEATHER SERVICE BOISE ID
230 AM MST SAT FEB 6 2016


...................................

...THE MCCALL ID CLIMATE SUMMARY FOR FEBRUARY 5 2016...

CLIMATE NORMAL PERIOD 1981 TO 2010
CLIMATE RECORD PERIOD 1930 TO 2016


WEATHER ITEM   OBSERVED TIME   RECORD YEAR NORMAL DEPARTURE LAST
                VALUE   (LST)  VALUE       VALUE  FROM      YEAR
                                                  NORMAL
..................................................................
TEMPERATURE (F)
 YESTERDAY
  MAXIMUM         33    325 PM  52    1963  31      2       42
  MINIMUM         18    217 AM -23    1982  11      7       29
  AVERAGE         26                        21      5       36

PRECIPITATION (IN)
  YESTERDAY        0.00          0.82 1966   0.08  -0.08      T
  MONTH TO DATE    0.27                      0.38  -0.11     0.84
  SINCE OCT 1     13.72                      8.29   5.43    11.38
  SINCE JAN 1      3.15                      2.11   1.04     2.62

DEGREE DAYS
 HEATING
  YESTERDAY       39                        44     -5       29
  MONTH TO DATE  237                       220     17      171
  SINCE DEC 1   2917                      3056   -139     2585
  SINCE JUL 1   5018                      5694   -676     4600

 COOLING
  YESTERDAY        0                         0      0        0
  MONTH TO DATE    0                         0      0        0
  SINCE DEC 1      0                         0      0        0
  SINCE JAN 1      0                         0      0        0
..................................................................


WIND (MPH)
  HIGHEST WIND SPEED     8   HIGHEST WIND DIRECTION    NW (330)
  HIGHEST GUST SPEED    10   HIGHEST GUST DIRECTION     S (180)
  AVERAGE WIND SPEED     2.1


SKY COVER
  AVERAGE SKY COVER 0.7


WEATHER CONDITIONS
 THE FOLLOWING WEATHER WAS RECORDED YESTERDAY.
  FOG
  FOG W/VISIBILITY <= 1/4 MILE


RELATIVE HUMIDITY (PERCENT)
 HIGHEST   100           200 AM
 LOWEST     75           300 PM
 AVERAGE    88

..........................................................


THE MCCALL ID CLIMATE NORMALS FOR TODAY
                         NORMAL    RECORD    YEAR
 MAXIMUM TEMPERATURE (F)   31        53      1963
 MINIMUM TEMPERATURE (F)   10       -20      1982


SUNRISE AND SUNSET
FEBRUARY  6 2016......SUNRISE   758 AM MST   SUNSET   559 PM MST
FEBRUARY  7 2016......SUNRISE   757 AM MST   SUNSET   601 PM MST


-  INDICATES NEGATIVE NUMBERS.
R  INDICATES RECORD WAS SET OR TIED.
MM INDICATES DATA IS MISSING.
T  INDICATES TRACE AMOUNT.




$$
