000
CDUS45 KBOI 220931
CLIMYL


CLIMATE REPORT
NATIONAL WEATHER SERVICE BOISE ID
331 AM MDT TUE APR 22 2014


...................................

...THE MCCALL ID CLIMATE SUMMARY FOR APRIL 21 2014...

CLIMATE NORMAL PERIOD 1981 TO 2010
CLIMATE RECORD PERIOD 1930 TO 2014


WEATHER ITEM   OBSERVED TIME   RECORD YEAR NORMAL DEPARTURE LAST
                VALUE   (LST)  VALUE       VALUE  FROM      YEAR
                                                  NORMAL
..................................................................
TEMPERATURE (F)
 YESTERDAY
  MAXIMUM         63    345 PM  78    1994  50     13       50
  MINIMUM         27    618 AM  14    2008  26      1       29
  AVERAGE         45                        38      7       40

PRECIPITATION (IN)
  YESTERDAY        0.00          0.85 1990   0.06  -0.06     0.02
  MONTH TO DATE    0.50                      1.36  -0.86     1.92
  SINCE OCT 1     15.52                     13.21   2.31    21.11
  SINCE JAN 1     11.45                      7.03   4.42     7.62

DEGREE DAYS
 HEATING
  YESTERDAY       20                        27     -7       25
  MONTH TO DATE  536                       621    -85      585
  SINCE MAR 1   1548                      1735   -187     1648
  SINCE JUL 1   7542                      8410   -868     7677

 COOLING
  YESTERDAY        0                         0      0        0
  MONTH TO DATE    0                         0      0        0
  SINCE MAR 1      0                         0      0        0
  SINCE JAN 1      0                         0      0        0
..................................................................


WIND (MPH)
  HIGHEST WIND SPEED    21   HIGHEST WIND DIRECTION    SE (150)
  HIGHEST GUST SPEED    24   HIGHEST GUST DIRECTION     S (170)
  AVERAGE WIND SPEED     4.1


SKY COVER
  AVERAGE SKY COVER 0.2


WEATHER CONDITIONS
 THE FOLLOWING WEATHER WAS RECORDED YESTERDAY.
  NO SIGNIFICANT WEATHER WAS OBSERVED.


RELATIVE HUMIDITY (PERCENT)
 HIGHEST    78           700 AM
 LOWEST     16           400 PM
 AVERAGE    47

..........................................................


THE MCCALL ID CLIMATE NORMALS FOR TODAY
                         NORMAL    RECORD    YEAR
 MAXIMUM TEMPERATURE (F)   51        77      2012
 MINIMUM TEMPERATURE (F)   27        12      2011


SUNRISE AND SUNSET
APRIL 22 2014.........SUNRISE   648 AM MDT   SUNSET   839 PM MDT
APRIL 23 2014.........SUNRISE   646 AM MDT   SUNSET   840 PM MDT


-  INDICATES NEGATIVE NUMBERS.
R  INDICATES RECORD WAS SET OR TIED.
MM INDICATES DATA IS MISSING.
T  INDICATES TRACE AMOUNT.




$$
