000
CDUS44 KLIX 232127
CLINEW


CLIMATE REPORT
NATIONAL WEATHER SERVICE NEW ORLEANS
427 PM CDT WED JUL 23 2014


...................................

...THE NEW ORLEANS CLIMATE SUMMARY FOR JULY 23 2014...
VALID TODAY AS OF 0400 PM LOCAL TIME.

CLIMATE NORMAL PERIOD 1981 TO 2010
CLIMATE RECORD PERIOD 1946 TO 2014


WEATHER ITEM   OBSERVED TIME   RECORD YEAR NORMAL DEPARTURE LAST
                VALUE   (LST)  VALUE       VALUE  FROM      YEAR
                                                  NORMAL
..................................................................
TEMPERATURE (F)
 TODAY
  MAXIMUM         84    210 PM 101    1981  91     -7       92
  MINIMUM         74    952 AM  67    1947  75     -1       78
  AVERAGE         79                        83     -4       85

PRECIPITATION (IN)
  TODAY            0.07          2.73 1985   0.16  -0.09     0.00
  MONTH TO DATE    4.49                      4.51  -0.02     3.90
  SINCE JUN 1     12.52                     12.57  -0.05     8.29
  SINCE JAN 1     37.46                     36.81   0.65    43.02

SNOWFALL (IN)
  TODAY            0.0
  MONTH TO DATE    0.0
  SINCE JUN 1      0.0
  SINCE JUL 1      0.0
  SNOW DEPTH       0

DEGREE DAYS
 HEATING
  TODAY            0                         0      0        0
  MONTH TO DATE    0                         0      0        0
  SINCE JUN 1      0                         0      0        0
  SINCE JUL 1      0                         0      0        0

 COOLING
  TODAY           14                        18     -4       20
  MONTH TO DATE  398                       414    -16      392
  SINCE JUN 1    902                       909     -7      933
  SINCE JAN 1   1425                      1528   -103     1426
..................................................................


WIND (MPH)
  HIGHEST WIND SPEED    14   HIGHEST WIND DIRECTION    SE (130)
  HIGHEST GUST SPEED    19   HIGHEST GUST DIRECTION    SE (130)
  AVERAGE WIND SPEED     4.9


SKY COVER
  POSSIBLE SUNSHINE  MM
  AVERAGE SKY COVER 0.8


WEATHER CONDITIONS
 THE FOLLOWING WEATHER WAS RECORDED TODAY.
  THUNDERSTORM
  LIGHT RAIN
  FOG


RELATIVE HUMIDITY (PERCENT)
 HIGHEST    94           500 AM
 LOWEST     74          1200 AM
 AVERAGE    84

..........................................................


THE NEW ORLEANS CLIMATE NORMALS FOR TOMORROW
                         NORMAL    RECORD    YEAR
 MAXIMUM TEMPERATURE (F)   91        98      1981
 MINIMUM TEMPERATURE (F)   75        67      1947


SUNRISE AND SUNSET
JULY 23 2014..........SUNRISE   615 AM CDT   SUNSET   800 PM CDT
JULY 24 2014..........SUNRISE   615 AM CDT   SUNSET   759 PM CDT


-  INDICATES NEGATIVE NUMBERS.
R  INDICATES RECORD WAS SET OR TIED.
MM INDICATES DATA IS MISSING.
T  INDICATES TRACE AMOUNT.




$$
