000
CDUS44 KLIX 070806
CLINEW


CLIMATE REPORT
NATIONAL WEATHER SERVICE NEW ORLEANS
206 AM CST WED DEC 7 2016


...................................

...THE NEW ORLEANS CLIMATE SUMMARY FOR DECEMBER 6 2016...

CLIMATE NORMAL PERIOD 1981 TO 2010
CLIMATE RECORD PERIOD 1946 TO 2016


WEATHER ITEM   OBSERVED TIME   RECORD YEAR NORMAL DEPARTURE LAST
                VALUE   (LST)  VALUE       VALUE  FROM      YEAR
                                                  NORMAL
..................................................................
TEMPERATURE (F)
 YESTERDAY
  MAXIMUM         66   1245 AM  82    2013  66      0       71
  MINIMUM         55    802 AM  32    1990  49      6       53
                                      1962
                                      1950
  AVERAGE         61                        57      4       62

PRECIPITATION (IN)
  YESTERDAY        0.00          1.79 1989   0.16  -0.16     0.00
  MONTH TO DATE    3.29                      0.99   2.30     0.12
  SINCE DEC 1      3.29                      0.99   2.30     0.12
  SINCE JAN 1     66.17                     58.20   7.97    65.00

SNOWFALL (IN)
  YESTERDAY        0.0
  MONTH TO DATE    0.0
  SINCE DEC 1      0.0
  SINCE JUL 1      0.0
  SNOW DEPTH       0

DEGREE DAYS
 HEATING
  YESTERDAY        4                         9     -5        3
  MONTH TO DATE   32                        50    -18       39
  SINCE DEC 1     32                        50    -18       39
  SINCE JUL 1    103                       214   -111       97

 COOLING
  YESTERDAY        0                         1     -1        0
  MONTH TO DATE    0                         6     -6        7
  SINCE DEC 1      0                         6     -6        7
  SINCE JAN 1   3835                      2984    851     3499
..................................................................


WIND (MPH)
  HIGHEST WIND SPEED    24   HIGHEST WIND DIRECTION     W (260)
  HIGHEST GUST SPEED    34   HIGHEST GUST DIRECTION     W (250)
  AVERAGE WIND SPEED     9.9


SKY COVER
  POSSIBLE SUNSHINE  MM
  AVERAGE SKY COVER 0.9


WEATHER CONDITIONS
 THE FOLLOWING WEATHER WAS RECORDED YESTERDAY.
  FOG


RELATIVE HUMIDITY (PERCENT)
 HIGHEST   100          1200 AM
 LOWEST     78           200 PM
 AVERAGE    89

..........................................................


THE NEW ORLEANS CLIMATE NORMALS FOR TODAY
                         NORMAL    RECORD    YEAR
 MAXIMUM TEMPERATURE (F)   66        83      1951
 MINIMUM TEMPERATURE (F)   48        26      1950


SUNRISE AND SUNSET
DECEMBER  7 2016......SUNRISE   644 AM CST   SUNSET   501 PM CST
DECEMBER  8 2016......SUNRISE   645 AM CST   SUNSET   501 PM CST


-  INDICATES NEGATIVE NUMBERS.
R  INDICATES RECORD WAS SET OR TIED.
MM INDICATES DATA IS MISSING.
T  INDICATES TRACE AMOUNT.




$$
