533
CDUS44 KLIX 200913
CLINEW


CLIMATE REPORT
NATIONAL WEATHER SERVICE NEW ORLEANS
313 AM CST FRI JAN 20 2017


...................................

...THE NEW ORLEANS CLIMATE SUMMARY FOR JANUARY 19 2017...

CLIMATE NORMAL PERIOD 1981 TO 2010
CLIMATE RECORD PERIOD 1946 TO 2017


WEATHER ITEM   OBSERVED TIME   RECORD YEAR NORMAL DEPARTURE LAST
                VALUE   (LST)  VALUE       VALUE  FROM      YEAR
                                                  NORMAL
..................................................................
TEMPERATURE (F)
 YESTERDAY
  MAXIMUM         76   1248 PM  80    1982  62     14       59
                                      1952
  MINIMUM         62   1157 PM  19    1977  45     17       38
  AVERAGE         69                        53     16       49

PRECIPITATION (IN)
  YESTERDAY        0.23          2.79 1963   0.17   0.06     0.00
  MONTH TO DATE    3.73                      3.12   0.61     2.74
  SINCE DEC 1     11.59                      8.36   3.23     9.20
  SINCE JAN 1      3.73                      3.12   0.61     2.74

SNOWFALL (IN)
  YESTERDAY        0.0
  MONTH TO DATE    0.0
  SINCE DEC 1      0.0
  SINCE JUL 1      0.0
  SNOW DEPTH       0

DEGREE DAYS
 HEATING
  YESTERDAY        0                        12    -12       16
  MONTH TO DATE  119                       228   -109      231
  SINCE DEC 1    338                       545   -207      347
  SINCE JUL 1    409                       709   -300      405

 COOLING
  YESTERDAY        4                         0      4        0
  MONTH TO DATE   42                        12     30        0
  SINCE DEC 1     97                        39     58      111
  SINCE JAN 1     42                        12     30        0
..................................................................


WIND (MPH)
  HIGHEST WIND SPEED    22   HIGHEST WIND DIRECTION     S (190)
  HIGHEST GUST SPEED    29   HIGHEST GUST DIRECTION     S (190)
  AVERAGE WIND SPEED     9.6


SKY COVER
  POSSIBLE SUNSHINE  MM
  AVERAGE SKY COVER 0.9


WEATHER CONDITIONS
 THE FOLLOWING WEATHER WAS RECORDED YESTERDAY.
  RAIN
  LIGHT RAIN
  FOG


RELATIVE HUMIDITY (PERCENT)
 HIGHEST   100           400 AM
 LOWEST     74          1200 PM
 AVERAGE    87

..........................................................


THE NEW ORLEANS CLIMATE NORMALS FOR TODAY
                         NORMAL    RECORD    YEAR
 MAXIMUM TEMPERATURE (F)   62        82      1982
 MINIMUM TEMPERATURE (F)   45        15      1985


SUNRISE AND SUNSET
JANUARY 20 2017.......SUNRISE   656 AM CST   SUNSET   528 PM CST
JANUARY 21 2017.......SUNRISE   656 AM CST   SUNSET   529 PM CST


-  INDICATES NEGATIVE NUMBERS.
R  INDICATES RECORD WAS SET OR TIED.
MM INDICATES DATA IS MISSING.
T  INDICATES TRACE AMOUNT.




$$
