000
CDUS44 KLIX 250807
CLINEW


CLIMATE REPORT
NATIONAL WEATHER SERVICE NEW ORLEANS
207 AM CST SUN JAN 25 2015


...................................

...THE NEW ORLEANS CLIMATE SUMMARY FOR JANUARY 24 2015...

CLIMATE NORMAL PERIOD 1981 TO 2010
CLIMATE RECORD PERIOD 1946 TO 2015


WEATHER ITEM   OBSERVED TIME   RECORD YEAR NORMAL DEPARTURE LAST
                VALUE   (LST)  VALUE       VALUE  FROM      YEAR
                                                  NORMAL
..................................................................
TEMPERATURE (F)
 YESTERDAY
  MAXIMUM         58    355 PM  81    2002  62     -4       39
                                      1972
  MINIMUM         37    536 AM  14    1963  45     -8       32
  AVERAGE         48                        54     -6       36

PRECIPITATION (IN)
  YESTERDAY        0.00          4.60 1978   0.17  -0.17     0.09
  MONTH TO DATE    5.67                      3.96   1.71     2.09
  SINCE DEC 1      9.63                      9.20   0.43     5.29
  SINCE JAN 1      5.67                      3.96   1.71     2.09

SNOWFALL (IN)
  YESTERDAY        0.0
  MONTH TO DATE    0.0
  SINCE DEC 1      0.0
  SINCE JUL 1      0.0
  SNOW DEPTH       0

DEGREE DAYS
 HEATING
  YESTERDAY       17                        12      5       29
  MONTH TO DATE  344                       288     56      403
  SINCE DEC 1    557                       605    -48      742
  SINCE JUL 1    787                       769     18      942

 COOLING
  YESTERDAY        0                         0      0        0
  MONTH TO DATE    8                        12     -4        0
  SINCE DEC 1     39                        39      0       42
  SINCE JAN 1      8                        12     -4        0
..................................................................


WIND (MPH)
  HIGHEST WIND SPEED    21   HIGHEST WIND DIRECTION    NW (310)
  HIGHEST GUST SPEED    30   HIGHEST GUST DIRECTION    NW (310)
  AVERAGE WIND SPEED    10.4


SKY COVER
  POSSIBLE SUNSHINE  MM
  AVERAGE SKY COVER 0.3


WEATHER CONDITIONS
 THE FOLLOWING WEATHER WAS RECORDED YESTERDAY.
  FOG


RELATIVE HUMIDITY (PERCENT)
 HIGHEST    85           400 AM
 LOWEST     33           400 PM
 AVERAGE    59

..........................................................


THE NEW ORLEANS CLIMATE NORMALS FOR TODAY
                         NORMAL    RECORD    YEAR
 MAXIMUM TEMPERATURE (F)   62        81      1970
 MINIMUM TEMPERATURE (F)   45        18      1963


SUNRISE AND SUNSET
JANUARY 25 2015.......SUNRISE   655 AM CST   SUNSET   532 PM CST
JANUARY 26 2015.......SUNRISE   654 AM CST   SUNSET   533 PM CST


-  INDICATES NEGATIVE NUMBERS.
R  INDICATES RECORD WAS SET OR TIED.
MM INDICATES DATA IS MISSING.
T  INDICATES TRACE AMOUNT.




$$
