000
CDUS46 KMTR 040036
CLINUQ


CLIMATE REPORT
NATIONAL WEATHER SERVICE SAN FRANCISCO BAY AREA
535 PM PDT TUE MAY 3 2016


...................................

...THE MOFFETT FIELD CLIMATE SUMMARY FOR MAY 3 2016...
VALID TODAY AS OF 0500 PM LOCAL TIME.

CLIMATE NORMAL PERIOD 1981 TO 2010
CLIMATE RECORD PERIOD 1945 TO 2016


WEATHER ITEM   OBSERVED TIME   RECORD YEAR NORMAL DEPARTURE LAST
                VALUE   (LST)  VALUE       VALUE  FROM      YEAR
                                                  NORMAL
..................................................................
TEMPERATURE (F)
 TODAY
  MAXIMUM         72    315 PM  88    2013  71      1       MM
  MINIMUM         56    411 AM  40    1949  52      4       MM
  AVERAGE         64                        61      3       MM

PRECIPITATION (IN)
  TODAY            0.00          0.39 1951   0.03  -0.03     0.00
  MONTH TO DATE    0.00                      0.08  -0.08     0.00
  SINCE OCT 1     13.02                     13.98  -0.96    13.48
  SINCE JAN 1      8.62                      9.14  -0.52     3.49

DEGREE DAYS
 HEATING
  TODAY            1                                        MM
  MONTH TO DATE    3                                        MM
  SINCE MAR 1    337                                       305
  SINCE JUL 1   1722                                      1410

 COOLING
  TODAY            0                                        MM
  MONTH TO DATE    4                                        MM
  SINCE MAR 1     27                                        18
  SINCE JAN 1     29                                        18
..................................................................


WIND (MPH)
  RESULTANT WIND SPEED   5   RESULTANT WIND DIRECTION   N (0)
  HIGHEST WIND SPEED    14   HIGHEST WIND DIRECTION     N (350)
  HIGHEST GUST SPEED    17   HIGHEST GUST DIRECTION     N (360)
  AVERAGE WIND SPEED     6.0


SKY COVER
  POSSIBLE SUNSHINE  MM
  AVERAGE SKY COVER 0.6


WEATHER CONDITIONS
 THE FOLLOWING WEATHER WAS RECORDED TODAY.
  NO SIGNIFICANT WEATHER WAS OBSERVED.


RELATIVE HUMIDITY (PERCENT)
 HIGHEST    80          1200 AM
 LOWEST     53           300 PM
 AVERAGE    67

..........................................................


THE MOFFETT FIELD CLIMATE NORMALS FOR TOMORROW
                         NORMAL    RECORD    YEAR
 MAXIMUM TEMPERATURE (F)   71        88      1990
 MINIMUM TEMPERATURE (F)   52        38      1952


SUNRISE AND SUNSET
MAY  3 2016...........SUNRISE   610 AM PDT   SUNSET   800 PM PDT
MAY  4 2016...........SUNRISE   609 AM PDT   SUNSET   801 PM PDT


-  INDICATES NEGATIVE NUMBERS.
R  INDICATES RECORD WAS SET OR TIED.
MM INDICATES DATA IS MISSING.
T  INDICATES TRACE AMOUNT.




$$
