000
CDUS46 KMTR 220825
CLINUQ


CLIMATE REPORT
NATIONAL WEATHER SERVICE SAN FRANCISCO BAY AREA
125 AM PDT MON SEP 22 2014


...................................

...THE MOFFETT FIELD CLIMATE SUMMARY FOR SEPTEMBER 21 2014...

CLIMATE NORMAL PERIOD 1981 TO 2010
CLIMATE RECORD PERIOD 1945 TO 2014


WEATHER ITEM   OBSERVED TIME   RECORD YEAR NORMAL DEPARTURE LAST
                VALUE   (LST)  VALUE       VALUE  FROM      YEAR
                                                  NORMAL
..................................................................
TEMPERATURE (F)
 YESTERDAY
  MAXIMUM         74    108 PM  97    2003  77     -3       70
  MINIMUM         64    742 AM  48    1960  57      7       58
  AVERAGE         69                        67      2       64

PRECIPITATION (IN)
  YESTERDAY        0.00          0.49 2013   0.01  -0.01     0.49
  MONTH TO DATE    T                         0.10  -0.10     0.49
  SINCE JUL 1      T                         0.13  -0.13     0.49
  SINCE JAN 1      5.19                      9.76  -4.57     2.31

DEGREE DAYS
 HEATING
  YESTERDAY        0                                         1
  MONTH TO DATE    2                                         1
  SINCE SEP 1      2                                         1
  SINCE JUL 1      2                                         5

 COOLING
  YESTERDAY        4                                         0
  MONTH TO DATE  100                                        94
  SINCE SEP 1    100                                        94
  SINCE JAN 1    542                                       453
..................................................................


WIND (MPH)
  RESULTANT WIND SPEED   5   RESULTANT WIND DIRECTION  NW (330)
  HIGHEST WIND SPEED    21   HIGHEST WIND DIRECTION     N (350)
  HIGHEST GUST SPEED    24   HIGHEST GUST DIRECTION     N (350)
  AVERAGE WIND SPEED     5.8


SKY COVER
  POSSIBLE SUNSHINE  MM
  AVERAGE SKY COVER 0.6


WEATHER CONDITIONS
 THE FOLLOWING WEATHER WAS RECORDED YESTERDAY.
  NO SIGNIFICANT WEATHER WAS OBSERVED.


RELATIVE HUMIDITY (PERCENT)
 HIGHEST    78          1200 AM
 LOWEST     61          1100 AM
 AVERAGE    70

..........................................................


THE MOFFETT FIELD CLIMATE NORMALS FOR TODAY
                         NORMAL    RECORD    YEAR
 MAXIMUM TEMPERATURE (F)   77        94      2003
 MINIMUM TEMPERATURE (F)   57        47      1948


SUNRISE AND SUNSET
SEPTEMBER 22 2014.....SUNRISE   656 AM PDT   SUNSET   705 PM PDT
SEPTEMBER 23 2014.....SUNRISE   657 AM PDT   SUNSET   703 PM PDT


-  INDICATES NEGATIVE NUMBERS.
R  INDICATES RECORD WAS SET OR TIED.
MM INDICATES DATA IS MISSING.
T  INDICATES TRACE AMOUNT.




$$
