000
CDUS46 KMTR 230028
CLINUQ


CLIMATE REPORT
NATIONAL WEATHER SERVICE SAN FRANCISCO BAY AREA
428 PM PST SUN JAN 22 2017


...................................

...THE MOFFETT FIELD CLIMATE SUMMARY FOR JANUARY 22 2017...
VALID TODAY AS OF 0400 PM LOCAL TIME.

CLIMATE NORMAL PERIOD 1981 TO 2010
CLIMATE RECORD PERIOD 1945 TO 2017


WEATHER ITEM   OBSERVED TIME   RECORD YEAR NORMAL DEPARTURE LAST
                VALUE   (LST)  VALUE       VALUE  FROM      YEAR
                                                  NORMAL
..................................................................
TEMPERATURE (F)
 TODAY
  MAXIMUM         57   1209 PM  74    2014  59     -2       63
  MINIMUM         48    410 AM  30    1962  43      5       55
  AVERAGE         53                        51      2       59

PRECIPITATION (IN)
  TODAY            0.53          0.62 1981   0.07   0.46     0.11
  MONTH TO DATE    5.09                      2.01   3.08     3.28
  SINCE OCT 1      9.66                      6.85   2.81     7.68
  SINCE JAN 1      5.09                      2.01   3.08     3.28

DEGREE DAYS
 HEATING
  TODAY           12                                         6
  MONTH TO DATE  327                                       259
  SINCE DEC 1    786                                       731
  SINCE JUL 1   1073                                      1074

 COOLING
  TODAY            0                                         0
  MONTH TO DATE    0                                         0
  SINCE DEC 1      0                                         0
  SINCE JAN 1      0                                         0
..................................................................


WIND (MPH)
  RESULTANT WIND SPEED  10   RESULTANT WIND DIRECTION  SE (150)
  HIGHEST WIND SPEED    28   HIGHEST WIND DIRECTION    SE (140)
  HIGHEST GUST SPEED    37   HIGHEST GUST DIRECTION    SE (150)
  AVERAGE WIND SPEED    10.6


SKY COVER
  POSSIBLE SUNSHINE  MM
  AVERAGE SKY COVER 0.8


WEATHER CONDITIONS
 THE FOLLOWING WEATHER WAS RECORDED TODAY.
  RAIN
  LIGHT RAIN
  FOG


RELATIVE HUMIDITY (PERCENT)
 HIGHEST   100           800 AM
 LOWEST     63          1200 AM
 AVERAGE    82

..........................................................


THE MOFFETT FIELD CLIMATE NORMALS FOR TOMORROW
                         NORMAL    RECORD    YEAR
 MAXIMUM TEMPERATURE (F)   59        76      1948
 MINIMUM TEMPERATURE (F)   43        33      2007


SUNRISE AND SUNSET
JANUARY 22 2017.......SUNRISE   718 AM PST   SUNSET   522 PM PST
JANUARY 23 2017.......SUNRISE   718 AM PST   SUNSET   523 PM PST


-  INDICATES NEGATIVE NUMBERS.
R  INDICATES RECORD WAS SET OR TIED.
MM INDICATES DATA IS MISSING.
T  INDICATES TRACE AMOUNT.




$$
