000
CDUS46 KMTR 270025
CLINUQ


CLIMATE REPORT
NATIONAL WEATHER SERVICE SAN FRANCISCO BAY AREA
425 PM PST THU FEB 26 2015


...................................

...THE MOFFETT FIELD CLIMATE SUMMARY FOR FEBRUARY 26 2015...
VALID TODAY AS OF 0400 PM LOCAL TIME.

CLIMATE NORMAL PERIOD 1981 TO 2010
CLIMATE RECORD PERIOD 1945 TO 2015


WEATHER ITEM   OBSERVED TIME   RECORD YEAR NORMAL DEPARTURE LAST
                VALUE   (LST)  VALUE       VALUE  FROM      YEAR
                                                  NORMAL
..................................................................
TEMPERATURE (F)
 TODAY
  MAXIMUM         69    359 PM  82    1986  63      6       62
  MINIMUM         45    549 AM  34    2011  46     -1       54
                                      1962
  AVERAGE         57                        55      2       58

PRECIPITATION (IN)
  TODAY            0.00          0.83 2014   0.11  -0.11     0.83
  MONTH TO DATE    2.40                      2.85  -0.45     1.68
  SINCE OCT 1     12.39                     10.44   1.95     2.52
  SINCE JAN 1      2.40                      5.60  -3.20     1.76

DEGREE DAYS
 HEATING
  TODAY            8                                         7
  MONTH TO DATE  179                                       250
  SINCE DEC 1    859                                      1075
  SINCE JUL 1   1086                                      1447

 COOLING
  TODAY            0                                         0
  MONTH TO DATE    0                                         0
  SINCE DEC 1      0                                         0
  SINCE JAN 1      0                                         0
..................................................................


WIND (MPH)
  RESULTANT WIND SPEED   3   RESULTANT WIND DIRECTION   N (350)
  HIGHEST WIND SPEED    16   HIGHEST WIND DIRECTION     N (340)
  HIGHEST GUST SPEED    20   HIGHEST GUST DIRECTION     N (350)
  AVERAGE WIND SPEED     2.7


SKY COVER
  POSSIBLE SUNSHINE  MM
  AVERAGE SKY COVER 0.0


WEATHER CONDITIONS
 THE FOLLOWING WEATHER WAS RECORDED TODAY.
  NO SIGNIFICANT WEATHER WAS OBSERVED.


RELATIVE HUMIDITY (PERCENT)
 HIGHEST    93           800 AM
 LOWEST     45           100 PM
 AVERAGE    69

..........................................................


THE MOFFETT FIELD CLIMATE NORMALS FOR TOMORROW
                         NORMAL    RECORD    YEAR
 MAXIMUM TEMPERATURE (F)   63        77      1992
 MINIMUM TEMPERATURE (F)   47        30      1962


SUNRISE AND SUNSET
FEBRUARY 26 2015......SUNRISE   644 AM PST   SUNSET   559 PM PST
FEBRUARY 27 2015......SUNRISE   642 AM PST   SUNSET   600 PM PST


-  INDICATES NEGATIVE NUMBERS.
R  INDICATES RECORD WAS SET OR TIED.
MM INDICATES DATA IS MISSING.
T  INDICATES TRACE AMOUNT.




$$
