000
CDUS46 KMTR 240025
CLINUQ


CLIMATE REPORT
NATIONAL WEATHER SERVICE SAN FRANCISCO BAY AREA
525 PM PDT MON OCT 23 2017


...................................

...THE MOFFETT FIELD CLIMATE SUMMARY FOR OCTOBER 23 2017...
VALID TODAY AS OF 0500 PM LOCAL TIME.

CLIMATE NORMAL PERIOD 1981 TO 2010
CLIMATE RECORD PERIOD 1945 TO 2017


WEATHER ITEM   OBSERVED TIME   RECORD YEAR NORMAL DEPARTURE LAST
                VALUE   (LST)  VALUE       VALUE  FROM      YEAR
                                                  NORMAL
..................................................................
TEMPERATURE (F)
 TODAY
  MAXIMUM         88    240 PM  89    1959  72     16       69
  MINIMUM         56    506 AM  39    1949  53      3       51
  AVERAGE         72                        62     10       60

PRECIPITATION (IN)
  TODAY            0.00          0.75 1989   0.02  -0.02     0.00
  MONTH TO DATE    0.15                      0.37  -0.22     0.70
  SINCE OCT 1      0.15                      0.37  -0.22     0.70
  SINCE JAN 1     13.79                     10.21   3.58     9.45

DEGREE DAYS
 HEATING
  TODAY            0                                         5
  MONTH TO DATE   43                                        44
  SINCE SEP 1     51                                        54
  SINCE JUL 1     53                                        61

 COOLING
  TODAY            7                                         0
  MONTH TO DATE   32                                        16
  SINCE SEP 1    247                                       120
  SINCE JAN 1    658                                       456
..................................................................


WIND (MPH)
  RESULTANT WIND SPEED   3   RESULTANT WIND DIRECTION  NW (330)
  HIGHEST WIND SPEED     9   HIGHEST WIND DIRECTION     N (350)
  HIGHEST GUST SPEED    13   HIGHEST GUST DIRECTION     N (350)
  AVERAGE WIND SPEED     3.3


SKY COVER
  POSSIBLE SUNSHINE  MM
  AVERAGE SKY COVER 0.0


WEATHER CONDITIONS
 THE FOLLOWING WEATHER WAS RECORDED TODAY.
  NO SIGNIFICANT WEATHER WAS OBSERVED.


RELATIVE HUMIDITY (PERCENT)
 HIGHEST    86           400 AM
 LOWEST     27           200 PM
 AVERAGE    57

..........................................................


THE MOFFETT FIELD CLIMATE NORMALS FOR TOMORROW
                         NORMAL    RECORD    YEAR
 MAXIMUM TEMPERATURE (F)   72        88      2003
 MINIMUM TEMPERATURE (F)   52        41      1953


SUNRISE AND SUNSET
OCTOBER 23 2017.......SUNRISE   724 AM PDT   SUNSET   620 PM PDT
OCTOBER 24 2017.......SUNRISE   725 AM PDT   SUNSET   619 PM PDT


-  INDICATES NEGATIVE NUMBERS.
R  INDICATES RECORD WAS SET OR TIED.
MM INDICATES DATA IS MISSING.
T  INDICATES TRACE AMOUNT.




$$
