000
CDUS41 KOKX 280620
CLINYC


CLIMATE REPORT
NATIONAL WEATHER SERVICE NEW YORK NY
120 AM EST FRI NOV 28 2014


...................................

...THE CENTRAL PARK NY CLIMATE SUMMARY FOR NOVEMBER 27 2014...

CLIMATE NORMAL PERIOD 1981 TO 2010
CLIMATE RECORD PERIOD 1869 TO 2014


WEATHER ITEM   OBSERVED TIME   RECORD YEAR NORMAL DEPARTURE LAST
                VALUE   (LST)  VALUE       VALUE  FROM      YEAR
                                                  NORMAL
..................................................................
TEMPERATURE (F)
 YESTERDAY
  MAXIMUM         38    314 PM  72    1896  50    -12       62
  MINIMUM         34   1159 PM  12    1932  38     -4       35
  AVERAGE         36                        44     -8       49

PRECIPITATION (IN)
  YESTERDAY        0.02          2.15 1889   0.13  -0.11     1.98
  MONTH TO DATE    4.51                      3.59   0.92     3.15
  SINCE SEP 1     11.49                     12.27  -0.78     6.46
  SINCE JAN 1     47.75                     45.51   2.24    41.47

SNOWFALL (IN)
  YESTERDAY        T             5.0  1898   0.0    0.0      0.0
  MONTH TO DATE    0.2                       0.2    0.0       T
  SINCE OCT 1      0.2                       0.2    0.0       T
  SINCE JUL 1      0.2                       0.2    0.0       T
  SNOW DEPTH       0

DEGREE DAYS
 HEATING
  YESTERDAY       29                        21      8       16
  MONTH TO DATE  508                       454     54      489
  SINCE SEP 1    709                       765    -56      712
  SINCE JUL 1    709                       767    -58      712

 COOLING
  YESTERDAY        0                         0      0        0
  MONTH TO DATE    0                         0      0        0
  SINCE SEP 1    190                       150     40      178
  SINCE JAN 1   1128                      1104     24     1271
..................................................................


WIND (MPH)
  HIGHEST WIND SPEED    12   HIGHEST WIND DIRECTION    NW (310)
  HIGHEST GUST SPEED    20   HIGHEST GUST DIRECTION     W (290)
  AVERAGE WIND SPEED     5.1


SKY COVER
  AVERAGE SKY COVER 1.0


WEATHER CONDITIONS
 THE FOLLOWING WEATHER WAS RECORDED YESTERDAY.
  LIGHT SNOW
  FOG
  HAZE


RELATIVE HUMIDITY (PERCENT)
 HIGHEST    89          1200 AM
 LOWEST     64           600 PM
 AVERAGE    77

..........................................................


THE CENTRAL PARK NY CLIMATE NORMALS FOR TODAY
                         NORMAL    RECORD    YEAR
 MAXIMUM TEMPERATURE (F)   49        70      2011
 MINIMUM TEMPERATURE (F)   38        15      1930


SUNRISE AND SUNSET
NOVEMBER 28 2014......SUNRISE   657 AM EST   SUNSET   430 PM EST
NOVEMBER 29 2014......SUNRISE   659 AM EST   SUNSET   430 PM EST


-  INDICATES NEGATIVE NUMBERS.
R  INDICATES RECORD WAS SET OR TIED.
MM INDICATES DATA IS MISSING.
T  INDICATES TRACE AMOUNT.




$$
