000
CDUS41 KOKX 210616
CLINYC


CLIMATE REPORT
NATIONAL WEATHER SERVICE NEW YORK NY
216 AM EDT SAT OCT 21 2017


...................................

...THE CENTRAL PARK NY CLIMATE SUMMARY FOR OCTOBER 20 2017...

CLIMATE NORMAL PERIOD 1981 TO 2010
CLIMATE RECORD PERIOD 1869 TO 2017


WEATHER ITEM   OBSERVED TIME   RECORD YEAR NORMAL DEPARTURE LAST
                VALUE   (LST)  VALUE       VALUE  FROM      YEAR
                                                  NORMAL
..................................................................
TEMPERATURE (F)
 YESTERDAY
  MAXIMUM         73    334 PM  80    1969  62     11       70
                                      1947
  MINIMUM         57    644 AM  31    1974  49      8       62
  AVERAGE         65                        56      9       66

PRECIPITATION (IN)
  YESTERDAY        0.00          2.78 1989   0.14  -0.14     0.00
  MONTH TO DATE    0.70                      2.87  -2.17     0.78
  SINCE SEP 1      2.70                      7.15  -4.45     3.57
  SINCE JAN 1     37.77                     40.39  -2.62    30.50

SNOWFALL (IN)
  YESTERDAY        0.0           0.5  1952   0.0    0.0      0.0
  MONTH TO DATE    0.0                       0.0    0.0      0.0
  SINCE OCT 1      0.0                       0.0    0.0      0.0
  SINCE JUL 1      0.0                       0.0    0.0      0.0
  SNOW DEPTH       0

DEGREE DAYS
 HEATING
  YESTERDAY        0                        10    -10        0
  MONTH TO DATE   46                       143    -97       79
  SINCE SEP 1     63                       186   -123       96
  SINCE JUL 1     63                       188   -125       96

 COOLING
  YESTERDAY        0                         0      0        1
  MONTH TO DATE   68                        13     55       29
  SINCE SEP 1    258                       146    112      257
  SINCE JAN 1   1252                      1100    152     1489
..................................................................


WIND (MPH)
  HIGHEST WIND SPEED    12   HIGHEST WIND DIRECTION    NW (310)
  HIGHEST GUST SPEED    19   HIGHEST GUST DIRECTION    NW (300)
  AVERAGE WIND SPEED     4.1


SKY COVER
  AVERAGE SKY COVER 0.0


WEATHER CONDITIONS
 THE FOLLOWING WEATHER WAS RECORDED YESTERDAY.
  HAZE


RELATIVE HUMIDITY (PERCENT)
 HIGHEST    67           500 AM
 LOWEST     17          1200 PM
 AVERAGE    42

..........................................................


THE CENTRAL PARK NY CLIMATE NORMALS FOR TODAY
                         NORMAL    RECORD    YEAR
 MAXIMUM TEMPERATURE (F)   62        84      1920
 MINIMUM TEMPERATURE (F)   48        32      1974


SUNRISE AND SUNSET
OCTOBER 21 2017.......SUNRISE   714 AM EDT   SUNSET   606 PM EDT
OCTOBER 22 2017.......SUNRISE   715 AM EDT   SUNSET   605 PM EDT


-  INDICATES NEGATIVE NUMBERS.
R  INDICATES RECORD WAS SET OR TIED.
MM INDICATES DATA IS MISSING.
T  INDICATES TRACE AMOUNT.




$$
