206
CDUS41 KOKX 260618
CLINYC


CLIMATE REPORT
NATIONAL WEATHER SERVICE NEW YORK NY
218 AM EDT WED APR 26 2017


...................................

...THE CENTRAL PARK NY CLIMATE SUMMARY FOR APRIL 25 2017...

CLIMATE NORMAL PERIOD 1981 TO 2010
CLIMATE RECORD PERIOD 1869 TO 2017


WEATHER ITEM   OBSERVED TIME   RECORD YEAR NORMAL DEPARTURE LAST
                VALUE   (LST)  VALUE       VALUE  FROM      YEAR
                                                  NORMAL
..................................................................
TEMPERATURE (F)
 YESTERDAY
  MAXIMUM         54    226 PM  91    1915  65    -11       69
  MINIMUM         49    332 AM  29    1919  48      1       50
  AVERAGE         52                        56     -4       60

PRECIPITATION (IN)
  YESTERDAY        0.91          1.68 1945   0.14   0.77     0.00
  MONTH TO DATE    3.44                      3.80  -0.36     1.32
  SINCE MAR 1      8.69                      8.16   0.53     2.49
  SINCE JAN 1     16.00                     14.90   1.10    11.30

SNOWFALL (IN)
  YESTERDAY        0.0           3.0  1875   0.0    0.0      0.0
  MONTH TO DATE    0.0                       0.6   -0.6       T
  SINCE OCT 1     30.2                      25.8    4.4     32.8
  SINCE JUL 1     30.2                      25.8    4.4     32.8
  SNOW DEPTH       0

DEGREE DAYS
 HEATING
  YESTERDAY       13                         9      4        5
  MONTH TO DATE  247                       328    -81      300
  SINCE MAR 1   1040                      1028     12      798
  SINCE JUL 1   4023                      4550   -527     3545

 COOLING
  YESTERDAY        0                         1     -1        0
  MONTH TO DATE   17                         4     13       13
  SINCE MAR 1     17                         5     12       19
  SINCE JAN 1     17                         5     12       19
..................................................................


WIND (MPH)
  HIGHEST WIND SPEED    25   HIGHEST WIND DIRECTION     E (70)
  HIGHEST GUST SPEED    39   HIGHEST GUST DIRECTION    NE (60)
  AVERAGE WIND SPEED    13.1


SKY COVER
  AVERAGE SKY COVER 1.0


WEATHER CONDITIONS
 THE FOLLOWING WEATHER WAS RECORDED YESTERDAY.
  HEAVY RAIN
  RAIN
  LIGHT RAIN
  FOG


RELATIVE HUMIDITY (PERCENT)
 HIGHEST   100           500 PM
 LOWEST     77          1200 AM
 AVERAGE    89

..........................................................


THE CENTRAL PARK NY CLIMATE NORMALS FOR TODAY
                         NORMAL    RECORD    YEAR
 MAXIMUM TEMPERATURE (F)   65        92      2009
 MINIMUM TEMPERATURE (F)   48        31      1919


SUNRISE AND SUNSET
APRIL 26 2017.........SUNRISE   601 AM EDT   SUNSET   747 PM EDT
APRIL 27 2017.........SUNRISE   559 AM EDT   SUNSET   748 PM EDT


-  INDICATES NEGATIVE NUMBERS.
R  INDICATES RECORD WAS SET OR TIED.
MM INDICATES DATA IS MISSING.
T  INDICATES TRACE AMOUNT.




$$
