000
CDUS41 KOKX 230616
CLINYC


CLIMATE REPORT
NATIONAL WEATHER SERVICE NEW YORK NY
216 AM EDT WED APR 23 2014


...................................

...THE CENTRAL PARK NY CLIMATE SUMMARY FOR APRIL 22 2014...

CLIMATE NORMAL PERIOD 1981 TO 2010
CLIMATE RECORD PERIOD 1869 TO 2014


WEATHER ITEM   OBSERVED TIME   RECORD YEAR NORMAL DEPARTURE LAST
                VALUE   (LST)  VALUE       VALUE  FROM      YEAR
                                                  NORMAL
..................................................................
TEMPERATURE (F)
 YESTERDAY
  MAXIMUM         71    235 PM  86    2001  64      7       55
                                      1973
                                      1962
  MINIMUM         51    535 AM  33    1947  47      4       41
                                      1922
  AVERAGE         61                        55      6       48

PRECIPITATION (IN)
  YESTERDAY        0.01          2.45 2012   0.14  -0.13     0.00
  MONTH TO DATE    1.91                      3.38  -1.47     1.27
  SINCE MAR 1      5.58                      7.74  -2.16     4.17
  SINCE JAN 1     13.85                     14.48  -0.63    11.18

SNOWFALL (IN)
  YESTERDAY        0.0           T    1972   0.0    0.0      0.0
                                      2000
                                      2000
  MONTH TO DATE    T                         0.6   -0.6      0.0
  SINCE OCT 1     57.4                      25.8   31.6     26.1
  SINCE JUL 1     57.4                      25.8   31.6     26.1
  SNOW DEPTH       0

DEGREE DAYS
 HEATING
  YESTERDAY        4                        10     -6       17
  MONTH TO DATE  277                       299    -22      288
  SINCE MAR 1   1119                       999    120     1051
  SINCE JUL 1   4789                      4521    268     4424

 COOLING
  YESTERDAY        0                         1     -1        0
  MONTH TO DATE    4                         1      3        2
  SINCE MAR 1      4                         2      2        2
  SINCE JAN 1      4                         2      2        2
..................................................................


WIND (MPH)
  HIGHEST WIND SPEED    13   HIGHEST WIND DIRECTION    SW (240)
  HIGHEST GUST SPEED    21   HIGHEST GUST DIRECTION    SW (240)
  AVERAGE WIND SPEED     5.5


SKY COVER
  AVERAGE SKY COVER 0.3


WEATHER CONDITIONS
 THE FOLLOWING WEATHER WAS RECORDED YESTERDAY.
  LIGHT RAIN


RELATIVE HUMIDITY (PERCENT)
 HIGHEST    77           500 AM
 LOWEST     38           200 PM
 AVERAGE    58

..........................................................


THE CENTRAL PARK NY CLIMATE NORMALS FOR TODAY
                         NORMAL    RECORD    YEAR
 MAXIMUM TEMPERATURE (F)   64        86      2007
 MINIMUM TEMPERATURE (F)   47        32      1930


SUNRISE AND SUNSET
APRIL 23 2014.........SUNRISE   605 AM EDT   SUNSET   744 PM EDT
APRIL 24 2014.........SUNRISE   604 AM EDT   SUNSET   745 PM EDT


-  INDICATES NEGATIVE NUMBERS.
R  INDICATES RECORD WAS SET OR TIED.
MM INDICATES DATA IS MISSING.
T  INDICATES TRACE AMOUNT.




$$
