000
CDUS45 KPSR 280015 RRA
CLINYL

CLIMATE REPORT
NATIONAL WEATHER SERVICE PHOENIX AZ
515 PM MST FRI MAR 27 2015


...................................

...THE YUMA AZ CLIMATE SUMMARY FOR MARCH 27 2015...
VALID TODAY AS OF 0500 PM LOCAL TIME.

CLIMATE NORMAL PERIOD 1981 TO 2010
CLIMATE RECORD PERIOD 1876 TO 2015


WEATHER ITEM   OBSERVED TIME   RECORD YEAR NORMAL DEPARTURE LAST
                VALUE   (LST)  VALUE       VALUE  FROM      YEAR
                                                  NORMAL
..................................................................
TEMPERATURE (F)
 TODAY
  MAXIMUM         96    432 PM 100    1986  82     14       78
  MINIMUM         64    417 AM  38    1936  56      8       56
  AVERAGE         80                        69     11       67

PRECIPITATION (IN)
  TODAY            0.00          0.31 1925   0.01  -0.01     0.00
  MONTH TO DATE    0.32                      0.30   0.02     0.07
  SINCE OCT 1      0.95                      2.00  -1.05     1.18
  SINCE JAN 1      0.51                      1.06  -0.55     0.07

DEGREE DAYS
 HEATING
  TODAY            0                         1     -1        0
  MONTH TO DATE   23                        47    -24        4
  SINCE MAR 1     23                        47    -24        4
  SINCE JUL 1     83                       670   -587      365

 COOLING
  TODAY           15                         5     10        2
  MONTH TO DATE  230                        97    133      161
  SINCE MAR 1    230                        97    133      161
  SINCE JAN 1    341                       133    208      275
..................................................................


WIND (MPH)
  RESULTANT WIND SPEED   4   RESULTANT WIND DIRECTION  NE (30)
  HIGHEST WIND SPEED    10   HIGHEST WIND DIRECTION    NE (30)
  HIGHEST GUST SPEED    13   HIGHEST GUST DIRECTION    NE (30)
  AVERAGE WIND SPEED     4.9


SKY COVER
  AVERAGE SKY COVER 0.0


WEATHER CONDITIONS
 THE FOLLOWING WEATHER WAS RECORDED TODAY.
  HAZE


RELATIVE HUMIDITY (PERCENT)
 HIGHEST    29
 LOWEST      7
 AVERAGE    18

..........................................................


THE YUMA AZ CLIMATE NORMALS FOR TOMORROW
                         NORMAL    RECORD    YEAR
 MAXIMUM TEMPERATURE (F)   82        97      1893
 MINIMUM TEMPERATURE (F)   56        39      1913
                                             1907
                                             1898


SUNRISE AND SUNSET
MARCH 27 2015.........SUNRISE   633 AM MST   SUNSET   655 PM MST
MARCH 28 2015.........SUNRISE   632 AM MST   SUNSET   656 PM MST


-  INDICATES NEGATIVE NUMBERS.
R  INDICATES RECORD WAS SET OR TIED.
MM INDICATES DATA IS MISSING.
T  INDICATES TRACE AMOUNT.

$$
