000
CDUS45 KPSR 250030 RRA
CLINYL

CLIMATE REPORT
NATIONAL WEATHER SERVICE PHOENIX AZ
527 PM MST MON JUL 24 2017


...................................

...THE YUMA AZ CLIMATE SUMMARY FOR JULY 24 2017...
VALID TODAY AS OF 0500 PM LOCAL TIME.

CLIMATE NORMAL PERIOD 1981 TO 2010
CLIMATE RECORD PERIOD 1876 TO 2017


WEATHER ITEM   OBSERVED TIME   RECORD YEAR NORMAL DEPARTURE LAST
                VALUE   (LST)  VALUE       VALUE  FROM      YEAR
                                                  NORMAL
..................................................................
TEMPERATURE (F)
 TODAY
  MAXIMUM         99    326 PM 117    2014 107     -8      108
                                      1943
  MINIMUM         85    754 AM  65    1913  83      2       86
  AVERAGE         92                        95     -3       97

PRECIPITATION (IN)
  TODAY            T             0.39 1917   0.01  -0.01     0.00
  MONTH TO DATE    T                         0.17  -0.17     0.00
  SINCE OCT 1      2.65                      2.44   0.21     1.12
  SINCE JAN 1      1.70                      1.50   0.20     0.98

DEGREE DAYS
 HEATING
  TODAY            0                         0      0        0
  MONTH TO DATE    0                         0      0        0
  SINCE JUN 1      0                         0      0        0
  SINCE JUL 1      0                         0      0        0

 COOLING
  TODAY           27                        30     -3       32
  MONTH TO DATE  758                       704     54      757
  SINCE JUN 1   1513                      1425     88     1590
  SINCE JAN 1   2581                      2337    244     2591
..................................................................


WIND (MPH)
  HIGHEST WIND SPEED    21   HIGHEST WIND DIRECTION     E (80)
  HIGHEST GUST SPEED    24   HIGHEST GUST DIRECTION     E (80)
  AVERAGE WIND SPEED    11.2


SKY COVER
  AVERAGE SKY COVER 0.5


WEATHER CONDITIONS
 THE FOLLOWING WEATHER WAS RECORDED TODAY.
  LIGHT RAIN


RELATIVE HUMIDITY (PERCENT)
 HIGHEST    57
 LOWEST     35
 AVERAGE    46

..........................................................


THE YUMA AZ CLIMATE NORMALS FOR TOMORROW
                         NORMAL    RECORD    YEAR
 MAXIMUM TEMPERATURE (F)  107       120      1943
 MINIMUM TEMPERATURE (F)   83        67      1918
                                             1913


SUNRISE AND SUNSET
JULY 24 2017..........SUNRISE   547 AM MST   SUNSET   742 PM MST
JULY 25 2017..........SUNRISE   548 AM MST   SUNSET   742 PM MST


-  INDICATES NEGATIVE NUMBERS.
R  INDICATES RECORD WAS SET OR TIED.
MM INDICATES DATA IS MISSING.
T  INDICATES TRACE AMOUNT.

$$
