696
CDUS45 KPSR 230816
CLINYL

CLIMATE REPORT
NATIONAL WEATHER SERVICE PHOENIX AZ
115 AM MST THU NOV 23 2017

...................................

...THE YUMA AZ CLIMATE SUMMARY FOR NOVEMBER 22 2017...

CLIMATE NORMAL PERIOD 1981 TO 2010
CLIMATE RECORD PERIOD 1876 TO 2017


WEATHER ITEM   OBSERVED TIME   RECORD YEAR NORMAL DEPARTURE LAST
                VALUE   (LST)  VALUE       VALUE  FROM      YEAR
                                                  NORMAL
..................................................................
TEMPERATURE (F)
 YESTERDAY
  MAXIMUM         90    400 PM  91    1950  75     15       76
  MINIMUM         61    621 AM  34    1931  52      9       50
  AVERAGE         76                        63     13       63

PRECIPITATION (IN)
  YESTERDAY        0.00          1.71 1885   0.01  -0.01     0.00
  MONTH TO DATE    0.07                      0.13  -0.06     0.01
  SINCE OCT 1      0.07                      0.34  -0.27     0.01
  SINCE JAN 1      2.31                      2.96  -0.65     1.88

DEGREE DAYS
 HEATING
  YESTERDAY        0                         3     -3        2
  MONTH TO DATE    0                        31    -31        7
  SINCE SEP 1      0                        33    -33        7
  SINCE JUL 1      0                        33    -33        7

 COOLING
  YESTERDAY       11                         1     10        0
  MONTH TO DATE  148                        81     67      169
  SINCE SEP 1   1247                      1190     57     1324
  SINCE JAN 1   5015                      4643    372     5071
..................................................................


WIND (MPH)
  HIGHEST WIND SPEED    13   HIGHEST WIND DIRECTION     N (350)
  HIGHEST GUST SPEED    15   HIGHEST GUST DIRECTION     N (360)
  AVERAGE WIND SPEED     7.0


SKY COVER
  AVERAGE SKY COVER 0.1


WEATHER CONDITIONS
 THE FOLLOWING WEATHER WAS RECORDED YESTERDAY.
  NO SIGNIFICANT WEATHER WAS OBSERVED.


RELATIVE HUMIDITY (PERCENT)
 HIGHEST    25
 LOWEST     11
 AVERAGE    18

..........................................................


THE YUMA AZ CLIMATE NORMALS FOR TODAY
                         NORMAL    RECORD    YEAR
 MAXIMUM TEMPERATURE (F)   74        87      1950
 MINIMUM TEMPERATURE (F)   51        31      1931


SUNRISE AND SUNSET
NOVEMBER 23 2017......SUNRISE   716 AM MST   SUNSET   534 PM MST
NOVEMBER 24 2017......SUNRISE   717 AM MST   SUNSET   534 PM MST


-  INDICATES NEGATIVE NUMBERS.
R  INDICATES RECORD WAS SET OR TIED.
MM INDICATES DATA IS MISSING.
T  INDICATES TRACE AMOUNT.

$$
