000
CDUS45 KPSR 290824
CLINYL

CLIMATE REPORT
NATIONAL WEATHER SERVICE PHOENIX AZ
122 AM MST WED JUL 29 2015


...................................

...THE YUMA AZ CLIMATE SUMMARY FOR JULY 28 2015...

CLIMATE NORMAL PERIOD 1981 TO 2010
CLIMATE RECORD PERIOD 1876 TO 2015


WEATHER ITEM   OBSERVED TIME   RECORD YEAR NORMAL DEPARTURE LAST
                VALUE   (LST)  VALUE       VALUE  FROM      YEAR
                                                  NORMAL
..................................................................
TEMPERATURE (F)
 YESTERDAY
  MAXIMUM        107    502 PM 124    1995 107      0      108
  MINIMUM         81    511 AM  66    1909  83     -2       85
  AVERAGE         94                        95     -1       97

PRECIPITATION (IN)
  YESTERDAY        0.00          0.52 1951   0.02  -0.02     0.00
  MONTH TO DATE    0.09                      0.24  -0.15     0.28
  SINCE OCT 1      1.68                      2.51  -0.83     1.46
  SINCE JAN 1      1.24                      1.57  -0.33     0.35

DEGREE DAYS
 HEATING
  YESTERDAY        0                         0      0        0
  MONTH TO DATE    0                         0      0        0
  SINCE JUN 1      0                         0      0        0
  SINCE JUL 1      0                         0      0        0

 COOLING
  YESTERDAY       29                        30     -1       32
  MONTH TO DATE  795                       824    -29      875
  SINCE JUN 1   1585                      1545     40     1684
  SINCE JAN 1   2664                      2457    207     2846
..................................................................


WIND (MPH)
  HIGHEST WIND SPEED    18   HIGHEST WIND DIRECTION     S (180)
  HIGHEST GUST SPEED    23   HIGHEST GUST DIRECTION     S (180)
  AVERAGE WIND SPEED     8.3


SKY COVER
  AVERAGE SKY COVER 0.2


WEATHER CONDITIONS
 THE FOLLOWING WEATHER WAS RECORDED YESTERDAY.
  NO SIGNIFICANT WEATHER WAS OBSERVED.


RELATIVE HUMIDITY (PERCENT)
 HIGHEST    65
 LOWEST     22
 AVERAGE    44

..........................................................


THE YUMA AZ CLIMATE NORMALS FOR TODAY
                         NORMAL    RECORD    YEAR
 MAXIMUM TEMPERATURE (F)  107       118      1878
 MINIMUM TEMPERATURE (F)   83        66      1913
                                             1892


SUNRISE AND SUNSET
JULY 29 2015..........SUNRISE   550 AM MST   SUNSET   739 PM MST
JULY 30 2015..........SUNRISE   551 AM MST   SUNSET   738 PM MST


-  INDICATES NEGATIVE NUMBERS.
R  INDICATES RECORD WAS SET OR TIED.
MM INDICATES DATA IS MISSING.
T  INDICATES TRACE AMOUNT.

$$
