000
CDUS45 KPSR 210835 RRA
CLINYL

CLIMATE REPORT
NATIONAL WEATHER SERVICE PHOENIX AZ
135 AM MST SAT JAN 21 2017


...................................

...THE YUMA AZ CLIMATE SUMMARY FOR JANUARY 20 2017...

CLIMATE NORMAL PERIOD 1981 TO 2010
CLIMATE RECORD PERIOD 1876 TO 2017


WEATHER ITEM   OBSERVED TIME   RECORD YEAR NORMAL DEPARTURE LAST
                VALUE   (LST)  VALUE       VALUE  FROM      YEAR
                                                  NORMAL
..................................................................
TEMPERATURE (F)
 YESTERDAY
  MAXIMUM         66    415 PM  85    1971  70     -4       MM
  MINIMUM         48    540 AM  22    1883  48      0       MM
  AVERAGE         57                        59     -2       MM

PRECIPITATION (IN)
  YESTERDAY        0.13          0.56 1933   0.01   0.12     0.00
  MONTH TO DATE    0.31                      0.26   0.05     0.49
  SINCE OCT 1      1.26                      1.20   0.06     0.63
  SINCE JAN 1      0.31                      0.26   0.05     0.49

DEGREE DAYS
 HEATING
  YESTERDAY        8                         6      2       MM
  MONTH TO DATE  129                       140    -11      164
  SINCE DEC 1    314                       376    -62      421
  SINCE JUL 1    360                       444    -84      491

 COOLING
  YESTERDAY        0                         0      0       MM
  MONTH TO DATE    0                         0      0        0
  SINCE DEC 1      9                         2      7        2
  SINCE JAN 1      0                         0      0        0
..................................................................


WIND (MPH)
  HIGHEST WIND SPEED    30   HIGHEST WIND DIRECTION     S (180)
  HIGHEST GUST SPEED    37   HIGHEST GUST DIRECTION     S (180)
  AVERAGE WIND SPEED    11.6


SKY COVER
  AVERAGE SKY COVER 0.6


WEATHER CONDITIONS
 THE FOLLOWING WEATHER WAS RECORDED YESTERDAY.
  HEAVY RAIN
  LIGHT RAIN
  FOG
  HAZE
  SANDSTORM


RELATIVE HUMIDITY (PERCENT)
 HIGHEST    89
 LOWEST     45
 AVERAGE    67

..........................................................


THE YUMA AZ CLIMATE NORMALS FOR TODAY
                         NORMAL    RECORD    YEAR
 MAXIMUM TEMPERATURE (F)   70        82      1997
 MINIMUM TEMPERATURE (F)   48        25      1883


SUNRISE AND SUNSET
JANUARY 21 2017.......SUNRISE   739 AM MST   SUNSET   601 PM MST
JANUARY 22 2017.......SUNRISE   738 AM MST   SUNSET   602 PM MST


-  INDICATES NEGATIVE NUMBERS.
R  INDICATES RECORD WAS SET OR TIED.
MM INDICATES DATA IS MISSING.
T  INDICATES TRACE AMOUNT.

$$
