000
CDUS45 KPSR 310827
CLINYL

CLIMATE REPORT
NATIONAL WEATHER SERVICE PHOENIX AZ
127 AM MST SUN AUG 31 2014


...................................

...THE YUMA AZ CLIMATE SUMMARY FOR AUGUST 30 2014...

CLIMATE NORMAL PERIOD 1981 TO 2010
CLIMATE RECORD PERIOD 1876 TO 2014


WEATHER ITEM   OBSERVED TIME   RECORD YEAR NORMAL DEPARTURE LAST
                VALUE   (LST)  VALUE       VALUE  FROM      YEAR
                                                  NORMAL
..................................................................
TEMPERATURE (F)
 YESTERDAY
  MAXIMUM        113    335 PM 114    1998 106      7       97
                                      1984
                                      1950
  MINIMUM         83    601 AM  58    1907  81      2       83
  AVERAGE         98                        93      5       90

PRECIPITATION (IN)
  YESTERDAY        0.00          1.44 1909   0.02  -0.02      T
  MONTH TO DATE    0.49                      0.46   0.03     0.22
  SINCE OCT 1      1.95                      3.02  -1.07     2.43
  SINCE JAN 1      0.84                      2.08  -1.24     1.80

DEGREE DAYS
 HEATING
  YESTERDAY        0                         0      0        0
  MONTH TO DATE    0                         0      0        0
  SINCE JUN 1      0                         0      0        0
  SINCE JUL 1      0                         0      0        0

 COOLING
  YESTERDAY       33                        28      5       25
  MONTH TO DATE  853                       880    -27      856
  SINCE JUN 1   2640                      2514    126     2607
  SINCE JAN 1   3802                      3426    376     3668
..................................................................


WIND (MPH)
  HIGHEST WIND SPEED    15   HIGHEST WIND DIRECTION     S (200)
  HIGHEST GUST SPEED    20   HIGHEST GUST DIRECTION     S (190)
  AVERAGE WIND SPEED     7.1


SKY COVER
  AVERAGE SKY COVER 0.0


WEATHER CONDITIONS
 THE FOLLOWING WEATHER WAS RECORDED YESTERDAY.
  NO SIGNIFICANT WEATHER WAS OBSERVED.


RELATIVE HUMIDITY (PERCENT)
 HIGHEST    31
 LOWEST      8
 AVERAGE    20

..........................................................


THE YUMA AZ CLIMATE NORMALS FOR TODAY
                         NORMAL    RECORD    YEAR
 MAXIMUM TEMPERATURE (F)  105       118      1950
 MINIMUM TEMPERATURE (F)   81        60      1887


SUNRISE AND SUNSET
AUGUST 31 2014........SUNRISE   613 AM MST   SUNSET   704 PM MST
SEPTEMBER  1 2014.....SUNRISE   613 AM MST   SUNSET   703 PM MST


-  INDICATES NEGATIVE NUMBERS.
R  INDICATES RECORD WAS SET OR TIED.
MM INDICATES DATA IS MISSING.
T  INDICATES TRACE AMOUNT.

$$
