000
CDUS45 KPSR 280817 RRA
CLINYL

CLIMATE REPORT
NATIONAL WEATHER SERVICE PHOENIX AZ
116 AM MST THU APR 28 2016


...................................

...THE YUMA AZ CLIMATE SUMMARY FOR APRIL 27 2016...

CLIMATE NORMAL PERIOD 1981 TO 2010
CLIMATE RECORD PERIOD 1876 TO 2016


WEATHER ITEM   OBSERVED TIME   RECORD YEAR NORMAL DEPARTURE LAST
                VALUE   (LST)  VALUE       VALUE  FROM      YEAR
                                                  NORMAL
..................................................................
TEMPERATURE (F)
 YESTERDAY
  MAXIMUM         86    420 PM 104    1992  90     -4       90
  MINIMUM         59    456 AM  46    1955  63     -4       63
  AVERAGE         73                        76     -3       77

PRECIPITATION (IN)
  YESTERDAY        0.00          0.07 1883   0.00   0.00     0.00
                                      1882
  MONTH TO DATE    0.31                      0.14   0.17      T
  SINCE OCT 1      0.94                      2.17  -1.23     0.95
  SINCE JAN 1      0.80                      1.23  -0.43     0.51

DEGREE DAYS
 HEATING
  YESTERDAY        0                         0      0        0
  MONTH TO DATE    1                        12    -11        0
  SINCE MAR 1     22                        62    -40       23
  SINCE JUL 1    598                       685    -87       83

 COOLING
  YESTERDAY        8                        11     -3       12
  MONTH TO DATE  255                       217     38      227
  SINCE MAR 1    435                       334    101      522
  SINCE JAN 1    571                       370    201      633
..................................................................


WIND (MPH)
  HIGHEST WIND SPEED    21   HIGHEST WIND DIRECTION     S (200)
  HIGHEST GUST SPEED    26   HIGHEST GUST DIRECTION     W (280)
  AVERAGE WIND SPEED     8.3


SKY COVER
  AVERAGE SKY COVER 0.4


WEATHER CONDITIONS
 THE FOLLOWING WEATHER WAS RECORDED YESTERDAY.
  NO SIGNIFICANT WEATHER WAS OBSERVED.


RELATIVE HUMIDITY (PERCENT)
 HIGHEST    69
 LOWEST     14
 AVERAGE    42

..........................................................


THE YUMA AZ CLIMATE NORMALS FOR TODAY
                         NORMAL    RECORD    YEAR
 MAXIMUM TEMPERATURE (F)   90       106      1992
 MINIMUM TEMPERATURE (F)   63        45      1911


SUNRISE AND SUNSET
APRIL 28 2016.........SUNRISE   554 AM MST   SUNSET   718 PM MST
APRIL 29 2016.........SUNRISE   553 AM MST   SUNSET   719 PM MST


-  INDICATES NEGATIVE NUMBERS.
R  INDICATES RECORD WAS SET OR TIED.
MM INDICATES DATA IS MISSING.
T  INDICATES TRACE AMOUNT.

$$
