000
CDUS45 KPSR 240018
CLINYL

CDUS45 KPSR DDHHMM
CLINYL

CLIMATE REPORT
NATIONAL WEATHER SERVICE PHOENIX AZ
514 PM MST THU MAR 23 2017


...................................

...THE YUMA AZ CLIMATE SUMMARY FOR MARCH 23 2017...
VALID TODAY AS OF 0500 PM LOCAL TIME.

CLIMATE NORMAL PERIOD 1981 TO 2010
CLIMATE RECORD PERIOD 1876 TO 2017


WEATHER ITEM   OBSERVED TIME   RECORD YEAR NORMAL DEPARTURE LAST
                VALUE   (LST)  VALUE       VALUE  FROM      YEAR
                                                  NORMAL
..................................................................
TEMPERATURE (F)
 TODAY
  MAXIMUM         75    459 PM  96    1990  81     -6       79
  MINIMUM         55    719 AM  39    1936  55      0       59
  AVERAGE         65                        68     -3       69

PRECIPITATION (IN)
  TODAY            0.00          0.28 1904   0.01  -0.01     0.00
  MONTH TO DATE    0.19                      0.26  -0.07     0.00
  SINCE OCT 1      2.51                      1.96   0.55     0.63
  SINCE JAN 1      1.56                      1.02   0.54     0.49

DEGREE DAYS
 HEATING
  TODAY            0                         1     -1        0
  MONTH TO DATE   13                        43    -30       11
  SINCE MAR 1     13                        43    -30       11
  SINCE JUL 1    526                       666   -140      587

 COOLING
  TODAY            0                         5     -5        4
  MONTH TO DATE  183                        77    106      149
  SINCE MAR 1    183                        77    106      149
  SINCE JAN 1    224                       113    111      285
..................................................................


WIND (MPH)
  HIGHEST WIND SPEED    25   HIGHEST WIND DIRECTION     W (280)
  HIGHEST GUST SPEED    32   HIGHEST GUST DIRECTION     W (270)
  AVERAGE WIND SPEED    11.9


SKY COVER
  AVERAGE SKY COVER 0.1


WEATHER CONDITIONS
 THE FOLLOWING WEATHER WAS RECORDED TODAY.
  NO SIGNIFICANT WEATHER WAS OBSERVED.


RELATIVE HUMIDITY (PERCENT)
 HIGHEST    66
 LOWEST     23
 AVERAGE    45

..........................................................


THE YUMA AZ CLIMATE NORMALS FOR TOMORROW
                         NORMAL    RECORD    YEAR
 MAXIMUM TEMPERATURE (F)   82        96      2008
 MINIMUM TEMPERATURE (F)   55        34      1898


SUNRISE AND SUNSET
MARCH 23 2017.........SUNRISE   638 AM MST   SUNSET   652 PM MST
MARCH 24 2017.........SUNRISE   637 AM MST   SUNSET   653 PM MST


-  INDICATES NEGATIVE NUMBERS.
R  INDICATES RECORD WAS SET OR TIED.
MM INDICATES DATA IS MISSING.
T  INDICATES TRACE AMOUNT.

$$
