000
CDUS45 KPSR 200818
CLINYL

CDUS45 KPSR DDHHMM
CLINYL

CLIMATE REPORT
NATIONAL WEATHER SERVICE PHOENIX AZ
117 AM MST WED SEP 20 2017


...................................

...THE YUMA AZ CLIMATE SUMMARY FOR SEPTEMBER 19 2017...

CLIMATE NORMAL PERIOD 1981 TO 2010
CLIMATE RECORD PERIOD 1876 TO 2017


WEATHER ITEM   OBSERVED TIME   RECORD YEAR NORMAL DEPARTURE LAST
                VALUE   (LST)  VALUE       VALUE  FROM      YEAR
                                                  NORMAL
..................................................................
TEMPERATURE (F)
 YESTERDAY
  MAXIMUM         98    403 PM 113    2010 101     -3       95
  MINIMUM         76    704 AM  55    1907  76      0       78
  AVERAGE         87                        88     -1       87

PRECIPITATION (IN)
  YESTERDAY        0.00          0.84 1935   0.02  -0.02      T
  MONTH TO DATE    0.45                      0.36   0.09      T
  SINCE OCT 1      3.19                      3.39  -0.20     1.89
  SINCE JAN 1      2.24                      2.45  -0.21     1.75

DEGREE DAYS
 HEATING
  YESTERDAY        0                         0      0        0
  MONTH TO DATE    0                         0      0        0
  SINCE SEP 1      0                         0      0        0
  SINCE JUL 1      0                         0      0        0

 COOLING
  YESTERDAY       22                        23     -1       22
  MONTH TO DATE  468                       493    -25      458
  SINCE SEP 1    468                       493    -25      458
  SINCE JAN 1   4236                      3946    290     4205
..................................................................


WIND (MPH)
  HIGHEST WIND SPEED    14   HIGHEST WIND DIRECTION     W (260)
  HIGHEST GUST SPEED    18   HIGHEST GUST DIRECTION     W (250)
  AVERAGE WIND SPEED     6.3


SKY COVER
  AVERAGE SKY COVER 0.0


WEATHER CONDITIONS
 THE FOLLOWING WEATHER WAS RECORDED YESTERDAY.
  NO SIGNIFICANT WEATHER WAS OBSERVED.


RELATIVE HUMIDITY (PERCENT)
 HIGHEST    87
 LOWEST     10
 AVERAGE    49

..........................................................


THE YUMA AZ CLIMATE NORMALS FOR TODAY
                         NORMAL    RECORD    YEAR
 MAXIMUM TEMPERATURE (F)  100       108      2012
                                             2010
                                             1958
 MINIMUM TEMPERATURE (F)   76        53      1965


SUNRISE AND SUNSET
SEPTEMBER 20 2017.....SUNRISE   626 AM MST   SUNSET   637 PM MST
SEPTEMBER 21 2017.....SUNRISE   626 AM MST   SUNSET   636 PM MST


-  INDICATES NEGATIVE NUMBERS.
R  INDICATES RECORD WAS SET OR TIED.
MM INDICATES DATA IS MISSING.
T  INDICATES TRACE AMOUNT.

$$
