489
CDUS45 KPSR 260024
CLINYL

CLIMATE REPORT
NATIONAL WEATHER SERVICE PHOENIX AZ
522 PM MST THU AUG 25 2016


...................................

...THE YUMA AZ CLIMATE SUMMARY FOR AUGUST 25 2016...
VALID TODAY AS OF 0500 PM LOCAL TIME.

CLIMATE NORMAL PERIOD 1981 TO 2010
CLIMATE RECORD PERIOD 1876 TO 2016


WEATHER ITEM   OBSERVED TIME   RECORD YEAR NORMAL DEPARTURE LAST
                VALUE   (LST)  VALUE       VALUE  FROM      YEAR
                                                  NORMAL
..................................................................
TEMPERATURE (F)
 TODAY
  MAXIMUM        106    357 PM 116    1962 106      0      100
  MINIMUM         83    705 AM  66    1900  82      1       85
                                      1892
  AVERAGE         95                        94      1       93

PRECIPITATION (IN)
  TODAY            0.00          0.59 1982   0.01  -0.01      T
  MONTH TO DATE    0.08                      0.38  -0.30      T
  SINCE OCT 1      1.89                      2.94  -1.05     1.68
  SINCE JAN 1      1.75                      2.00  -0.25     1.24

DEGREE DAYS
 HEATING
  TODAY            0                         0      0        0
  MONTH TO DATE    0                         0      0        0
  SINCE JUN 1      0                         0      0        0
  SINCE JUL 1      0                         0      0        0

 COOLING
  TODAY           30                        29      1       28
  MONTH TO DATE  770                       737     33      820
  SINCE JUN 1   2574                      2371    203     2505
  SINCE JAN 1   3575                      3283    292     3584
..................................................................


WIND (MPH)
  HIGHEST WIND SPEED    22   HIGHEST WIND DIRECTION     S (160)
  HIGHEST GUST SPEED    26   HIGHEST GUST DIRECTION     S (170)
  AVERAGE WIND SPEED    13.9


SKY COVER
  AVERAGE SKY COVER 0.1


WEATHER CONDITIONS
 THE FOLLOWING WEATHER WAS RECORDED TODAY.
  NO SIGNIFICANT WEATHER WAS OBSERVED.


RELATIVE HUMIDITY (PERCENT)
 HIGHEST    79
 LOWEST     19
 AVERAGE    49

..........................................................


THE YUMA AZ CLIMATE NORMALS FOR TOMORROW
                         NORMAL    RECORD    YEAR
 MAXIMUM TEMPERATURE (F)  106       113      2011
                                             1944
                                             1910
 MINIMUM TEMPERATURE (F)   82        65      1940


SUNRISE AND SUNSET
AUGUST 25 2016........SUNRISE   609 AM MST   SUNSET   711 PM MST
AUGUST 26 2016........SUNRISE   610 AM MST   SUNSET   710 PM MST


-  INDICATES NEGATIVE NUMBERS.
R  INDICATES RECORD WAS SET OR TIED.
MM INDICATES DATA IS MISSING.
T  INDICATES TRACE AMOUNT.

$$
