000
CDUS46 KMTR 260828
CLIOAK


CLIMATE REPORT
NATIONAL WEATHER SERVICE SAN FRANCISCO BAY AREA
127 AM PDT MON SEP 26 2016


...................................

...THE OAKLAND AIRPORT CLIMATE SUMMARY FOR SEPTEMBER 25 2016...

CLIMATE NORMAL PERIOD 1981 TO 2010
CLIMATE RECORD PERIOD 1948 TO 2016


WEATHER ITEM   OBSERVED TIME   RECORD YEAR NORMAL DEPARTURE LAST
                VALUE   (LST)  VALUE       VALUE  FROM      YEAR
                                                  NORMAL
..................................................................
TEMPERATURE (F)
 YESTERDAY
  MAXIMUM         94R   309 PM  94    2010  74     20       75
  MINIMUM         55    513 AM  44    1948  54      1       57
  AVERAGE         75                        64     11       66

PRECIPITATION (IN)
  YESTERDAY        0.00          0.43 2014   0.01  -0.01     0.00
  MONTH TO DATE    0.00                      0.14  -0.14      T
  SINCE OCT 1     16.56                     20.73  -4.17    14.58
  SINCE JAN 1     11.34                     13.42  -2.08     3.36

SNOWFALL (IN)
  YESTERDAY        0.0                                       0.0
  MONTH TO DATE    0.0                                       0.0
  SINCE SEP 1      0.0                                       0.0
  SINCE JUL 1      0.0                                       0.0

DEGREE DAYS
 HEATING
  YESTERDAY        0                         3     -3        0
  MONTH TO DATE   26                        49    -23        5
  SINCE SEP 1     26                        49    -23        5
  SINCE JUL 1     82                       189   -107        7

 COOLING
  YESTERDAY       10                         1      9        1
  MONTH TO DATE   39                        42     -3       98
  SINCE SEP 1     39                        42     -3       98
  SINCE JAN 1    137                       122     15      320
..................................................................


WIND (MPH)
  RESULTANT WIND SPEED   1   RESULTANT WIND DIRECTION   W (260)
  HIGHEST WIND SPEED    20   HIGHEST WIND DIRECTION    NE (40)
  HIGHEST GUST SPEED    24   HIGHEST GUST DIRECTION    NE (50)
  AVERAGE WIND SPEED     4.7


SKY COVER
  POSSIBLE SUNSHINE  MM
  AVERAGE SKY COVER 0.0


WEATHER CONDITIONS
 THE FOLLOWING WEATHER WAS RECORDED YESTERDAY.
  NO SIGNIFICANT WEATHER WAS OBSERVED.


RELATIVE HUMIDITY (PERCENT)
 HIGHEST    87           200 AM
 LOWEST     21           800 AM
 AVERAGE    54

..........................................................


THE OAKLAND AIRPORT CLIMATE NORMALS FOR TODAY
                         NORMAL    RECORD    YEAR
 MAXIMUM TEMPERATURE (F)   73        97      1958
 MINIMUM TEMPERATURE (F)   54        44      1948


SUNRISE AND SUNSET
SEPTEMBER 26 2016.....SUNRISE   701 AM PDT   SUNSET   659 PM PDT
SEPTEMBER 27 2016.....SUNRISE   701 AM PDT   SUNSET   657 PM PDT


-  INDICATES NEGATIVE NUMBERS.
R  INDICATES RECORD WAS SET OR TIED.
MM INDICATES DATA IS MISSING.
T  INDICATES TRACE AMOUNT.




$$
