000
CDUS46 KMTR 300826
CLIOAK


CLIMATE REPORT
NATIONAL WEATHER SERVICE SAN FRANCISCO BAY AREA
125 AM PDT SAT JUL 30 2016


...................................

...THE OAKLAND AIRPORT CLIMATE SUMMARY FOR JULY 29 2016...

CLIMATE NORMAL PERIOD 1981 TO 2010
CLIMATE RECORD PERIOD 1948 TO 2016


WEATHER ITEM   OBSERVED TIME   RECORD YEAR NORMAL DEPARTURE LAST
                VALUE   (LST)  VALUE       VALUE  FROM      YEAR
                                                  NORMAL
..................................................................
TEMPERATURE (F)
 YESTERDAY
  MAXIMUM         73    302 PM  91    1977  70      3       79
  MINIMUM         56    505 AM  53    1950  56      0       60
  AVERAGE         65                        63      2       70

PRECIPITATION (IN)
  YESTERDAY        0.00          T    2009   0.00   0.00     0.00
                                      2009
                                      2012
  MONTH TO DATE    T                         0.01  -0.01     0.01
  SINCE OCT 1     16.56                     20.54  -3.98    14.58
  SINCE JAN 1     11.34                     13.23  -1.89     3.36

SNOWFALL (IN)
  YESTERDAY        0.0                                       0.0
  MONTH TO DATE    0.0                                       0.0
  SINCE JUN 1      0.0                                       0.0
  SINCE JUL 1      0.0                                       0.0

DEGREE DAYS
 HEATING
  YESTERDAY        0                         3     -3        0
  MONTH TO DATE   33                        87    -54        2
  SINCE JUN 1     64                       190   -126       64
  SINCE JUL 1     33                        87    -54        2

 COOLING
  YESTERDAY        0                         0      0        5
  MONTH TO DATE   17                        21     -4       71
  SINCE JUN 1     49                        39     10       90
  SINCE JAN 1     83                        55     28       94
..................................................................


WIND (MPH)
  RESULTANT WIND SPEED  10   RESULTANT WIND DIRECTION  NW (300)
  HIGHEST WIND SPEED    21   HIGHEST WIND DIRECTION     W (280)
  HIGHEST GUST SPEED    23   HIGHEST GUST DIRECTION     W (290)
  AVERAGE WIND SPEED    10.0


SKY COVER
  POSSIBLE SUNSHINE  MM
  AVERAGE SKY COVER 0.2


WEATHER CONDITIONS
 THE FOLLOWING WEATHER WAS RECORDED YESTERDAY.
  NO SIGNIFICANT WEATHER WAS OBSERVED.


RELATIVE HUMIDITY (PERCENT)
 HIGHEST    93          1200 AM
 LOWEST     53           200 PM
 AVERAGE    73

..........................................................


THE OAKLAND AIRPORT CLIMATE NORMALS FOR TODAY
                         NORMAL    RECORD    YEAR
 MAXIMUM TEMPERATURE (F)   70        95      1977
 MINIMUM TEMPERATURE (F)   56        52      1951


SUNRISE AND SUNSET
JULY 30 2016..........SUNRISE   611 AM PDT   SUNSET   819 PM PDT
JULY 31 2016..........SUNRISE   612 AM PDT   SUNSET   818 PM PDT


-  INDICATES NEGATIVE NUMBERS.
R  INDICATES RECORD WAS SET OR TIED.
MM INDICATES DATA IS MISSING.
T  INDICATES TRACE AMOUNT.




$$
