000
CDUS46 KMTR 050026
CLIOAK


CLIMATE REPORT
NATIONAL WEATHER SERVICE SAN FRANCISCO BAY AREA
525 PM PDT TUE AUG 4 2015


...................................

...THE OAKLAND AIRPORT CLIMATE SUMMARY FOR AUGUST 4 2015...
VALID TODAY AS OF 0500 PM LOCAL TIME.

CLIMATE NORMAL PERIOD 1981 TO 2010
CLIMATE RECORD PERIOD 1948 TO 2015


WEATHER ITEM   OBSERVED TIME   RECORD YEAR NORMAL DEPARTURE LAST
                VALUE   (LST)  VALUE       VALUE  FROM      YEAR
                                                  NORMAL
..................................................................
TEMPERATURE (F)
 TODAY
  MAXIMUM         75    315 PM  89    1998  70      5       73
  MINIMUM         62    402 AM  53    2008  56      6       61
  AVERAGE         69                        63      6       67

PRECIPITATION (IN)
  TODAY            0.00          T    2010   0.00   0.00     0.00
                                      2010
                                      2013
  MONTH TO DATE    0.00                      0.00   0.00     0.00
  SINCE OCT 1     14.58                     20.54  -5.96     9.45
  SINCE JAN 1      3.36                     13.23  -9.87     7.99

SNOWFALL (IN)
  TODAY            0.0           0.0  1985
  MONTH TO DATE    0.0
  SINCE JUN 1      0.0
  SINCE JUL 1      0.0

DEGREE DAYS
 HEATING
  TODAY            0                         2     -2        0
  MONTH TO DATE    0                         9     -9        1
  SINCE JUN 1     64                       195   -131       93
  SINCE JUL 1      2                        92    -90       22

 COOLING
  TODAY            4                         0      4        2
  MONTH TO DATE   16                         0     16        2
  SINCE JUN 1    111                        36     75       91
  SINCE JAN 1    115                        52     63      135
..................................................................


WIND (MPH)
  RESULTANT WIND SPEED   9   RESULTANT WIND DIRECTION   W (270)
  HIGHEST WIND SPEED    18   HIGHEST WIND DIRECTION     W (270)
  HIGHEST GUST SPEED    22   HIGHEST GUST DIRECTION     W (260)
  AVERAGE WIND SPEED     9.6


SKY COVER
  POSSIBLE SUNSHINE  MM
  AVERAGE SKY COVER 0.7


WEATHER CONDITIONS
 THE FOLLOWING WEATHER WAS RECORDED TODAY.
  NO SIGNIFICANT WEATHER WAS OBSERVED.


RELATIVE HUMIDITY (PERCENT)
 HIGHEST    78           200 AM
 LOWEST     46           200 PM
 AVERAGE    62

..........................................................


THE OAKLAND AIRPORT CLIMATE NORMALS FOR TOMORROW
                         NORMAL    RECORD    YEAR
 MAXIMUM TEMPERATURE (F)   70        85      1961
 MINIMUM TEMPERATURE (F)   56        51      2005


SUNRISE AND SUNSET
AUGUST  4 2015........SUNRISE   615 AM PDT   SUNSET   814 PM PDT
AUGUST  5 2015........SUNRISE   616 AM PDT   SUNSET   813 PM PDT


-  INDICATES NEGATIVE NUMBERS.
R  INDICATES RECORD WAS SET OR TIED.
MM INDICATES DATA IS MISSING.
T  INDICATES TRACE AMOUNT.




$$
