000
CDUS46 KMTR 010030
CLIOAK


CLIMATE REPORT
NATIONAL WEATHER SERVICE SAN FRANCISCO BAY AREA
530 PM PDT FRI OCT 31 2014


...................................

...THE OAKLAND AIRPORT CLIMATE SUMMARY FOR OCTOBER 31 2014...
VALID TODAY AS OF 0500 PM LOCAL TIME.

CLIMATE NORMAL PERIOD 1981 TO 2010
CLIMATE RECORD PERIOD 1948 TO 2014


WEATHER ITEM   OBSERVED TIME   RECORD YEAR NORMAL DEPARTURE LAST
                VALUE   (LST)  VALUE       VALUE  FROM      YEAR
                                                  NORMAL
..................................................................
TEMPERATURE (F)
 TODAY
  MAXIMUM         64    800 AM  87    1966  67     -3       69
  MINIMUM         58    226 PM  40    2002  49      9       45
  AVERAGE         61                        58      3       57

PRECIPITATION (IN)
  TODAY            0.32R         0.15 2012   0.07   0.25     0.00
  MONTH TO DATE    0.57                      1.20  -0.63     0.01
  SINCE JUL 1      1.02                      1.48  -0.46     0.62
  SINCE JAN 1      9.00                     14.70  -5.70     3.44

SNOWFALL (IN)
  TODAY            0.0           0.0  1985
  MONTH TO DATE    0.0
  SINCE SEP 1      0.0
  SINCE JUL 1      0.0

DEGREE DAYS
 HEATING
  TODAY            4                         7     -3        8
  MONTH TO DATE   63                       151    -88      168
  SINCE SEP 1     68                       212   -144      185
  SINCE JUL 1     93                       352   -259      272

 COOLING
  TODAY            0                         0      0        0
  MONTH TO DATE   39                        12     27       13
  SINCE SEP 1    109                        57     52       68
  SINCE JAN 1    305                       137    168      212
..................................................................


WIND (MPH)
  RESULTANT WIND SPEED   7   RESULTANT WIND DIRECTION   S (180)
  HIGHEST WIND SPEED    18   HIGHEST WIND DIRECTION     W (250)
  HIGHEST GUST SPEED    24   HIGHEST GUST DIRECTION     S (160)
  AVERAGE WIND SPEED     8.5


SKY COVER
  POSSIBLE SUNSHINE  MM
  AVERAGE SKY COVER 0.9


WEATHER CONDITIONS
 THE FOLLOWING WEATHER WAS RECORDED TODAY.
  RAIN
  LIGHT RAIN
  FOG


RELATIVE HUMIDITY (PERCENT)
 HIGHEST    87           300 PM
 LOWEST     72          1200 AM
 AVERAGE    80

..........................................................


THE OAKLAND AIRPORT CLIMATE NORMALS FOR TOMORROW
                         NORMAL    RECORD    YEAR
 MAXIMUM TEMPERATURE (F)   67        81      2011
 MINIMUM TEMPERATURE (F)   49        39      2003


SUNRISE AND SUNSET
OCTOBER 31 2014.......SUNRISE   733 AM PDT   SUNSET   611 PM PDT
NOVEMBER  1 2014......SUNRISE   734 AM PDT   SUNSET   610 PM PDT


-  INDICATES NEGATIVE NUMBERS.
R  INDICATES RECORD WAS SET OR TIED.
MM INDICATES DATA IS MISSING.
T  INDICATES TRACE AMOUNT.




$$
