000
CDUS46 KMTR 200826
CLIOAK


CLIMATE REPORT
NATIONAL WEATHER SERVICE SAN FRANCISCO BAY AREA
1226 AM PST TUE FEB 20 2018


...................................

...THE OAKLAND AIRPORT CLIMATE SUMMARY FOR FEBRUARY 19 2018...

CLIMATE NORMAL PERIOD 1981 TO 2010
CLIMATE RECORD PERIOD 1948 TO 2018


WEATHER ITEM   OBSERVED TIME   RECORD YEAR NORMAL DEPARTURE LAST
                VALUE   (LST)  VALUE       VALUE  FROM      YEAR
                                                  NORMAL
..................................................................
TEMPERATURE (F)
 YESTERDAY
  MAXIMUM         53    131 PM  72    1964  60     -7       57
  MINIMUM         41   1159 PM  35    1955  45     -4       51
  AVERAGE         47                        52     -5       54

PRECIPITATION (IN)
  YESTERDAY        T             0.97 1980   0.15  -0.15     0.08
  MONTH TO DATE    T                         2.50  -2.50     4.86
  SINCE OCT 1      7.81                     13.80  -5.99    20.82
  SINCE JAN 1      4.59                      6.49  -1.90    12.39

SNOWFALL (IN)
  YESTERDAY       MM                                         0.0
  MONTH TO DATE    0.0                                       0.0
  SINCE DEC 1      0.0                                       0.0
  SINCE JUL 1      0.0                                       0.0

DEGREE DAYS
 HEATING
  YESTERDAY       18                        12      6       11
  MONTH TO DATE  195                       254    -59      152
  SINCE DEC 1   1112                      1238   -126     1030
  SINCE JUL 1   1574                      1913   -339     1400

 COOLING
  YESTERDAY        0                         0      0        0
  MONTH TO DATE    0                         0      0        0
  SINCE DEC 1      0                         0      0        0
  SINCE JAN 1      0                         0      0        0
..................................................................


WIND (MPH)
  RESULTANT WIND SPEED  11   RESULTANT WIND DIRECTION  NW (320)
  HIGHEST WIND SPEED    23   HIGHEST WIND DIRECTION     W (290)
  HIGHEST GUST SPEED    29   HIGHEST GUST DIRECTION    NW (300)
  AVERAGE WIND SPEED    11.7


SKY COVER
  POSSIBLE SUNSHINE  MM
  AVERAGE SKY COVER 0.3


WEATHER CONDITIONS
 THE FOLLOWING WEATHER WAS RECORDED YESTERDAY.
  NO SIGNIFICANT WEATHER WAS OBSERVED.


RELATIVE HUMIDITY (PERCENT)
 HIGHEST    67           600 AM
 LOWEST     35           200 PM
 AVERAGE    51

..........................................................


THE OAKLAND AIRPORT CLIMATE NORMALS FOR TODAY
                         NORMAL    RECORD    YEAR
 MAXIMUM TEMPERATURE (F)   60        70      1964
 MINIMUM TEMPERATURE (F)   45        34      2006


SUNRISE AND SUNSET
FEBRUARY 20 2018......SUNRISE   652 AM PST   SUNSET   553 PM PST
FEBRUARY 21 2018......SUNRISE   651 AM PST   SUNSET   555 PM PST


-  INDICATES NEGATIVE NUMBERS.
R  INDICATES RECORD WAS SET OR TIED.
MM INDICATES DATA IS MISSING.
T  INDICATES TRACE AMOUNT.




$$
