000
CDUS46 KMTR 280029
CLIOAK


CLIMATE REPORT
NATIONAL WEATHER SERVICE SAN FRANCISCO BAY AREA
529 PM PDT WED MAY 27 2015


...................................

...THE OAKLAND AIRPORT CLIMATE SUMMARY FOR MAY 27 2015...
VALID TODAY AS OF 0500 PM LOCAL TIME.

CLIMATE NORMAL PERIOD 1981 TO 2010
CLIMATE RECORD PERIOD 1948 TO 2015


WEATHER ITEM   OBSERVED TIME   RECORD YEAR NORMAL DEPARTURE LAST
                VALUE   (LST)  VALUE       VALUE  FROM      YEAR
                                                  NORMAL
..................................................................
TEMPERATURE (F)
 TODAY
  MAXIMUM         63    138 PM  89    1984  68     -5       68
  MINIMUM         53    607 AM  44    1953  52      1       54
  AVERAGE         58                        60     -2       61

PRECIPITATION (IN)
  TODAY            0.00          0.53 2010   0.01  -0.01     0.00
  MONTH TO DATE    T                         0.62  -0.62      T
  SINCE OCT 1     14.39                     20.29  -5.90     9.44
  SINCE JAN 1      3.17                     12.98  -9.81     7.98

SNOWFALL (IN)
  TODAY            0.0           0.0  1985
  MONTH TO DATE    0.0
  SINCE MAR 1      0.0
  SINCE JUL 1      0.0

DEGREE DAYS
 HEATING
  TODAY            7                         5      2        4
  MONTH TO DATE  184                       162     22       68
  SINCE MAR 1    596                       726   -130      434
  SINCE JUL 1   1905                      2748   -843     2255

 COOLING
  TODAY            0                         0      0        0
  MONTH TO DATE    0                         0      0       31
  SINCE MAR 1      4                         6     -2       44
  SINCE JAN 1      4                         6     -2       44
..................................................................


WIND (MPH)
  RESULTANT WIND SPEED  12   RESULTANT WIND DIRECTION   W (270)
  HIGHEST WIND SPEED    21   HIGHEST WIND DIRECTION     W (270)
  HIGHEST GUST SPEED    24   HIGHEST GUST DIRECTION     W (260)
  AVERAGE WIND SPEED    12.3


SKY COVER
  POSSIBLE SUNSHINE  MM
  AVERAGE SKY COVER 0.8


WEATHER CONDITIONS
 THE FOLLOWING WEATHER WAS RECORDED TODAY.
  NO SIGNIFICANT WEATHER WAS OBSERVED.


RELATIVE HUMIDITY (PERCENT)
 HIGHEST    83           500 AM
 LOWEST     60           200 PM
 AVERAGE    72

..........................................................


THE OAKLAND AIRPORT CLIMATE NORMALS FOR TOMORROW
                         NORMAL    RECORD    YEAR
 MAXIMUM TEMPERATURE (F)   68        96      1975
 MINIMUM TEMPERATURE (F)   52        47      1959


SUNRISE AND SUNSET
MAY 27 2015...........SUNRISE   551 AM PDT   SUNSET   821 PM PDT
MAY 28 2015...........SUNRISE   551 AM PDT   SUNSET   822 PM PDT


-  INDICATES NEGATIVE NUMBERS.
R  INDICATES RECORD WAS SET OR TIED.
MM INDICATES DATA IS MISSING.
T  INDICATES TRACE AMOUNT.




$$
