000
CDUS43 KOAX 201029 CCA
CLIOAX

CLIMATE REPORT...CORRECTION
NATIONAL WEATHER SERVICE OMAHA NEBRASKA
123 AM CDT MON OCT 20 2014

...CORRECTED TIME OF LOW...


...................................

...THE VALLEY  NWS, NEBRASKA CLIMATE SUMMARY FOR OCTOBER 19 2014...

CLIMATE NORMAL PERIOD 1981 TO 2010
CLIMATE RECORD PERIOD 1997 TO 2014


WEATHER ITEM   OBSERVED TIME   NORMAL DEPARTURE LAST
                VALUE   (LST)  VALUE  FROM      YEAR
                                      NORMAL
......................................................
TEMPERATURE (F)
 YESTERDAY
  MAXIMUM         73    321 PM  63     10       62
  MINIMUM         44    605 AM  41      3       33
  AVERAGE         59            52      7       48

PRECIPITATION (IN)
  YESTERDAY        0.00          0.07  -0.07     0.00
  MONTH TO DATE    0.79          1.51  -0.72     4.39
  SINCE SEP 1      5.39          4.36   1.03     5.93
  SINCE JAN 1     35.44         29.28   6.16    26.97

SNOWFALL (IN)
  YESTERDAY        0.0                           0.0
  MONTH TO DATE    0.0                           0.0
  SINCE JUL 1      0.0                           0.0
  SNOW DEPTH       0

DEGREE DAYS
 HEATING
  YESTERDAY        6            13     -7       17
  MONTH TO DATE  184           191     -7      158
  SINCE SEP 1    266           281    -15      173
  SINCE JUL 1    267           287    -20      178

 COOLING
  YESTERDAY        0             0      0        0
  MONTH TO DATE    4            13     -9       21
  SINCE SEP 1    112           121     -9      225
  SINCE JAN 1   1037          1072    -35     1237
......................................................


WIND (MPH)
  HIGHEST WIND SPEED    MM   HIGHEST WIND DIRECTION    MM
  HIGHEST GUST SPEED    26   HIGHEST GUST DIRECTION    MM


SKY COVER
  POSSIBLE SUNSHINE  MM


WEATHER CONDITIONS
 THE FOLLOWING WEATHER WAS RECORDED YESTERDAY.
  NO SIGNIFICANT WEATHER WAS OBSERVED.


..........................................................


THE VALLEY  NWS, NEBRASKA CLIMATE NORMALS FOR TODAY
                         NORMAL
 MAXIMUM TEMPERATURE (F)   63
 MINIMUM TEMPERATURE (F)   40


SUNRISE AND SUNSET
OCTOBER 20 2014.......SUNRISE   743 AM CDT   SUNSET   637 PM CDT
OCTOBER 21 2014.......SUNRISE   744 AM CDT   SUNSET   635 PM CDT


-  INDICATES NEGATIVE NUMBERS.
R  INDICATES RECORD WAS SET OR TIED.
MM INDICATES DATA IS MISSING.
T  INDICATES TRACE AMOUNT.




$$

COR BY KLISH
