000
CDUS43 KOAX 280631
CLIOAX


CLIMATE REPORT
NATIONAL WEATHER SERVICE OMAHA NEBRASKA
1228 AM CST SUN DEC 28 2014


...................................

...THE VALLEY  NWS, NEBRASKA CLIMATE SUMMARY FOR DECEMBER 27 2014...

CLIMATE NORMAL PERIOD 1981 TO 2010
CLIMATE RECORD PERIOD 1997 TO 2014


WEATHER ITEM   OBSERVED TIME   NORMAL DEPARTURE LAST
                VALUE   (LST)  VALUE  FROM      YEAR
                                      NORMAL
......................................................
TEMPERATURE (F)
 YESTERDAY
  MAXIMUM         28   1200 AM  32     -4       62
  MINIMUM         18    758 AM  15      3       20
  AVERAGE         23            23      0       41

PRECIPITATION (IN)
  YESTERDAY        0.03          0.03   0.00     0.00
  MONTH TO DATE    1.86          1.00   0.86     0.18
  SINCE DEC 1      1.86          1.00   0.86     0.18
  SINCE JAN 1     38.34         32.53   5.81    29.09

SNOWFALL (IN)
  YESTERDAY        0.4                           0.0
  MONTH TO DATE    0.7                           3.4
  SINCE JUL 1      3.7                           4.1
  SNOW DEPTH       1

DEGREE DAYS
 HEATING
  YESTERDAY       42            42      0       24
  MONTH TO DATE  836          1042   -206     1141
  SINCE DEC 1    836          1042   -206     1141
  SINCE JUL 1   2153          2312   -159     2360

 COOLING
  YESTERDAY        0             0      0        0
  MONTH TO DATE    0             0      0        0
  SINCE DEC 1      0             0      0        0
  SINCE JAN 1   1039          1075    -36     1237
......................................................


WIND (MPH)
  HIGHEST WIND SPEED    MM   HIGHEST WIND DIRECTION    MM
  HIGHEST GUST SPEED    26   HIGHEST GUST DIRECTION    MM


SKY COVER
  POSSIBLE SUNSHINE  MM


WEATHER CONDITIONS
 THE FOLLOWING WEATHER WAS RECORDED YESTERDAY.
  LIGHT SNOW


..........................................................


THE VALLEY  NWS, NEBRASKA CLIMATE NORMALS FOR TODAY
                         NORMAL
 MAXIMUM TEMPERATURE (F)   32
 MINIMUM TEMPERATURE (F)   15


SUNRISE AND SUNSET
DECEMBER 28 2014......SUNRISE   751 AM CST   SUNSET   504 PM CST
DECEMBER 29 2014......SUNRISE   751 AM CST   SUNSET   504 PM CST


-  INDICATES NEGATIVE NUMBERS.
R  INDICATES RECORD WAS SET OR TIED.
MM INDICATES DATA IS MISSING.
T  INDICATES TRACE AMOUNT.




$$
