000
CDUS43 KOAX 050629
CLIOAX


CLIMATE REPORT
NATIONAL WEATHER SERVICE OMAHA NEBRASKA
125 AM CDT SAT SEP 5 2015


...................................

...THE VALLEY  NWS, NEBRASKA CLIMATE SUMMARY FOR SEPTEMBER 4 2015...

CLIMATE NORMAL PERIOD 1981 TO 2010
CLIMATE RECORD PERIOD 1997 TO 2015


WEATHER ITEM   OBSERVED TIME   NORMAL DEPARTURE LAST
                VALUE   (LST)  VALUE  FROM      YEAR
                                      NORMAL
......................................................
TEMPERATURE (F)
 YESTERDAY
  MAXIMUM         89    300 PM  81      8       89
  MINIMUM         72    600 AM  59     13       67
  AVERAGE         81            70     11       78

PRECIPITATION (IN)
  YESTERDAY        0.10          0.10   0.00     0.00
  MONTH TO DATE    0.10          0.43  -0.33      T
  SINCE SEP 1      0.10          0.43  -0.33      T
  SINCE JAN 1     25.75         25.35   0.40    30.05

SNOWFALL (IN)
  YESTERDAY        0.0                           0.0
  MONTH TO DATE    0.0                           0.0
  SINCE JUL 1      0.0                           0.0
  SNOW DEPTH       0

DEGREE DAYS
 HEATING
  YESTERDAY        0             1     -1        0
  MONTH TO DATE    0             4     -4        0
  SINCE SEP 1      0             4     -4        0
  SINCE JUL 1      7            10     -3        1

 COOLING
  YESTERDAY       16             6     10       13
  MONTH TO DATE   62            24     38       33
  SINCE SEP 1     62            24     38       33
  SINCE JAN 1    903           975    -72      958
......................................................


WIND (MPH)
  HIGHEST WIND SPEED    MM   HIGHEST WIND DIRECTION    MM
  HIGHEST GUST SPEED    25   HIGHEST GUST DIRECTION    MM


SKY COVER
  POSSIBLE SUNSHINE  MM


WEATHER CONDITIONS
 THE FOLLOWING WEATHER WAS RECORDED YESTERDAY.
  LIGHT RAIN


..........................................................


THE VALLEY  NWS, NEBRASKA CLIMATE NORMALS FOR TODAY
                         NORMAL
 MAXIMUM TEMPERATURE (F)   80
 MINIMUM TEMPERATURE (F)   59


SUNRISE AND SUNSET
SEPTEMBER  5 2015.....SUNRISE   656 AM CDT   SUNSET   752 PM CDT
SEPTEMBER  6 2015.....SUNRISE   657 AM CDT   SUNSET   750 PM CDT


-  INDICATES NEGATIVE NUMBERS.
R  INDICATES RECORD WAS SET OR TIED.
MM INDICATES DATA IS MISSING.
T  INDICATES TRACE AMOUNT.




$$
