457
CDUS43 KOAX 250938 CCA
CLIOAX

CLIMATE REPORT...CORRECTED
NATIONAL WEATHER SERVICE OMAHA NEBRASKA
137 AM CDT SUN SEP 25 2016

CORRECTED PRECIPITATION.

...................................

...THE VALLEY  NWS, NEBRASKA CLIMATE SUMMARY FOR SEPTEMBER 24 2016...

CLIMATE NORMAL PERIOD 1981 TO 2010
CLIMATE RECORD PERIOD 1997 TO 2016


WEATHER ITEM   OBSERVED TIME   NORMAL DEPARTURE LAST
                VALUE   (LST)  VALUE  FROM      YEAR
                                      NORMAL
......................................................
TEMPERATURE (F)
 YESTERDAY
  MAXIMUM         80   1001 AM  74      6       73
  MINIMUM         69   1159 PM  51     18       65
  AVERAGE         75            62     13       69

PRECIPITATION (IN)
  YESTERDAY        0.10          0.09   0.01     1.47
  MONTH TO DATE    2.29          2.34  -0.05     4.78
  SINCE SEP 1      2.29          2.34  -0.05     4.78
  SINCE JAN 1     39.73         27.26  12.47    30.43

SNOWFALL (IN)
  YESTERDAY        0.0                           0.0
  MONTH TO DATE    0.0                           0.0
  SINCE JUL 1      0.0                           0.0
  SNOW DEPTH       0

DEGREE DAYS
 HEATING
  YESTERDAY        0             5     -5        0
  MONTH TO DATE   10            56    -46       24
  SINCE SEP 1     10            56    -46       24
  SINCE JUL 1     12            62    -50       31

 COOLING
  YESTERDAY       10             2      8        4
  MONTH TO DATE  174            98     76      193
  SINCE SEP 1    174            98     76      193
  SINCE JAN 1   1271          1049    222     1034
......................................................


WIND (MPH)
  HIGHEST WIND SPEED    MM   HIGHEST WIND DIRECTION    MM
  HIGHEST GUST SPEED    23   HIGHEST GUST DIRECTION    MM


SKY COVER
  POSSIBLE SUNSHINE  MM


WEATHER CONDITIONS
 THE FOLLOWING WEATHER WAS RECORDED YESTERDAY.
  LIGHT RAIN


..........................................................


THE VALLEY  NWS, NEBRASKA CLIMATE NORMALS FOR TODAY
                         NORMAL
 MAXIMUM TEMPERATURE (F)   74
 MINIMUM TEMPERATURE (F)   50


SUNRISE AND SUNSET
SEPTEMBER 25 2016.....SUNRISE   717 AM CDT   SUNSET   717 PM CDT
SEPTEMBER 26 2016.....SUNRISE   718 AM CDT   SUNSET   715 PM CDT


-  INDICATES NEGATIVE NUMBERS.
R  INDICATES RECORD WAS SET OR TIED.
MM INDICATES DATA IS MISSING.
T  INDICATES TRACE AMOUNT.




$$
