000
CDUS43 KOAX 170625
CLIOAX


CLIMATE REPORT
NATIONAL WEATHER SERVICE OMAHA NEBRASKA
119 AM CDT WED SEP 17 2014


...................................

...THE VALLEY  NWS, NEBRASKA CLIMATE SUMMARY FOR SEPTEMBER 16 2014...

CLIMATE NORMAL PERIOD 1981 TO 2010
CLIMATE RECORD PERIOD 1997 TO 2014


WEATHER ITEM   OBSERVED TIME   NORMAL DEPARTURE LAST
                VALUE   (LST)  VALUE  FROM      YEAR
                                      NORMAL
......................................................
TEMPERATURE (F)
 YESTERDAY
  MAXIMUM         69    401 PM  77     -8       70
  MINIMUM         45    210 AM  54     -9       55
  AVERAGE         57            66     -9       63

PRECIPITATION (IN)
  YESTERDAY        0.00          0.10  -0.10     0.06
  MONTH TO DATE    3.00          1.65   1.35     0.54
  SINCE SEP 1      3.00          1.65   1.35     0.54
  SINCE JAN 1     33.05         26.57   6.48    21.58

SNOWFALL (IN)
  YESTERDAY        0.0                           0.0
  MONTH TO DATE    0.0                           0.0
  SINCE JUL 1      0.0                           0.0
  SNOW DEPTH       0

DEGREE DAYS
 HEATING
  YESTERDAY        8             3      5        2
  MONTH TO DATE   75            26     49        3
  SINCE SEP 1     75            26     49        3
  SINCE JUL 1     76            32     44        8

 COOLING
  YESTERDAY        0             3     -3        0
  MONTH TO DATE   49            77    -28      149
  SINCE SEP 1     49            77    -28      149
  SINCE JAN 1    974          1028    -54     1161
......................................................


WIND (MPH)
  HIGHEST WIND SPEED    MM   HIGHEST WIND DIRECTION    MM
  HIGHEST GUST SPEED    16   HIGHEST GUST DIRECTION    MM


SKY COVER
  POSSIBLE SUNSHINE  MM


WEATHER CONDITIONS
 THE FOLLOWING WEATHER WAS RECORDED YESTERDAY.
  FOG
  FOG W/VISIBILITY <= 1/4 MILE


..........................................................


THE VALLEY  NWS, NEBRASKA CLIMATE NORMALS FOR TODAY
                         NORMAL
 MAXIMUM TEMPERATURE (F)   77
 MINIMUM TEMPERATURE (F)   54


SUNRISE AND SUNSET
SEPTEMBER 17 2014.....SUNRISE   708 AM CDT   SUNSET   731 PM CDT
SEPTEMBER 18 2014.....SUNRISE   709 AM CDT   SUNSET   729 PM CDT


-  INDICATES NEGATIVE NUMBERS.
R  INDICATES RECORD WAS SET OR TIED.
MM INDICATES DATA IS MISSING.
T  INDICATES TRACE AMOUNT.


$$

BCM
