000
CDUS43 KOAX 220647
CLIOAX


CLIMATE REPORT
NATIONAL WEATHER SERVICE OMAHA NEBRASKA
1246 AM CST MON JAN 22 2018


...................................

...THE VALLEY  NWS, NEBRASKA CLIMATE SUMMARY FOR JANUARY 21 2018...

CLIMATE NORMAL PERIOD 1981 TO 2010
CLIMATE RECORD PERIOD 1997 TO 2018


WEATHER ITEM   OBSERVED TIME   NORMAL DEPARTURE LAST
                VALUE   (LST)  VALUE  FROM      YEAR
                                      NORMAL
......................................................
TEMPERATURE (F)
 YESTERDAY
  MAXIMUM         40   1201 AM  33      7       50
  MINIMUM         36   1124 PM  14     22       32
  AVERAGE         38            23     15       41

PRECIPITATION (IN)
  YESTERDAY        0.25          0.03   0.22      T
  MONTH TO DATE    0.33          0.49  -0.16     0.84
  SINCE DEC 1      0.71          1.60  -0.89     2.15
  SINCE JAN 1      0.33          0.49  -0.16     0.84

SNOWFALL (IN)
  YESTERDAY        0.0                           0.0
  MONTH TO DATE    1.1                           0.5
  SINCE JUL 1      4.4                           3.1
  SNOW DEPTH       0

DEGREE DAYS
 HEATING
  YESTERDAY       27            42    -15       24
  MONTH TO DATE  933           882     51      835
  SINCE DEC 1   2086          2092     -6     2013
  SINCE JUL 1   3161          3362   -201     2802

 COOLING
  YESTERDAY        0             0      0        0
  MONTH TO DATE    0             0      0        0
  SINCE DEC 1      0             0      0        0
  SINCE JAN 1      0             0      0        0
......................................................


WIND (MPH)
  HIGHEST WIND SPEED    MM   HIGHEST WIND DIRECTION    MM
  HIGHEST GUST SPEED    28   HIGHEST GUST DIRECTION    MM


SKY COVER
  POSSIBLE SUNSHINE  MM


WEATHER CONDITIONS
 THE FOLLOWING WEATHER WAS RECORDED YESTERDAY.
  FOG


..........................................................


THE VALLEY  NWS, NEBRASKA CLIMATE NORMALS FOR TODAY
                         NORMAL
 MAXIMUM TEMPERATURE (F)   33
 MINIMUM TEMPERATURE (F)   14


SUNRISE AND SUNSET
JANUARY 22 2018.......SUNRISE   745 AM CST   SUNSET   529 PM CST
JANUARY 23 2018.......SUNRISE   744 AM CST   SUNSET   531 PM CST


-  INDICATES NEGATIVE NUMBERS.
R  INDICATES RECORD WAS SET OR TIED.
MM INDICATES DATA IS MISSING.
T  INDICATES TRACE AMOUNT.




$$
