000
CDUS43 KGID 170632
CLIODX


CLIMATE REPORT
NATIONAL WEATHER SERVICE HASTINGS NE
129 AM CDT TUE OCT 17 2017


...................................

...THE ORD NE CLIMATE SUMMARY FOR OCTOBER 16 2017...

CLIMATE NORMAL PERIOD 1981 TO 2010
CLIMATE RECORD PERIOD 1895 TO 2017


WEATHER ITEM   OBSERVED TIME   NORMAL DEPARTURE LAST
                VALUE   (LST)  VALUE  FROM      YEAR
                                      NORMAL
......................................................
TEMPERATURE (F)
 YESTERDAY
  MAXIMUM         75    250 PM  63     12       75
  MINIMUM         29    552 AM  36     -7       38
  AVERAGE         52            50      2       57

PRECIPITATION (IN)
  YESTERDAY        0.00          0.08  -0.08     0.01
  MONTH TO DATE    5.32          1.10   4.22     0.08
  SINCE SEP 1      8.21          3.54   4.67     1.78
  SINCE JAN 1     28.38         22.45   5.93    28.94

DEGREE DAYS
 HEATING
  YESTERDAY       13            16     -3        8
  MONTH TO DATE  179           204    -25      176
  SINCE SEP 1    279           327    -48      268
  SINCE JUL 1    287           341    -54      282

 COOLING
  YESTERDAY        0             0      0        0
  MONTH TO DATE    1             6     -5        2
  SINCE SEP 1     96            87      9       79
  SINCE JAN 1    840           844     -4      885
......................................................


WIND (MPH)
  HIGHEST WIND SPEED    23   HIGHEST WIND DIRECTION    SW (210)
  HIGHEST GUST SPEED    28   HIGHEST GUST DIRECTION    SW (210)
  AVERAGE WIND SPEED     5.8


SKY COVER
  AVERAGE SKY COVER 0.0


WEATHER CONDITIONS
 THE FOLLOWING WEATHER WAS RECORDED YESTERDAY.
  HAZE


RELATIVE HUMIDITY (PERCENT)
 HIGHEST    89          1200 AM
 LOWEST     18           200 PM
 AVERAGE    54

..........................................................


THE ORD NE CLIMATE NORMALS FOR TODAY
                         NORMAL
 MAXIMUM TEMPERATURE (F)   62
 MINIMUM TEMPERATURE (F)   36


SUNRISE AND SUNSET
OCTOBER 17 2017.......SUNRISE   750 AM CDT   SUNSET   651 PM CDT
OCTOBER 18 2017.......SUNRISE   752 AM CDT   SUNSET   650 PM CDT


-  INDICATES NEGATIVE NUMBERS.
R  INDICATES RECORD WAS SET OR TIED.
MM INDICATES DATA IS MISSING.
T  INDICATES TRACE AMOUNT.




$$
