723
CDUS43 KGID 070637
CLIODX


CLIMATE REPORT
NATIONAL WEATHER SERVICE HASTINGS NE
1236 AM CST WED DEC 7 2016


...................................

...THE ORD NE CLIMATE SUMMARY FOR DECEMBER 6 2016...

CLIMATE NORMAL PERIOD 1981 TO 2010
CLIMATE RECORD PERIOD 1895 TO 2016


WEATHER ITEM   OBSERVED TIME   NORMAL DEPARTURE LAST
                VALUE   (LST)  VALUE  FROM      YEAR
                                      NORMAL
......................................................
TEMPERATURE (F)
 YESTERDAY
  MAXIMUM         32    309 PM  39     -7       55
  MINIMUM         15   1159 PM  15      0       24
  AVERAGE         24            27     -3       40

PRECIPITATION (IN)
  YESTERDAY        0.00          0.04  -0.04     0.00
  MONTH TO DATE    0.00          0.27  -0.27      T
  SINCE DEC 1      0.00          0.27  -0.27      T
  SINCE JAN 1     30.21         24.62   5.59    22.65

DEGREE DAYS
 HEATING
  YESTERDAY       41            38      3       25
  MONTH TO DATE  201           223    -22      199
  SINCE DEC 1    201           223    -22      199
  SINCE JUL 1   1317          1704   -387     1338

 COOLING
  YESTERDAY        0             0      0        0
  MONTH TO DATE    0             0      0        0
  SINCE DEC 1      0             0      0        0
  SINCE JAN 1    887           845     42      818
......................................................


WIND (MPH)
  HIGHEST WIND SPEED    25   HIGHEST WIND DIRECTION    NW (310)
  HIGHEST GUST SPEED    32   HIGHEST GUST DIRECTION    NW (320)
  AVERAGE WIND SPEED    14.1


SKY COVER
  AVERAGE SKY COVER 0.1


WEATHER CONDITIONS
 THE FOLLOWING WEATHER WAS RECORDED YESTERDAY.
  NO SIGNIFICANT WEATHER WAS OBSERVED.


RELATIVE HUMIDITY (PERCENT)
 HIGHEST    80           700 AM
 LOWEST     28           300 PM
 AVERAGE    54

..........................................................


THE ORD NE CLIMATE NORMALS FOR TODAY
                         NORMAL
 MAXIMUM TEMPERATURE (F)   38
 MINIMUM TEMPERATURE (F)   15


SUNRISE AND SUNSET
DECEMBER  7 2016......SUNRISE   749 AM CST   SUNSET   505 PM CST
DECEMBER  8 2016......SUNRISE   750 AM CST   SUNSET   505 PM CST


-  INDICATES NEGATIVE NUMBERS.
R  INDICATES RECORD WAS SET OR TIED.
MM INDICATES DATA IS MISSING.
T  INDICATES TRACE AMOUNT.




$$
