000
CDUS43 KGID 262232
CLIODX


CLIMATE REPORT
NATIONAL WEATHER SERVICE HASTINGS NE
531 PM CDT TUE MAY 26 2015


...................................

...THE ORD NE CLIMATE SUMMARY FOR MAY 26 2015...
VALID TODAY AS OF 0500 PM LOCAL TIME.

CLIMATE NORMAL PERIOD 1981 TO 2010
CLIMATE RECORD PERIOD 1895 TO 2015


WEATHER ITEM   OBSERVED TIME   NORMAL DEPARTURE LAST
                VALUE   (LST)  VALUE  FROM      YEAR
                                      NORMAL
......................................................
TEMPERATURE (F)
 TODAY
  MAXIMUM         70    243 PM  75     -5       88
  MINIMUM         55    615 AM  51      4       57
  AVERAGE         63            63      0       73

PRECIPITATION (IN)
  TODAY            0.00          0.14  -0.14     0.00
  MONTH TO DATE    2.85          3.07  -0.22     0.49
  SINCE MAR 1      5.59          7.11  -1.52     1.95
  SINCE JAN 1      6.33          7.92  -1.59     2.20

DEGREE DAYS
 HEATING
  TODAY            2             4     -2        0
  MONTH TO DATE  219           199     20      256
  SINCE MAR 1   1368          1535   -167     1702
  SINCE JUL 1   6500          6552    -52     6855

 COOLING
  TODAY            0             2     -2        8
  MONTH TO DATE    5            29    -24       29
  SINCE MAR 1      9            31    -22       30
  SINCE JAN 1      9            31    -22       30
......................................................


WIND (MPH)
  HIGHEST WIND SPEED    23   HIGHEST WIND DIRECTION     N (360)
  HIGHEST GUST SPEED    30   HIGHEST GUST DIRECTION    NW (330)
  AVERAGE WIND SPEED    13.2


SKY COVER
  AVERAGE SKY COVER 0.8


WEATHER CONDITIONS
 THE FOLLOWING WEATHER WAS RECORDED TODAY.
  NO SIGNIFICANT WEATHER WAS OBSERVED.


RELATIVE HUMIDITY (PERCENT)
 HIGHEST    93           100 AM
 LOWEST     49           100 PM
 AVERAGE    71

..........................................................


THE ORD NE CLIMATE NORMALS FOR TOMORROW
                         NORMAL
 MAXIMUM TEMPERATURE (F)   75
 MINIMUM TEMPERATURE (F)   51


SUNRISE AND SUNSET
MAY 26 2015...........SUNRISE   607 AM CDT   SUNSET   859 PM CDT
MAY 27 2015...........SUNRISE   607 AM CDT   SUNSET   859 PM CDT


-  INDICATES NEGATIVE NUMBERS.
R  INDICATES RECORD WAS SET OR TIED.
MM INDICATES DATA IS MISSING.
T  INDICATES TRACE AMOUNT.




$$
