000
CDUS43 KGID 280633
CLIODX


CLIMATE REPORT
NATIONAL WEATHER SERVICE HASTINGS NE
1232 AM CST WED JAN 28 2015


...................................

...THE ORD NE CLIMATE SUMMARY FOR JANUARY 27 2015...

CLIMATE NORMAL PERIOD 1981 TO 2010
CLIMATE RECORD PERIOD 1895 TO 2015


WEATHER ITEM   OBSERVED TIME   NORMAL DEPARTURE LAST
                VALUE   (LST)  VALUE  FROM      YEAR
                                      NORMAL
......................................................
TEMPERATURE (F)
 YESTERDAY
  MAXIMUM         63    423 PM  38     25       15
  MINIMUM         23    800 AM  13     10       -2
  AVERAGE         43            25     18        7

PRECIPITATION (IN)
  YESTERDAY        0.00          0.01  -0.01     0.00
  MONTH TO DATE    0.07          0.31  -0.24     0.06
  SINCE DEC 1      1.63          0.90   0.73     0.06
  SINCE JAN 1      0.07          0.31  -0.24     0.06

DEGREE DAYS
 HEATING
  YESTERDAY       22            40    -18       58
  MONTH TO DATE 1083          1093    -10     1085
  SINCE DEC 1   2264          2336    -72     2258
  SINCE JUL 1   3850          3817     33     3738

 COOLING
  YESTERDAY        0             0      0        0
  MONTH TO DATE    0             0      0        0
  SINCE DEC 1      0             0      0        0
  SINCE JAN 1      0             0      0        0
......................................................


WIND (MPH)
  HIGHEST WIND SPEED    12   HIGHEST WIND DIRECTION    SE (140)
  HIGHEST GUST SPEED    14   HIGHEST GUST DIRECTION     S (170)
  AVERAGE WIND SPEED     2.6


SKY COVER
  AVERAGE SKY COVER 0.0


WEATHER CONDITIONS
 THE FOLLOWING WEATHER WAS RECORDED YESTERDAY.
  NO SIGNIFICANT WEATHER WAS OBSERVED.


RELATIVE HUMIDITY (PERCENT)
 HIGHEST    92          1200 AM
 LOWEST     36           400 PM
 AVERAGE    64

..........................................................


THE ORD NE CLIMATE NORMALS FOR TODAY
                         NORMAL
 MAXIMUM TEMPERATURE (F)   38
 MINIMUM TEMPERATURE (F)   13


SUNRISE AND SUNSET
JANUARY 28 2015.......SUNRISE   752 AM CST   SUNSET   546 PM CST
JANUARY 29 2015.......SUNRISE   751 AM CST   SUNSET   547 PM CST


-  INDICATES NEGATIVE NUMBERS.
R  INDICATES RECORD WAS SET OR TIED.
MM INDICATES DATA IS MISSING.
T  INDICATES TRACE AMOUNT.




$$

BRYANT
