000
CDUS43 KGID 290631
CLIODX


CLIMATE REPORT
NATIONAL WEATHER SERVICE HASTINGS NE
130 AM CDT THU JUN 29 2017


...................................

...THE ORD NE CLIMATE SUMMARY FOR JUNE 28 2017...

CLIMATE NORMAL PERIOD 1981 TO 2010
CLIMATE RECORD PERIOD 1895 TO 2017


WEATHER ITEM   OBSERVED TIME   NORMAL DEPARTURE LAST
                VALUE   (LST)  VALUE  FROM      YEAR
                                      NORMAL
......................................................
TEMPERATURE (F)
 YESTERDAY
  MAXIMUM         90    347 PM  85      5       85
  MINIMUM         61    513 AM  60      1       56
  AVERAGE         76            72      4       71

PRECIPITATION (IN)
  YESTERDAY        T             0.09  -0.09     0.13
  MONTH TO DATE    0.59          3.95  -3.36     3.39
  SINCE JUN 1      0.59          3.95  -3.36     3.39
  SINCE JAN 1     11.71         12.61  -0.90    19.93

DEGREE DAYS
 HEATING
  YESTERDAY        0             0      0        0
  MONTH TO DATE   10            39    -29        2
  SINCE JUN 1     10            39    -29        2
  SINCE JUL 1   5958          6609   -651     5689

 COOLING
  YESTERDAY       11             8      3        6
  MONTH TO DATE  203           146     57      251
  SINCE JUN 1    203           146     57      251
  SINCE JAN 1    217           187     30      273
......................................................


WIND (MPH)
  HIGHEST WIND SPEED    17   HIGHEST WIND DIRECTION    NW (320)
  HIGHEST GUST SPEED    23   HIGHEST GUST DIRECTION    NW (330)
  AVERAGE WIND SPEED     6.9


SKY COVER
  AVERAGE SKY COVER 0.0


WEATHER CONDITIONS
 THE FOLLOWING WEATHER WAS RECORDED YESTERDAY.
  RAIN
  LIGHT RAIN


RELATIVE HUMIDITY (PERCENT)
 HIGHEST    90           300 AM
 LOWEST     27           300 PM
 AVERAGE    59

..........................................................


THE ORD NE CLIMATE NORMALS FOR TODAY
                         NORMAL
 MAXIMUM TEMPERATURE (F)   85
 MINIMUM TEMPERATURE (F)   60


SUNRISE AND SUNSET
JUNE 29 2017..........SUNRISE   605 AM CDT   SUNSET   914 PM CDT
JUNE 30 2017..........SUNRISE   605 AM CDT   SUNSET   914 PM CDT


-  INDICATES NEGATIVE NUMBERS.
R  INDICATES RECORD WAS SET OR TIED.
MM INDICATES DATA IS MISSING.
T  INDICATES TRACE AMOUNT.




$$
