000
CDUS43 KGID 180628
CLIODX


CLIMATE REPORT
NATIONAL WEATHER SERVICE HASTINGS NE
1227 AM CST WED JAN 18 2017


...................................

...THE ORD NE CLIMATE SUMMARY FOR JANUARY 17 2017...

CLIMATE NORMAL PERIOD 1981 TO 2010
CLIMATE RECORD PERIOD 1895 TO 2017


WEATHER ITEM   OBSERVED TIME   NORMAL DEPARTURE LAST
                VALUE   (LST)  VALUE  FROM      YEAR
                                      NORMAL
......................................................
TEMPERATURE (F)
 YESTERDAY
  MAXIMUM         41    444 PM  37      4       15
  MINIMUM         15    732 AM  12      3       -5
  AVERAGE         28            25      3        5

PRECIPITATION (IN)
  YESTERDAY        0.00          0.01  -0.01      T
  MONTH TO DATE    0.67          0.17   0.50     0.03
  SINCE DEC 1      1.08          0.76   0.32     0.72
  SINCE JAN 1      0.67          0.17   0.50     0.03

DEGREE DAYS
 HEATING
  YESTERDAY       37            40     -3       60
  MONTH TO DATE  807           693    114      703
  SINCE DEC 1   2087          1936    151     1814
  SINCE JUL 1   3203          3417   -214     2953

 COOLING
  YESTERDAY        0             0      0        0
  MONTH TO DATE    0             0      0        0
  SINCE DEC 1      0             0      0        0
  SINCE JAN 1      0             0      0        0
......................................................


WIND (MPH)
  HIGHEST WIND SPEED    15   HIGHEST WIND DIRECTION    NW (330)
  HIGHEST GUST SPEED    18   HIGHEST GUST DIRECTION    NW (330)
  AVERAGE WIND SPEED     5.0


SKY COVER
  AVERAGE SKY COVER 0.0


WEATHER CONDITIONS
 THE FOLLOWING WEATHER WAS RECORDED YESTERDAY.
  NO SIGNIFICANT WEATHER WAS OBSERVED.


RELATIVE HUMIDITY (PERCENT)
 HIGHEST    85           700 PM
 LOWEST     64           300 PM
 AVERAGE    75

..........................................................


THE ORD NE CLIMATE NORMALS FOR TODAY
                         NORMAL
 MAXIMUM TEMPERATURE (F)   37
 MINIMUM TEMPERATURE (F)   12


SUNRISE AND SUNSET
JANUARY 18 2017.......SUNRISE   759 AM CST   SUNSET   535 PM CST
JANUARY 19 2017.......SUNRISE   758 AM CST   SUNSET   536 PM CST


-  INDICATES NEGATIVE NUMBERS.
R  INDICATES RECORD WAS SET OR TIED.
MM INDICATES DATA IS MISSING.
T  INDICATES TRACE AMOUNT.




$$
