043
CDUS43 KGID 050627
CLIODX


CLIMATE REPORT
NATIONAL WEATHER SERVICE HASTINGS NE
1226 AM CST FRI FEB 5 2016


...................................

...THE ORD NE CLIMATE SUMMARY FOR FEBRUARY 4 2016...

CLIMATE NORMAL PERIOD 1981 TO 2010
CLIMATE RECORD PERIOD 1895 TO 2016


WEATHER ITEM   OBSERVED TIME   NORMAL DEPARTURE LAST
                VALUE   (LST)  VALUE  FROM      YEAR
                                      NORMAL
......................................................
TEMPERATURE (F)
 YESTERDAY
  MAXIMUM         33    313 PM  38     -5       25
  MINIMUM          2    816 AM  14    -12       -6
  AVERAGE         18            26     -8       10

PRECIPITATION (IN)
  YESTERDAY        0.00          0.02  -0.02     0.24
  MONTH TO DATE    0.03          0.07  -0.04     0.49
  SINCE DEC 1      1.02          1.03  -0.01     2.22
  SINCE JAN 1      0.33          0.44  -0.11     0.66

DEGREE DAYS
 HEATING
  YESTERDAY       47            39      8       55
  MONTH TO DATE  167           156     11      200
  SINCE DEC 1   2481          2651   -170     2587
  SINCE JUL 1   3620          4132   -512     4173

 COOLING
  YESTERDAY        0             0      0        0
  MONTH TO DATE    0             0      0        0
  SINCE DEC 1      0             0      0        0
  SINCE JAN 1      0             0      0        0
......................................................


WIND (MPH)
  HIGHEST WIND SPEED    13   HIGHEST WIND DIRECTION    NW (330)
  HIGHEST GUST SPEED    16   HIGHEST GUST DIRECTION    NW (330)
  AVERAGE WIND SPEED     3.6


SKY COVER
  AVERAGE SKY COVER 0.0


WEATHER CONDITIONS
 THE FOLLOWING WEATHER WAS RECORDED YESTERDAY.
  NO SIGNIFICANT WEATHER WAS OBSERVED.


RELATIVE HUMIDITY (PERCENT)
 HIGHEST    91          1200 AM
 LOWEST     55          1200 PM
 AVERAGE    73

..........................................................


THE ORD NE CLIMATE NORMALS FOR TODAY
                         NORMAL
 MAXIMUM TEMPERATURE (F)   38
 MINIMUM TEMPERATURE (F)   14


SUNRISE AND SUNSET
FEBRUARY  5 2016......SUNRISE   744 AM CST   SUNSET   556 PM CST
FEBRUARY  6 2016......SUNRISE   743 AM CST   SUNSET   557 PM CST


-  INDICATES NEGATIVE NUMBERS.
R  INDICATES RECORD WAS SET OR TIED.
MM INDICATES DATA IS MISSING.
T  INDICATES TRACE AMOUNT.




$$
