000
CDUS43 KGID 202328
CLIODX


CLIMATE REPORT
NATIONAL WEATHER SERVICE HASTINGS NE
528 PM CST THU NOV 20 2014


...................................

...THE ORD NE CLIMATE SUMMARY FOR NOVEMBER 20 2014...
VALID TODAY AS OF 0500 PM LOCAL TIME.

CLIMATE NORMAL PERIOD 1981 TO 2010
CLIMATE RECORD PERIOD 1895 TO 2014


WEATHER ITEM   OBSERVED TIME   NORMAL DEPARTURE LAST
                VALUE   (LST)  VALUE  FROM      YEAR
                                      NORMAL
......................................................
TEMPERATURE (F)
 TODAY
  MAXIMUM         35    402 PM  46    -11       60
  MINIMUM          4    543 AM  22    -18       32
  AVERAGE         20            34    -14       46

PRECIPITATION (IN)
  TODAY            0.00          0.03  -0.03     0.00
  MONTH TO DATE    0.06          0.78  -0.72     0.47
  SINCE SEP 1      2.88          5.15  -2.27     4.89
  SINCE JAN 1     20.52         24.06  -3.54    24.32

DEGREE DAYS
 HEATING
  TODAY           45            31     14       19
  MONTH TO DATE  698           524    174      512
  SINCE SEP 1   1249          1130    119     1079
  SINCE JUL 1   1268          1144    124     1086

 COOLING
  TODAY            0             0      0        0
  MONTH TO DATE    0             0      0        0
  SINCE SEP 1     57            88    -31      147
  SINCE JAN 1    692           845   -153      907
......................................................


WIND (MPH)
  HIGHEST WIND SPEED    12   HIGHEST WIND DIRECTION     S (170)
  HIGHEST GUST SPEED    14   HIGHEST GUST DIRECTION    SE (120)
  AVERAGE WIND SPEED     3.0


SKY COVER
  AVERAGE SKY COVER 0.0


WEATHER CONDITIONS
 THE FOLLOWING WEATHER WAS RECORDED TODAY.
  NO SIGNIFICANT WEATHER WAS OBSERVED.


RELATIVE HUMIDITY (PERCENT)
 HIGHEST    88           300 AM
 LOWEST     52           300 PM
 AVERAGE    70

..........................................................


THE ORD NE CLIMATE NORMALS FOR TOMORROW
                         NORMAL
 MAXIMUM TEMPERATURE (F)   46
 MINIMUM TEMPERATURE (F)   21


SUNRISE AND SUNSET
NOVEMBER 20 2014......SUNRISE   731 AM CST   SUNSET   512 PM CST
NOVEMBER 21 2014......SUNRISE   732 AM CST   SUNSET   511 PM CST


-  INDICATES NEGATIVE NUMBERS.
R  INDICATES RECORD WAS SET OR TIED.
MM INDICATES DATA IS MISSING.
T  INDICATES TRACE AMOUNT.




$$
