000
CDUS43 KGID 302227
CLIODX


CLIMATE REPORT
NATIONAL WEATHER SERVICE HASTINGS NE
524 PM CDT MON MAY 30 2016


...................................

...THE ORD NE CLIMATE SUMMARY FOR MAY 30 2016...
VALID TODAY AS OF 0500 PM LOCAL TIME.

CLIMATE NORMAL PERIOD 1981 TO 2010
CLIMATE RECORD PERIOD 1895 TO 2016


WEATHER ITEM   OBSERVED TIME   NORMAL DEPARTURE LAST
                VALUE   (LST)  VALUE  FROM      YEAR
                                      NORMAL
......................................................
TEMPERATURE (F)
 TODAY
  MAXIMUM         84    355 PM  76      8       65
  MINIMUM         55    530 AM  52      3       41
  AVERAGE         70            64      6       53

PRECIPITATION (IN)
  TODAY            0.00          0.15  -0.15     0.00
  MONTH TO DATE    5.02          3.66   1.36     2.98
  SINCE MAR 1     15.36          7.70   7.66     5.72
  SINCE JAN 1     16.51          8.51   8.00     6.46

DEGREE DAYS
 HEATING
  TODAY            0             3     -3       12
  MONTH TO DATE  219           213      6      240
  SINCE MAR 1   1337          1549   -212     1389
  SINCE JUL 1   5686          6566   -880     6521

 COOLING
  TODAY            5             2      3        0
  MONTH TO DATE   22            37    -15        5
  SINCE MAR 1     22            39    -17        9
  SINCE JAN 1     22            39    -17        9
......................................................


WIND (MPH)
  HIGHEST WIND SPEED    20   HIGHEST WIND DIRECTION     S (190)
  HIGHEST GUST SPEED    24   HIGHEST GUST DIRECTION     S (190)
  AVERAGE WIND SPEED     8.4


SKY COVER
  AVERAGE SKY COVER 0.1


WEATHER CONDITIONS
 THE FOLLOWING WEATHER WAS RECORDED TODAY.
  NO SIGNIFICANT WEATHER WAS OBSERVED.


RELATIVE HUMIDITY (PERCENT)
 HIGHEST    86           400 AM
 LOWEST     34           400 PM
 AVERAGE    60

..........................................................


THE ORD NE CLIMATE NORMALS FOR TOMORROW
                         NORMAL
 MAXIMUM TEMPERATURE (F)   77
 MINIMUM TEMPERATURE (F)   53


SUNRISE AND SUNSET
MAY 30 2016...........SUNRISE   605 AM CDT   SUNSET   903 PM CDT
MAY 31 2016...........SUNRISE   604 AM CDT   SUNSET   903 PM CDT


-  INDICATES NEGATIVE NUMBERS.
R  INDICATES RECORD WAS SET OR TIED.
MM INDICATES DATA IS MISSING.
T  INDICATES TRACE AMOUNT.

$$
Doxey
