000
CDUS43 KOAX 022124
CLIOFK


CLIMATE REPORT
NATIONAL WEATHER SERVICE OMAHA NEBRASKA
422 PM CDT SUN AUG 2 2015


...................................

...THE NORFOLK, NEBRASKA CLIMATE SUMMARY FOR AUGUST 2 2015...
VALID TODAY AS OF 0400 PM LOCAL TIME.

CLIMATE NORMAL PERIOD 1981 TO 2010
CLIMATE RECORD PERIOD 1888 TO 2015


WEATHER ITEM   OBSERVED TIME   RECORD YEAR NORMAL DEPARTURE LAST
                VALUE   (LST)  VALUE       VALUE  FROM      YEAR
                                                  NORMAL
..................................................................
TEMPERATURE (F)
 TODAY
  MAXIMUM         93    234 PM 106    1930  86      7       86
  MINIMUM         63    416 AM  45    1907  63      0       62
  AVERAGE         78                        75      3       74

PRECIPITATION (IN)
  TODAY            0.00          3.30 2010   0.11  -0.11     0.10
  MONTH TO DATE    0.01                      0.22  -0.21     0.10
  SINCE JUN 1      9.75                      7.80   1.95    12.62
  SINCE JAN 1     16.71                     17.50  -0.79    18.11

SNOWFALL (IN)
  TODAY            0.0                       0.0    0.0      0.0
  MONTH TO DATE    0.0                       0.0    0.0      0.0
  SINCE JUL 1      0.0                       0.0    0.0      0.0
  SNOW DEPTH       0

DEGREE DAYS
 HEATING
  TODAY            0                         0      0        0
  MONTH TO DATE    0                         0      0        0
  SINCE JUN 1      7                        34    -27       37
  SINCE JUL 1      4                         4      0       12

 COOLING
  TODAY           13                        10      3        9
  MONTH TO DATE   22                        20      2       13
  SINCE JUN 1    512                       520     -8      403
  SINCE JAN 1    545                       581    -36      500
..................................................................


WIND (MPH)
  HIGHEST WIND SPEED    16   HIGHEST WIND DIRECTION     N (010)
  HIGHEST GUST SPEED    24   HIGHEST GUST DIRECTION     N (360)
  AVERAGE WIND SPEED     5.5


SKY COVER
  POSSIBLE SUNSHINE  MM
  AVERAGE SKY COVER 0.1


WEATHER CONDITIONS
 THE FOLLOWING WEATHER WAS RECORDED TODAY.
  NO SIGNIFICANT WEATHER WAS OBSERVED.


RELATIVE HUMIDITY (PERCENT)
 HIGHEST   100           200 AM
 LOWEST     44           300 PM
 AVERAGE    72

..........................................................


THE NORFOLK, NEBRASKA CLIMATE NORMALS FOR TOMORROW
                         NORMAL    RECORD    YEAR
 MAXIMUM TEMPERATURE (F)   86       106      1930
                                             1913
 MINIMUM TEMPERATURE (F)   63        45      1894


SUNRISE AND SUNSET
AUGUST  2 2015........SUNRISE   624 AM CDT   SUNSET   847 PM CDT
AUGUST  3 2015........SUNRISE   625 AM CDT   SUNSET   846 PM CDT


-  INDICATES NEGATIVE NUMBERS.
R  INDICATES RECORD WAS SET OR TIED.
MM INDICATES DATA IS MISSING.
T  INDICATES TRACE AMOUNT.




$$
