000
CDUS43 KOAX 030654
CLIOFK


CLIMATE REPORT
NATIONAL WEATHER SERVICE OMAHA NEBRASKA
1253 AM CST SAT DEC 3 2016


...................................

...THE NORFOLK, NEBRASKA CLIMATE SUMMARY FOR DECEMBER 2 2016...

CLIMATE NORMAL PERIOD 1981 TO 2010
CLIMATE RECORD PERIOD 1888 TO 2016


WEATHER ITEM   OBSERVED TIME   RECORD YEAR NORMAL DEPARTURE LAST
                VALUE   (LST)  VALUE       VALUE  FROM      YEAR
                                                  NORMAL
..................................................................
TEMPERATURE (F)
 YESTERDAY
  MAXIMUM         35    354 PM  66    1998  38     -3       35
  MINIMUM         19    702 AM  -7    1919  18      1       18
  AVERAGE         27                        28     -1       27

PRECIPITATION (IN)
  YESTERDAY        0.00          2.13 1933   0.03  -0.03      T
  MONTH TO DATE    0.00                      0.06  -0.06     0.03
  SINCE DEC 1      0.00                      0.06  -0.06     0.03
  SINCE JAN 1     30.59                     26.72   3.87    25.60

SNOWFALL (IN)
  YESTERDAY        0.0                       0.2   -0.2       T
  MONTH TO DATE    0.0                       0.4   -0.4      0.4
  SINCE JUL 1      2.5                       5.3   -2.8      9.2
  SNOW DEPTH       0

DEGREE DAYS
 HEATING
  YESTERDAY       38                        37      1       38
  MONTH TO DATE   71                        74     -3       75
  SINCE DEC 1     71                        74     -3       75
  SINCE JUL 1   1116                      1519   -403     1096

 COOLING
  YESTERDAY        0                         0      0        0
  MONTH TO DATE    0                         0      0        0
  SINCE DEC 1      0                         0      0        0
  SINCE JAN 1    963                       915     48      917
..................................................................


WIND (MPH)
  HIGHEST WIND SPEED    10   HIGHEST WIND DIRECTION    NW (300)
  HIGHEST GUST SPEED    13   HIGHEST GUST DIRECTION    NW (320)
  AVERAGE WIND SPEED     5.3


SKY COVER
  POSSIBLE SUNSHINE  MM
  AVERAGE SKY COVER 0.4


WEATHER CONDITIONS
 THE FOLLOWING WEATHER WAS RECORDED YESTERDAY.
  NO SIGNIFICANT WEATHER WAS OBSERVED.


RELATIVE HUMIDITY (PERCENT)
 HIGHEST    96           500 AM
 LOWEST     64           300 PM
 AVERAGE    80

..........................................................


THE NORFOLK, NEBRASKA CLIMATE NORMALS FOR TODAY
                         NORMAL    RECORD    YEAR
 MAXIMUM TEMPERATURE (F)   37        66      1998
                                             1959
 MINIMUM TEMPERATURE (F)   18       -15      1919


SUNRISE AND SUNSET
DECEMBER  3 2016......SUNRISE   741 AM CST   SUNSET   459 PM CST
DECEMBER  4 2016......SUNRISE   742 AM CST   SUNSET   458 PM CST


-  INDICATES NEGATIVE NUMBERS.
R  INDICATES RECORD WAS SET OR TIED.
MM INDICATES DATA IS MISSING.
T  INDICATES TRACE AMOUNT.




$$
