000
CDUS43 KOAX 150703
CLIOFK


CLIMATE REPORT
NATIONAL WEATHER SERVICE OMAHA NEBRASKA
103 AM CST FRI DEC 15 2017


...................................

...THE NORFOLK, NEBRASKA CLIMATE SUMMARY FOR DECEMBER 14 2017...

CLIMATE NORMAL PERIOD 1981 TO 2010
CLIMATE RECORD PERIOD 1888 TO 2017


WEATHER ITEM   OBSERVED TIME   RECORD YEAR NORMAL DEPARTURE LAST
                VALUE   (LST)  VALUE       VALUE  FROM      YEAR
                                                  NORMAL
..................................................................
TEMPERATURE (F)
 YESTERDAY
  MAXIMUM         38    228 PM  64    1921  34      4       21
  MINIMUM         31   1159 PM -28    1901  14     17        2
  AVERAGE         35                        24     11       12

PRECIPITATION (IN)
  YESTERDAY        0.01          1.40 1925   0.02  -0.01     0.00
  MONTH TO DATE    0.01                      0.39  -0.38     0.11
  SINCE DEC 1      0.01                      0.39  -0.38     0.11
  SINCE JAN 1     27.48                     27.05   0.43    30.70

SNOWFALL (IN)
  YESTERDAY        0.0                       0.2   -0.2      0.0
  MONTH TO DATE    0.0                       2.9   -2.9      1.0
  SINCE JUL 1      0.0                       7.8   -7.8      3.5
  SNOW DEPTH       0

DEGREE DAYS
 HEATING
  YESTERDAY       30                        41    -11       53
  MONTH TO DATE  422                       547   -125      605
  SINCE DEC 1    422                       547   -125      605
  SINCE JUL 1   1728                      1992   -264     1650

 COOLING
  YESTERDAY        0                         0      0        0
  MONTH TO DATE    0                         0      0        0
  SINCE DEC 1      0                         0      0        0
  SINCE JAN 1    879                       915    -36      963
..................................................................


WIND (MPH)
  HIGHEST WIND SPEED    22   HIGHEST WIND DIRECTION     N (340)
  HIGHEST GUST SPEED    27   HIGHEST GUST DIRECTION     N (340)
  AVERAGE WIND SPEED    10.1


SKY COVER
  POSSIBLE SUNSHINE  MM
  AVERAGE SKY COVER 1.0


WEATHER CONDITIONS
 THE FOLLOWING WEATHER WAS RECORDED YESTERDAY.
  LIGHT SNOW
  FOG
  HAZE


RELATIVE HUMIDITY (PERCENT)
 HIGHEST    92           800 PM
 LOWEST     59           100 AM
 AVERAGE    76

..........................................................


THE NORFOLK, NEBRASKA CLIMATE NORMALS FOR TODAY
                         NORMAL    RECORD    YEAR
 MAXIMUM TEMPERATURE (F)   34        64      2002
 MINIMUM TEMPERATURE (F)   14       -29      1901


SUNRISE AND SUNSET
DECEMBER 15 2017......SUNRISE   751 AM CST   SUNSET   459 PM CST
DECEMBER 16 2017......SUNRISE   752 AM CST   SUNSET   500 PM CST


-  INDICATES NEGATIVE NUMBERS.
R  INDICATES RECORD WAS SET OR TIED.
MM INDICATES DATA IS MISSING.
T  INDICATES TRACE AMOUNT.




$$
