000
CDUS43 KOAX 282225
CLIOFK


CLIMATE REPORT
NATIONAL WEATHER SERVICE OMAHA NEBRASKA
424 PM CST FRI NOV 28 2014


...................................

...THE NORFOLK, NEBRASKA CLIMATE SUMMARY FOR NOVEMBER 28 2014...
VALID TODAY AS OF 0400 PM LOCAL TIME.

CLIMATE NORMAL PERIOD 1981 TO 2010
CLIMATE RECORD PERIOD 1888 TO 2014


WEATHER ITEM   OBSERVED TIME   RECORD YEAR NORMAL DEPARTURE LAST
                VALUE   (LST)  VALUE       VALUE  FROM      YEAR
                                                  NORMAL
..................................................................
TEMPERATURE (F)
 TODAY
  MAXIMUM         66    326 PM  67    1941  40     26       33
  MINIMUM         23   1254 AM  -9    1896  20      3       13
  AVERAGE         45                        30     15       23

PRECIPITATION (IN)
  TODAY            0.00          0.59 2005   0.04  -0.04     0.00
  MONTH TO DATE    0.32                      1.29  -0.97     0.83
  SINCE SEP 1      3.29                      6.05  -2.76     6.38
  SINCE JAN 1     28.51                     26.58   1.93    24.79

SNOWFALL (IN)
  TODAY            0.0                       0.2   -0.2      0.0
  MONTH TO DATE    3.7                       3.7    0.0      0.9
  SINCE JUL 1      3.7                       4.5   -0.8      0.9
  SNOW DEPTH       0

DEGREE DAYS
 HEATING
  TODAY           20                        35    -15       42
  MONTH TO DATE  927                       786    141      803
  SINCE SEP 1   1418                      1355     63     1309
  SINCE JUL 1   1430                      1371     59     1325

 COOLING
  TODAY            0                         0      0        0
  MONTH TO DATE    0                         0      0        0
  SINCE SEP 1     85                        99    -14      181
  SINCE JAN 1    812                       915   -103     1005
..................................................................


WIND (MPH)
  HIGHEST WIND SPEED    13   HIGHEST WIND DIRECTION     S (170)
  HIGHEST GUST SPEED    16   HIGHEST GUST DIRECTION     S (170)
  AVERAGE WIND SPEED     7.5


SKY COVER
  POSSIBLE SUNSHINE  MM
  AVERAGE SKY COVER 0.0


WEATHER CONDITIONS
 THE FOLLOWING WEATHER WAS RECORDED TODAY.
  NO SIGNIFICANT WEATHER WAS OBSERVED.


RELATIVE HUMIDITY (PERCENT)
 HIGHEST    81           600 AM
 LOWEST     30           300 PM
 AVERAGE    56

..........................................................


THE NORFOLK, NEBRASKA CLIMATE NORMALS FOR TOMORROW
                         NORMAL    RECORD    YEAR
 MAXIMUM TEMPERATURE (F)   39        65      1932
 MINIMUM TEMPERATURE (F)   19       -12      1964


SUNRISE AND SUNSET
NOVEMBER 28 2014......SUNRISE   735 AM CST   SUNSET   500 PM CST
NOVEMBER 29 2014......SUNRISE   736 AM CST   SUNSET   500 PM CST


-  INDICATES NEGATIVE NUMBERS.
R  INDICATES RECORD WAS SET OR TIED.
MM INDICATES DATA IS MISSING.
T  INDICATES TRACE AMOUNT.




$$
