000
CDUS43 KOAX 220640
CLIOFK


CLIMATE REPORT
NATIONAL WEATHER SERVICE OMAHA NEBRASKA
1238 AM CST MON DEC 22 2014


...................................

...THE NORFOLK, NEBRASKA CLIMATE SUMMARY FOR DECEMBER 21 2014...

CLIMATE NORMAL PERIOD 1981 TO 2010
CLIMATE RECORD PERIOD 1888 TO 2014


WEATHER ITEM   OBSERVED TIME   RECORD YEAR NORMAL DEPARTURE LAST
                VALUE   (LST)  VALUE       VALUE  FROM      YEAR
                                                  NORMAL
..................................................................
TEMPERATURE (F)
 YESTERDAY
  MAXIMUM         42   1159 PM  64    1933  33      9       27
  MINIMUM         32    811 AM -24    1989  13     19        8
  AVERAGE         37                        23     14       18

PRECIPITATION (IN)
  YESTERDAY        0.02          0.60 1920   0.03  -0.01     0.00
  MONTH TO DATE    0.67                      0.55   0.12     0.13
  SINCE DEC 1      0.67                      0.55   0.12     0.13
  SINCE JAN 1     29.18                     27.21   1.97    24.92

SNOWFALL (IN)
  YESTERDAY       MM                         0.2   MM        0.0
  MONTH TO DATE    0.4                       4.2   -3.8      2.1
  SINCE JUL 1      4.1                       9.1   -5.0      3.0
  SNOW DEPTH       0

DEGREE DAYS
 HEATING
  YESTERDAY       28                        42    -14       47
  MONTH TO DATE  687                       838   -151      940
  SINCE DEC 1    687                       838   -151      940
  SINCE JUL 1   2180                      2283   -103     2326

 COOLING
  YESTERDAY        0                         0      0        0
  MONTH TO DATE    0                         0      0        0
  SINCE DEC 1      0                         0      0        0
  SINCE JAN 1    812                       915   -103     1005
..................................................................


WIND (MPH)
  HIGHEST WIND SPEED    23   HIGHEST WIND DIRECTION     S (180)
  HIGHEST GUST SPEED    31   HIGHEST GUST DIRECTION     S (180)
  AVERAGE WIND SPEED    12.8


SKY COVER
  POSSIBLE SUNSHINE  MM
  AVERAGE SKY COVER 1.0


WEATHER CONDITIONS
 THE FOLLOWING WEATHER WAS RECORDED YESTERDAY.
  LIGHT RAIN
  FOG
  FOG W/VISIBILITY <= 1/4 MILE


RELATIVE HUMIDITY (PERCENT)
 HIGHEST   100          1200 AM
 LOWEST     85          1000 AM
 AVERAGE    93

..........................................................


THE NORFOLK, NEBRASKA CLIMATE NORMALS FOR TODAY
                         NORMAL    RECORD    YEAR
 MAXIMUM TEMPERATURE (F)   33        71      1933
 MINIMUM TEMPERATURE (F)   13       -30      1989


SUNRISE AND SUNSET
DECEMBER 22 2014......SUNRISE   755 AM CST   SUNSET   502 PM CST
DECEMBER 23 2014......SUNRISE   755 AM CST   SUNSET   503 PM CST


-  INDICATES NEGATIVE NUMBERS.
R  INDICATES RECORD WAS SET OR TIED.
MM INDICATES DATA IS MISSING.
T  INDICATES TRACE AMOUNT.




$$
