000
CDUS43 KOAX 290631
CLIOFK


CLIMATE REPORT
NATIONAL WEATHER SERVICE OMAHA NEBRASKA
129 AM CDT FRI JUL 29 2016


...................................

...THE NORFOLK, NEBRASKA CLIMATE SUMMARY FOR JULY 28 2016...

CLIMATE NORMAL PERIOD 1981 TO 2010
CLIMATE RECORD PERIOD 1888 TO 2016


WEATHER ITEM   OBSERVED TIME   RECORD YEAR NORMAL DEPARTURE LAST
                VALUE   (LST)  VALUE       VALUE  FROM      YEAR
                                                  NORMAL
..................................................................
TEMPERATURE (F)
 YESTERDAY
  MAXIMUM         82    228 PM 105    1935  86     -4       82
  MINIMUM         61    519 AM  44    2013  64     -3       58
  AVERAGE         72                        75     -3       70

PRECIPITATION (IN)
  YESTERDAY        T             2.00 1921   0.10  -0.10     0.05
  MONTH TO DATE    2.75                      3.01  -0.26     5.14
  SINCE JUN 1      5.96                      7.27  -1.31     9.74
  SINCE JAN 1     22.41                     16.97   5.44    16.70

SNOWFALL (IN)
  YESTERDAY        0.0                       0.0    0.0      0.0
  MONTH TO DATE    0.0                       0.0    0.0      0.0
  SINCE JUL 1      0.0                       0.0    0.0      0.0
  SNOW DEPTH       0

DEGREE DAYS
 HEATING
  YESTERDAY        0                         0      0        0
  MONTH TO DATE    7                         0      7        4
  SINCE JUN 1     10                        30    -20        7
  SINCE JUL 1      7                         0      7        4

 COOLING
  YESTERDAY        7                        10     -3        5
  MONTH TO DATE  274                       278     -4      280
  SINCE JUN 1    550                       464     86      466
  SINCE JAN 1    588                       525     63      499
..................................................................


WIND (MPH)
  HIGHEST WIND SPEED    14   HIGHEST WIND DIRECTION     N (350)
  HIGHEST GUST SPEED    17   HIGHEST GUST DIRECTION     N (10)
  AVERAGE WIND SPEED     6.1


SKY COVER
  POSSIBLE SUNSHINE  MM
  AVERAGE SKY COVER 0.1


WEATHER CONDITIONS
 THE FOLLOWING WEATHER WAS RECORDED YESTERDAY.
  NO SIGNIFICANT WEATHER WAS OBSERVED.


RELATIVE HUMIDITY (PERCENT)
 HIGHEST   100           600 AM
 LOWEST     45           200 PM
 AVERAGE    73

..........................................................


THE NORFOLK, NEBRASKA CLIMATE NORMALS FOR TODAY
                         NORMAL    RECORD    YEAR
 MAXIMUM TEMPERATURE (F)   86       109      1947
 MINIMUM TEMPERATURE (F)   64        48      1971


SUNRISE AND SUNSET
JULY 29 2016..........SUNRISE   621 AM CDT   SUNSET   851 PM CDT
JULY 30 2016..........SUNRISE   622 AM CDT   SUNSET   850 PM CDT


-  INDICATES NEGATIVE NUMBERS.
R  INDICATES RECORD WAS SET OR TIED.
MM INDICATES DATA IS MISSING.
T  INDICATES TRACE AMOUNT.




$$
