000
CDUS43 KOAX 202130
CLIOFK


CLIMATE REPORT
NATIONAL WEATHER SERVICE OMAHA NEBRASKA
424 PM CDT FRI OCT 20 2017


...................................

...THE NORFOLK, NEBRASKA CLIMATE SUMMARY FOR OCTOBER 20 2017...
VALID TODAY AS OF 0400 PM LOCAL TIME.

CLIMATE NORMAL PERIOD 1981 TO 2010
CLIMATE RECORD PERIOD 1888 TO 2017


WEATHER ITEM   OBSERVED TIME   RECORD YEAR NORMAL DEPARTURE LAST
                VALUE   (LST)  VALUE       VALUE  FROM      YEAR
                                                  NORMAL
..................................................................
TEMPERATURE (F)
 TODAY
  MAXIMUM         77    249 PM  90    1947  62     15       55
  MINIMUM         56    615 AM  15    1989  37     19       33
  AVERAGE         67                        50     17       44

PRECIPITATION (IN)
  TODAY            0.00          0.70 1935   0.06  -0.06     0.00
  MONTH TO DATE    3.52                      1.49   2.03     2.33
  SINCE SEP 1      5.60                      4.18   1.42     4.37
  SINCE JAN 1     27.38                     24.71   2.67    29.24

SNOWFALL (IN)
  TODAY            0.0                       0.1   -0.1      0.0
  MONTH TO DATE    0.0                       0.3   -0.3      0.0
  SINCE JUL 1      0.0                       0.3   -0.3      0.0
  SNOW DEPTH       0

DEGREE DAYS
 HEATING
  TODAY            0                        16    -16       21
  MONTH TO DATE  192                       244    -52      216
  SINCE SEP 1    274                       370    -96      287
  SINCE JUL 1    285                       386   -101      300

 COOLING
  TODAY            2                         0      2        0
  MONTH TO DATE    5                         8     -3        3
  SINCE SEP 1    121                        98     23      119
  SINCE JAN 1    879                       914    -35      962
..................................................................


WIND (MPH)
  HIGHEST WIND SPEED    33   HIGHEST WIND DIRECTION     S (160)
  HIGHEST GUST SPEED    41   HIGHEST GUST DIRECTION     S (160)
  AVERAGE WIND SPEED    20.1


SKY COVER
  POSSIBLE SUNSHINE  MM
  AVERAGE SKY COVER 0.0


WEATHER CONDITIONS
 THE FOLLOWING WEATHER WAS RECORDED TODAY.
  NO SIGNIFICANT WEATHER WAS OBSERVED.


RELATIVE HUMIDITY (PERCENT)
 HIGHEST    77           600 AM
 LOWEST     50           100 PM
 AVERAGE    64

..........................................................


THE NORFOLK, NEBRASKA CLIMATE NORMALS FOR TOMORROW
                         NORMAL    RECORD    YEAR
 MAXIMUM TEMPERATURE (F)   61        88      1947
 MINIMUM TEMPERATURE (F)   37        15      1987
                                             1930
                                             1913


SUNRISE AND SUNSET
OCTOBER 20 2017.......SUNRISE   748 AM CDT   SUNSET   640 PM CDT
OCTOBER 21 2017.......SUNRISE   749 AM CDT   SUNSET   638 PM CDT


-  INDICATES NEGATIVE NUMBERS.
R  INDICATES RECORD WAS SET OR TIED.
MM INDICATES DATA IS MISSING.
T  INDICATES TRACE AMOUNT.




$$
