000
CDUS43 KOAX 250627
CLIOFK


CLIMATE REPORT
NATIONAL WEATHER SERVICE OMAHA NEBRASKA
125 AM CDT SUN JUN 25 2017


...................................

...THE NORFOLK, NEBRASKA CLIMATE SUMMARY FOR JUNE 24 2017...

CLIMATE NORMAL PERIOD 1981 TO 2010
CLIMATE RECORD PERIOD 1888 TO 2017


WEATHER ITEM   OBSERVED TIME   RECORD YEAR NORMAL DEPARTURE LAST
                VALUE   (LST)  VALUE       VALUE  FROM      YEAR
                                                  NORMAL
..................................................................
TEMPERATURE (F)
 YESTERDAY
  MAXIMUM         79    318 PM 104    1937  84     -5       88
  MINIMUM         45R   439 AM  46    2004  61    -16       63
  AVERAGE         62                        73    -11       76

PRECIPITATION (IN)
  YESTERDAY        0.00          2.25 1924   0.15  -0.15     0.00
  MONTH TO DATE    1.56                      3.44  -1.88     3.21
  SINCE JUN 1      1.56                      3.44  -1.88     3.21
  SINCE JAN 1     13.17                     13.14   0.03    19.66

SNOWFALL (IN)
  YESTERDAY        0.0                       0.0    0.0      0.0
  MONTH TO DATE    0.0                       0.0    0.0      0.0
  SINCE JUL 1     32.2                      30.5    1.7     53.0
  SNOW DEPTH       0

DEGREE DAYS
 HEATING
  YESTERDAY        3                         0      3        0
  MONTH TO DATE    5                        28    -23        3
  SINCE JUN 1      5                        28    -23        3
  SINCE JUL 1   5901                      6641   -740     5579

 COOLING
  YESTERDAY        0                         8     -8       11
  MONTH TO DATE  213                       133     80      223
  SINCE JUN 1    213                       133     80      223
  SINCE JAN 1    241                       194     47      261
..................................................................


WIND (MPH)
  HIGHEST WIND SPEED    28   HIGHEST WIND DIRECTION     W (290)
  HIGHEST GUST SPEED    38   HIGHEST GUST DIRECTION     W (290)
  AVERAGE WIND SPEED    10.1


SKY COVER
  POSSIBLE SUNSHINE  MM
  AVERAGE SKY COVER 0.1


WEATHER CONDITIONS
 THE FOLLOWING WEATHER WAS RECORDED YESTERDAY.
  NO SIGNIFICANT WEATHER WAS OBSERVED.


RELATIVE HUMIDITY (PERCENT)
 HIGHEST    71           400 AM
 LOWEST     21           100 PM
 AVERAGE    46

..........................................................


THE NORFOLK, NEBRASKA CLIMATE NORMALS FOR TODAY
                         NORMAL    RECORD    YEAR
 MAXIMUM TEMPERATURE (F)   85       108      1936
 MINIMUM TEMPERATURE (F)   61        42      2004
                                             1958


SUNRISE AND SUNSET
JUNE 25 2017..........SUNRISE   556 AM CDT   SUNSET   909 PM CDT
JUNE 26 2017..........SUNRISE   556 AM CDT   SUNSET   909 PM CDT


-  INDICATES NEGATIVE NUMBERS.
R  INDICATES RECORD WAS SET OR TIED.
MM INDICATES DATA IS MISSING.
T  INDICATES TRACE AMOUNT.




$$
