000
CDUS43 KOAX 030656
CLIOFK


CLIMATE REPORT
NATIONAL WEATHER SERVICE OMAHA NEBRASKA
154 AM CDT TUE MAY 3 2016


...................................

...THE NORFOLK, NEBRASKA CLIMATE SUMMARY FOR MAY 2 2016...

CLIMATE NORMAL PERIOD 1981 TO 2010
CLIMATE RECORD PERIOD 1888 TO 2016


WEATHER ITEM   OBSERVED TIME   RECORD YEAR NORMAL DEPARTURE LAST
                VALUE   (LST)  VALUE       VALUE  FROM      YEAR
                                                  NORMAL
..................................................................
TEMPERATURE (F)
 YESTERDAY
  MAXIMUM         63    250 PM  95    1955  68     -5       85
  MINIMUM         34    513 AM  21    1909  44    -10       47
                                      1908
  AVERAGE         49                        56     -7       66

PRECIPITATION (IN)
  YESTERDAY        0.00          0.98 2008   0.12  -0.12     0.03
  MONTH TO DATE    0.33                      0.22   0.11     0.04
  SINCE MAR 1      7.95                      4.64   3.31     2.80
  SINCE JAN 1     10.10                      5.99   4.11     3.68

SNOWFALL (IN)
  YESTERDAY        0.0                       0.1   -0.1      0.0
  MONTH TO DATE    0.0                       0.1   -0.1      0.0
  SINCE JUL 1     53.0                      30.6   22.4     20.7
  SNOW DEPTH       0

DEGREE DAYS
 HEATING
  YESTERDAY       16                        10      6        0
  MONTH TO DATE   35                        20     15        3
  SINCE MAR 1   1117                      1350   -233     1057
  SINCE JUL 1   5418                      6443  -1025     6103

 COOLING
  YESTERDAY        0                         1     -1        1
  MONTH TO DATE    0                         2     -2        1
  SINCE MAR 1      0                        14    -14        6
  SINCE JAN 1      0                        14    -14        6
..................................................................


WIND (MPH)
  HIGHEST WIND SPEED    10   HIGHEST WIND DIRECTION    NW (330)
  HIGHEST GUST SPEED    14   HIGHEST GUST DIRECTION    NW (330)
  AVERAGE WIND SPEED     4.3


SKY COVER
  POSSIBLE SUNSHINE  MM
  AVERAGE SKY COVER 0.1


WEATHER CONDITIONS
 THE FOLLOWING WEATHER WAS RECORDED YESTERDAY.
  NO SIGNIFICANT WEATHER WAS OBSERVED.


RELATIVE HUMIDITY (PERCENT)
 HIGHEST    92          1200 AM
 LOWEST     36           300 PM
 AVERAGE    64

..........................................................


THE NORFOLK, NEBRASKA CLIMATE NORMALS FOR TODAY
                         NORMAL    RECORD    YEAR
 MAXIMUM TEMPERATURE (F)   68        92      1949
 MINIMUM TEMPERATURE (F)   44        24      1976
                                             1910


SUNRISE AND SUNSET
MAY  3 2016...........SUNRISE   622 AM CDT   SUNSET   831 PM CDT
MAY  4 2016...........SUNRISE   621 AM CDT   SUNSET   832 PM CDT


-  INDICATES NEGATIVE NUMBERS.
R  INDICATES RECORD WAS SET OR TIED.
MM INDICATES DATA IS MISSING.
T  INDICATES TRACE AMOUNT.




$$
