000
CDUS43 KOAX 240630
CLIOFK


CLIMATE REPORT
NATIONAL WEATHER SERVICE OMAHA NEBRASKA
129 AM CDT WED MAY 24 2017


...................................

...THE NORFOLK, NEBRASKA CLIMATE SUMMARY FOR MAY 23 2017...

CLIMATE NORMAL PERIOD 1981 TO 2010
CLIMATE RECORD PERIOD 1888 TO 2017


WEATHER ITEM   OBSERVED TIME   RECORD YEAR NORMAL DEPARTURE LAST
                VALUE   (LST)  VALUE       VALUE  FROM      YEAR
                                                  NORMAL
..................................................................
TEMPERATURE (F)
 YESTERDAY
  MAXIMUM         57    355 PM  95    1950  74    -17       77
  MINIMUM         45    421 AM  35    1913  51     -6       58
                                      1893
  AVERAGE         51                        63    -12       68

PRECIPITATION (IN)
  YESTERDAY        T             1.36 1997   0.14  -0.14     0.37
  MONTH TO DATE    4.30                      2.83   1.47     4.02
  SINCE MAR 1      9.34                      7.25   2.09    11.64
  SINCE JAN 1     11.58                      8.60   2.98    13.79

SNOWFALL (IN)
  YESTERDAY        0.0                       0.0    0.0      0.0
  MONTH TO DATE    1.5                       0.3    1.2      0.0
  SINCE JUL 1     32.2                      30.8    1.4     53.0
  SNOW DEPTH       0

DEGREE DAYS
 HEATING
  YESTERDAY       14                         4     10        0
  MONTH TO DATE  179                       162     17      189
  SINCE MAR 1   1403                      1492    -89     1271
  SINCE JUL 1   5858                      6585   -727     5572

 COOLING
  YESTERDAY        0                         2     -2        3
  MONTH TO DATE   28                        30     -2       14
  SINCE MAR 1     28                        42    -14       14
  SINCE JAN 1     28                        42    -14       14
..................................................................


WIND (MPH)
  HIGHEST WIND SPEED    26   HIGHEST WIND DIRECTION     N (340)
  HIGHEST GUST SPEED    34   HIGHEST GUST DIRECTION    NW (330)
  AVERAGE WIND SPEED    14.4


SKY COVER
  POSSIBLE SUNSHINE  MM
  AVERAGE SKY COVER 0.8


WEATHER CONDITIONS
 THE FOLLOWING WEATHER WAS RECORDED YESTERDAY.
  LIGHT RAIN


RELATIVE HUMIDITY (PERCENT)
 HIGHEST    86          1200 AM
 LOWEST     57           300 PM
 AVERAGE    72

..........................................................


THE NORFOLK, NEBRASKA CLIMATE NORMALS FOR TODAY
                         NORMAL    RECORD    YEAR
 MAXIMUM TEMPERATURE (F)   75       102      1967
 MINIMUM TEMPERATURE (F)   51        29      1924


SUNRISE AND SUNSET
MAY 24 2017...........SUNRISE   601 AM CDT   SUNSET   852 PM CDT
MAY 25 2017...........SUNRISE   601 AM CDT   SUNSET   853 PM CDT


-  INDICATES NEGATIVE NUMBERS.
R  INDICATES RECORD WAS SET OR TIED.
MM INDICATES DATA IS MISSING.
T  INDICATES TRACE AMOUNT.




$$
