000
CDUS42 KCAE 160610
CLIOGB


CLIMATE REPORT
NATIONAL WEATHER SERVICE COLUMBIA SC
109 AM EST MON JAN 16 2017


...................................

...THE ORANGEBURG AIRPORT SC CLIMATE SUMMARY FOR JANUARY 15 2017...

CLIMATE NORMAL PERIOD 1981 TO 2010
CLIMATE RECORD PERIOD 9999 TO 9999


WEATHER ITEM   OBSERVED TIME   NORMAL DEPARTURE LAST
                VALUE   (LST)  VALUE  FROM      YEAR
                                      NORMAL
......................................................
TEMPERATURE (F)
 YESTERDAY
  MAXIMUM         76    306 PM  56     20       63
  MINIMUM         47    747 AM  35     12       41
  AVERAGE         62            46     16       52

PRECIPITATION (IN)
  YESTERDAY        0.00          0.11  -0.11     0.85
  MONTH TO DATE    2.38          1.80   0.58     1.01
  SINCE DEC 1      6.78          5.12   1.66     5.80
  SINCE JAN 1      2.38          1.80   0.58     1.01

DEGREE DAYS
 HEATING
  YESTERDAY        3            19    -16       13
  MONTH TO DATE  197           297   -100      280
  SINCE DEC 1    644           832   -188      431
  SINCE JUL 1    949          1201   -252      652

 COOLING
  YESTERDAY        0             0      0        0
  MONTH TO DATE    2             0      2        0
  SINCE DEC 1      6             4      2       69
  SINCE JAN 1      2             0      2        0
......................................................


WIND (MPH)
  HIGHEST WIND SPEED    12   HIGHEST WIND DIRECTION     W (280)
  HIGHEST GUST SPEED    14   HIGHEST GUST DIRECTION     W (290)
  AVERAGE WIND SPEED     2.6


SKY COVER
  AVERAGE SKY COVER 0.3


WEATHER CONDITIONS
 THE FOLLOWING WEATHER WAS RECORDED YESTERDAY.
  FOG
  FOG W/VISIBILITY <= 1/4 MILE


RELATIVE HUMIDITY (PERCENT)
 HIGHEST   100          1200 AM
 LOWEST     43           200 PM

..........................................................


THE ORANGEBURG AIRPORT SC CLIMATE NORMALS FOR TODAY
                         NORMAL    RECORD    YEAR
 MAXIMUM TEMPERATURE (F)   56        MM        MM
 MINIMUM TEMPERATURE (F)   35        MM        MM


SUNRISE AND SUNSET
JANUARY 16 2017.......SUNRISE   727 AM EST   SUNSET   540 PM EST
JANUARY 17 2017.......SUNRISE   727 AM EST   SUNSET   541 PM EST


-  INDICATES NEGATIVE NUMBERS.
R  INDICATES RECORD WAS SET OR TIED.
MM INDICATES DATA IS MISSING.
T  INDICATES TRACE AMOUNT.




$$
