311
CDUS42 KCAE 122233
CLIOGB


CLIMATE REPORT
NATIONAL WEATHER SERVICE COLUMBIA SC
532 PM EST FRI FEB 12 2016


...................................

...THE ORANGEBURG AIRPORT SC CLIMATE SUMMARY FOR FEBRUARY 12 2016...
VALID TODAY AS OF 0500 PM LOCAL TIME.

CLIMATE NORMAL PERIOD 1981 TO 2010
CLIMATE RECORD PERIOD 9999 TO 9999


WEATHER ITEM   OBSERVED TIME   NORMAL DEPARTURE LAST
                VALUE   (LST)  VALUE  FROM      YEAR
                                      NORMAL
......................................................
TEMPERATURE (F)
 TODAY
  MAXIMUM         55    353 PM  60     -5       65
  MINIMUM         40    607 AM  38      2       34
  AVERAGE         48            49     -1       50

PRECIPITATION (IN)
  TODAY            0.00          0.12  -0.12     0.00
  MONTH TO DATE    3.81          1.25   2.56     0.78
  SINCE DEC 1     10.69          8.55   2.14     7.03
  SINCE JAN 1      5.90          5.23   0.67     3.60

DEGREE DAYS
 HEATING
  TODAY           17            16      1       15
  MONTH TO DATE  196           204     -8      206
  SINCE DEC 1    951          1332   -381     1218
  SINCE JUL 1   1172          1701   -529     1690

 COOLING
  TODAY            0             0      0        0
  MONTH TO DATE    5             0      5        0
  SINCE DEC 1     74             5     69        0
  SINCE JAN 1      5             1      4        0
......................................................


WIND (MPH)
  HIGHEST WIND SPEED    10   HIGHEST WIND DIRECTION     N (360)
  HIGHEST GUST SPEED    13   HIGHEST GUST DIRECTION     N (10)
  AVERAGE WIND SPEED     4.5


SKY COVER
  AVERAGE SKY COVER 0.4


WEATHER CONDITIONS
 THE FOLLOWING WEATHER WAS RECORDED TODAY.
  NO SIGNIFICANT WEATHER WAS OBSERVED.


RELATIVE HUMIDITY (PERCENT)
 HIGHEST    79           600 AM
 LOWEST     50           500 PM

..........................................................


THE ORANGEBURG AIRPORT SC CLIMATE NORMALS FOR TOMORROW
                         NORMAL
 MAXIMUM TEMPERATURE (F)   60
 MINIMUM TEMPERATURE (F)   38


SUNRISE AND SUNSET
FEBRUARY 12 2016......SUNRISE   711 AM EST   SUNSET   605 PM EST
FEBRUARY 13 2016......SUNRISE   710 AM EST   SUNSET   606 PM EST


-  INDICATES NEGATIVE NUMBERS.
R  INDICATES RECORD WAS SET OR TIED.
MM INDICATES DATA IS MISSING.
T  INDICATES TRACE AMOUNT.




$$
