000
CDHW42 PHFO 211245
CLIOGG


CLIMATE REPORT
NATIONAL WEATHER SERVICE HONOLULU HI
245 AM HST THU AUG 21 2014


...................................

...THE KAHULUI HI CLIMATE SUMMARY FOR AUGUST 20 2014...

CLIMATE NORMAL PERIOD 1981 TO 2010
CLIMATE RECORD PERIOD 1946 TO 2014


WEATHER ITEM   OBSERVED TIME   RECORD YEAR NORMAL DEPARTURE LAST
                VALUE   (LST)  VALUE       VALUE  FROM      YEAR
                                                  NORMAL
..................................................................
TEMPERATURE (F)
 YESTERDAY
  MAXIMUM         86    421 PM  92    2013  88     -2       92
                                      1997
                                      1979
  MINIMUM         71    525 AM  62    1964  71      0       68
  AVERAGE         79                        80     -1       80

PRECIPITATION (IN)
  YESTERDAY        T             0.27 1989   0.02  -0.02     0.00
  MONTH TO DATE    0.30                      0.35  -0.05     0.53
  SINCE JUN 1      1.52                      1.05   0.47     1.66
  SINCE JAN 1     15.48                     10.55   4.93     8.65

SNOWFALL (IN)
  YESTERDAY        0.0
  MONTH TO DATE    0.0
  SINCE JUN 1      0.0
  SINCE JUL 1      0.0
  SNOW DEPTH       0

DEGREE DAYS
 HEATING
  YESTERDAY        0                         0      0        0
  MONTH TO DATE    0                         0      0        0
  SINCE JUN 1      0                         0      0        0
  SINCE JUL 1      0                         0      0        0

 COOLING
  YESTERDAY       14                        15     -1       15
  MONTH TO DATE  323                       300     23      313
  SINCE JUN 1   1221                      1127     94     1231
  SINCE JAN 1   2717                      2386    331     2615
..................................................................


WIND (MPH)
  HIGHEST WIND SPEED    24   HIGHEST WIND DIRECTION    NE (40)
  HIGHEST GUST SPEED    29   HIGHEST GUST DIRECTION    NE (40)
  AVERAGE WIND SPEED    13.2


SKY COVER
  POSSIBLE SUNSHINE  MM
  AVERAGE SKY COVER 0.5


WEATHER CONDITIONS
 THE FOLLOWING WEATHER WAS RECORDED YESTERDAY.
  NO SIGNIFICANT WEATHER WAS OBSERVED.


RELATIVE HUMIDITY (PERCENT)
 HIGHEST    84           400 AM
 LOWEST     58          1000 AM
 AVERAGE    71

..........................................................


THE KAHULUI HI CLIMATE NORMALS FOR TODAY
                         NORMAL    RECORD    YEAR
 MAXIMUM TEMPERATURE (F)   88        94      1951
 MINIMUM TEMPERATURE (F)   71        61      2005


SUNRISE AND SUNSET
AUGUST 21 2014........SUNRISE   607 AM HST   SUNSET   651 PM HST
AUGUST 22 2014........SUNRISE   607 AM HST   SUNSET   650 PM HST


-  INDICATES NEGATIVE NUMBERS.
R  INDICATES RECORD WAS SET OR TIED.
MM INDICATES DATA IS MISSING.
T  INDICATES TRACE AMOUNT.




$$
