000
CDHW42 PHFO 161245
CLIOGG


CLIMATE REPORT
NATIONAL WEATHER SERVICE HONOLULU HI
245 AM HST WED APR 16 2014


...................................

...THE KAHULUI HI CLIMATE SUMMARY FOR APRIL 15 2014...

CLIMATE NORMAL PERIOD 1981 TO 2010
CLIMATE RECORD PERIOD 1946 TO 2014


WEATHER ITEM   OBSERVED TIME   RECORD YEAR NORMAL DEPARTURE LAST
                VALUE   (LST)  VALUE       VALUE  FROM      YEAR
                                                  NORMAL
..................................................................
TEMPERATURE (F)
 YESTERDAY
  MAXIMUM         80    230 PM  92    1952  82     -2       84
  MINIMUM         68    238 AM  55    1951  66      2       66
  AVERAGE         74                        74      0       75

PRECIPITATION (IN)
  YESTERDAY        0.34          0.51 1980   0.05   0.29     0.00
  MONTH TO DATE    1.51                      0.93   0.58      T
  SINCE MAR 1      5.26                      3.38   1.88     1.18
  SINCE JAN 1     11.91                      8.14   3.77     6.13

SNOWFALL (IN)
  YESTERDAY        0.0
  MONTH TO DATE    0.0
  SINCE MAR 1      0.0
  SINCE JUL 1      0.0
  SNOW DEPTH       0

DEGREE DAYS
 HEATING
  YESTERDAY        0                         0      0        0
  MONTH TO DATE    0                         0      0        0
  SINCE MAR 1      0                         0      0        0
  SINCE JUL 1      0                         0      0        0

 COOLING
  YESTERDAY        9                         9      0       10
  MONTH TO DATE  143                       135      8      140
  SINCE MAR 1    436                       380     56      373
  SINCE JAN 1    947                       789    158      806
..................................................................


WIND (MPH)
  HIGHEST WIND SPEED    26   HIGHEST WIND DIRECTION    NE (50)
  HIGHEST GUST SPEED    35   HIGHEST GUST DIRECTION    NE (40)
  AVERAGE WIND SPEED    14.5


SKY COVER
  POSSIBLE SUNSHINE  MM
  AVERAGE SKY COVER 0.7


WEATHER CONDITIONS
 THE FOLLOWING WEATHER WAS RECORDED YESTERDAY.
  RAIN
  LIGHT RAIN
  FOG


RELATIVE HUMIDITY (PERCENT)
 HIGHEST    90           900 PM
 LOWEST     64           100 PM
 AVERAGE    77

..........................................................


THE KAHULUI HI CLIMATE NORMALS FOR TODAY
                         NORMAL    RECORD    YEAR
 MAXIMUM TEMPERATURE (F)   82        90      1952
 MINIMUM TEMPERATURE (F)   66        58      1952


SUNRISE AND SUNSET
APRIL 16 2014.........SUNRISE   606 AM HST   SUNSET   645 PM HST
APRIL 17 2014.........SUNRISE   605 AM HST   SUNSET   645 PM HST


-  INDICATES NEGATIVE NUMBERS.
R  INDICATES RECORD WAS SET OR TIED.
MM INDICATES DATA IS MISSING.
T  INDICATES TRACE AMOUNT.




$$
