000
CDHW42 PHFO 031251
CLIOGG


CLIMATE REPORT
NATIONAL WEATHER SERVICE
1245 PM UTC MON AUG 3 2015


...................................

...THE KAHULUI HI CLIMATE SUMMARY FOR AUGUST 2 2015...

CLIMATE NORMAL PERIOD 1981 TO 2010
CLIMATE RECORD PERIOD 1946 TO 2015


WEATHER ITEM   OBSERVED TIME   RECORD YEAR NORMAL DEPARTURE LAST
                VALUE   (LST)  VALUE       VALUE  FROM      YEAR
                                                  NORMAL
..................................................................
TEMPERATURE (F)
 YESTERDAY
  MAXIMUM         90    153 PM  94    1952  88      2       91
  MINIMUM         77   1159 PM  61    1999  72      5       76
  AVERAGE         84                        80      4       84

PRECIPITATION (IN)
  YESTERDAY        0.00          0.56 1958   0.02  -0.02     0.00
  MONTH TO DATE    0.01                      0.04  -0.03     0.00
  SINCE JUN 1      0.86                      0.74   0.12     1.22
  SINCE JAN 1     17.82                     10.24   7.58    15.18

SNOWFALL (IN)
  YESTERDAY        0.0
  MONTH TO DATE    0.0
  SINCE JUN 1      0.0
  SINCE JUL 1      0.0
  SNOW DEPTH      MM

DEGREE DAYS
 HEATING
  YESTERDAY        0                         0      0        0
  MONTH TO DATE    0                         0      0        0
  SINCE JUN 1      0                         0      0        0
  SINCE JUL 1      0                         0      0        0

 COOLING
  YESTERDAY       19                        15      4       19
  MONTH TO DATE   37                        30      7       34
  SINCE JUN 1    431                       857   -426      932
  SINCE JAN 1   1577                      2116   -539     2428
..................................................................


WIND (MPH)
  HIGHEST WIND SPEED    24   HIGHEST WIND DIRECTION    NE (40)
  HIGHEST GUST SPEED    30   HIGHEST GUST DIRECTION    NE (40)
  AVERAGE WIND SPEED    14.3


SKY COVER
  POSSIBLE SUNSHINE  MM
  AVERAGE SKY COVER  MM


WEATHER CONDITIONS
 THE FOLLOWING WEATHER WAS RECORDED YESTERDAY.
  NO SIGNIFICANT WEATHER WAS OBSERVED.


RELATIVE HUMIDITY (PERCENT)
 HIGHEST    MM
 LOWEST     MM
 AVERAGE    MM

..........................................................


THE KAHULUI HI CLIMATE NORMALS FOR TODAY
                         NORMAL    RECORD    YEAR
 MAXIMUM TEMPERATURE (F)   88        94      1952
 MINIMUM TEMPERATURE (F)   72        64      2008


SUNRISE AND SUNSET
AUGUST  3 2015........SUNRISE   601 AM HST   SUNSET   703 PM HST
AUGUST  4 2015........SUNRISE   601 AM HST   SUNSET   702 PM HST


-  INDICATES NEGATIVE NUMBERS.
R  INDICATES RECORD WAS SET OR TIED.
MM INDICATES DATA IS MISSING.
T  INDICATES TRACE AMOUNT.




$$
