000
CDHW42 PHFO 250253
CLIOGG


CLIMATE REPORT
NATIONAL WEATHER SERVICE HONOLULU HI
453 PM HST MON JUL 24 2017


...................................

...THE KAHULUI HI CLIMATE SUMMARY FOR JULY 24 2017...
VALID TODAY AS OF 0400 PM LOCAL TIME.

CLIMATE NORMAL PERIOD 1981 TO 2010
CLIMATE RECORD PERIOD 1946 TO 2017


WEATHER ITEM   OBSERVED TIME   RECORD YEAR NORMAL DEPARTURE LAST
                VALUE   (LST)  VALUE       VALUE  FROM      YEAR
                                                  NORMAL
..................................................................
TEMPERATURE (F)
 TODAY
  MAXIMUM         MM        MM  96    1951  87     MM       88
  MINIMUM         MM        MM  63    1952  71     MM       75
  AVERAGE         MM                        79     MM       82

PRECIPITATION (IN)
  TODAY           MM             0.25 1966   0.02  MM        0.02
  MONTH TO DATE    0.18                      0.37  -0.19     1.01
  SINCE JUN 1      0.30                      0.57  -0.27     1.37
  SINCE JAN 1     14.77                     10.07   4.70     9.10

SNOWFALL (IN)
  TODAY           MM
  MONTH TO DATE    0.0
  SINCE JUN 1      0.0
  SINCE JUL 1      0.0
  SNOW DEPTH      MM

DEGREE DAYS
 HEATING
  TODAY           MM                         0     MM        0
  MONTH TO DATE    0                         0      0        0
  SINCE JUN 1      0                         0      0        0
  SINCE JUL 1      0                         0      0        0

 COOLING
  TODAY           MM                        14     MM       17
  MONTH TO DATE  349                       336     13      367
  SINCE JUN 1    789                       724     65      793
  SINCE JAN 1   2152                      1983    169     2282
..................................................................


WIND (MPH)
  HIGHEST WIND SPEED    MM   HIGHEST WIND DIRECTION    MM
  HIGHEST GUST SPEED    MM   HIGHEST GUST DIRECTION    MM
  AVERAGE WIND SPEED    MM


SKY COVER
  POSSIBLE SUNSHINE  MM
  AVERAGE SKY COVER  MM


WEATHER CONDITIONS
 THE FOLLOWING WEATHER WAS RECORDED TODAY.
  NO SIGNIFICANT WEATHER WAS OBSERVED.


RELATIVE HUMIDITY (PERCENT)
 HIGHEST    MM
 LOWEST     MM
 AVERAGE    MM

..........................................................


THE KAHULUI HI CLIMATE NORMALS FOR TOMORROW
                         NORMAL    RECORD    YEAR
 MAXIMUM TEMPERATURE (F)   87        95      1951
 MINIMUM TEMPERATURE (F)   72        63      1952


SUNRISE AND SUNSET
JULY 24 2017..........SUNRISE   557 AM HST   SUNSET   707 PM HST
JULY 25 2017..........SUNRISE   557 AM HST   SUNSET   707 PM HST


-  INDICATES NEGATIVE NUMBERS.
R  INDICATES RECORD WAS SET OR TIED.
MM INDICATES DATA IS MISSING.
T  INDICATES TRACE AMOUNT.




$$
