000
CDHW42 PHFO 020228
CLIOGG


CLIMATE REPORT
NATIONAL WEATHER SERVICE HONOLULU HI
428 PM HST TUE SEP 1 2015


...................................

...THE KAHULUI HI CLIMATE SUMMARY FOR SEPTEMBER 1 2015...
VALID TODAY AS OF 0400 PM LOCAL TIME.

CLIMATE NORMAL PERIOD 1981 TO 2010
CLIMATE RECORD PERIOD 1946 TO 2015


WEATHER ITEM   OBSERVED TIME   RECORD YEAR NORMAL DEPARTURE LAST
                VALUE   (LST)  VALUE       VALUE  FROM      YEAR
                                                  NORMAL
..................................................................
TEMPERATURE (F)
 TODAY
  MAXIMUM         93    218 PM  95    1968  88      5       93
  MINIMUM         76    613 AM  62    1953  71      5       71
  AVERAGE         85                        80      5       82

PRECIPITATION (IN)
  TODAY            0.02          0.30 1998   0.01   0.01     0.00
  MONTH TO DATE    0.02                      0.01   0.01     0.00
  SINCE SEP 1      0.02                      0.01   0.01     0.00
  SINCE JAN 1     22.28                     10.71  11.57    15.65

SNOWFALL (IN)
  TODAY            0.0
  MONTH TO DATE    0.0
  SINCE SEP 1      0.0
  SINCE JUL 1      0.0
  SNOW DEPTH       0

DEGREE DAYS
 HEATING
  TODAY            0                         0      0        0
  MONTH TO DATE    0                         0      0        0
  SINCE SEP 1      0                         0      0        0
  SINCE JUL 1      0                         0      0        0

 COOLING
  TODAY           20                        15      5       17
  MONTH TO DATE   20                        15      5       17
  SINCE SEP 1     20                        15      5       17
  SINCE JAN 1   2854                      2557    297     2905
..................................................................


WIND (MPH)
  HIGHEST WIND SPEED    16   HIGHEST WIND DIRECTION     N (360)
  HIGHEST GUST SPEED    22   HIGHEST GUST DIRECTION     N (350)
  AVERAGE WIND SPEED     7.3


SKY COVER
  POSSIBLE SUNSHINE  MM
  AVERAGE SKY COVER 0.4


WEATHER CONDITIONS
 THE FOLLOWING WEATHER WAS RECORDED TODAY.
  NO SIGNIFICANT WEATHER WAS OBSERVED.


RELATIVE HUMIDITY (PERCENT)
 HIGHEST    85           600 AM
 LOWEST     52           200 PM
 AVERAGE    69

..........................................................


THE KAHULUI HI CLIMATE NORMALS FOR TOMORROW
                         NORMAL    RECORD    YEAR
 MAXIMUM TEMPERATURE (F)   88        93      2014
                                             1997
                                             1949
 MINIMUM TEMPERATURE (F)   71        62      1983
                                             1952


SUNRISE AND SUNSET
SEPTEMBER  1 2015.....SUNRISE   609 AM HST   SUNSET   642 PM HST
SEPTEMBER  2 2015.....SUNRISE   610 AM HST   SUNSET   641 PM HST


-  INDICATES NEGATIVE NUMBERS.
R  INDICATES RECORD WAS SET OR TIED.
MM INDICATES DATA IS MISSING.
T  INDICATES TRACE AMOUNT.




$$
