000
CDUS43 KEAX 020036
CLIOJC


CLIMATE REPORT
NATIONAL WEATHER SERVICE KANSAS CITY/PLEASANT HILL MO
736 PM CDT SUN MAY 1 2016


...................................

...THE JOHNSON COUNTY EXECUTIVE KS CLIMATE SUMMARY FOR MAY 1 2016...
VALID TODAY AS OF 0700 PM LOCAL TIME.

CLIMATE NORMAL PERIOD 1981 TO 2010
CLIMATE RECORD PERIOD 9999 TO 9999


WEATHER ITEM   OBSERVED TIME   NORMAL DEPARTURE LAST
                VALUE   (LST)  VALUE  FROM      YEAR
                                      NORMAL
......................................................
TEMPERATURE (F)
 TODAY
  MAXIMUM         60   1239 PM  70    -10       75
  MINIMUM         47    625 AM  50     -3       49
  AVERAGE         54            60     -6       62

PRECIPITATION (IN)
  TODAY            0.00          0.18  -0.18     0.00
  MONTH TO DATE    0.00          0.18  -0.18     0.00
  SINCE MAR 1      6.59          6.80  -0.21     4.03
  SINCE JAN 1      7.84          9.49  -1.65     5.62

DEGREE DAYS
 HEATING
  TODAY           11             6      5        3
  MONTH TO DATE   11             6      5        3
  SINCE MAR 1    674           944   -270      760
  SINCE JUL 1   4019          4837   -818     4795

 COOLING
  TODAY            0             1     -1        0
  MONTH TO DATE    0             1     -1        0
  SINCE MAR 1      6            19    -13        9
  SINCE JAN 1      6            19    -13        9
......................................................


WIND (MPH)
  HIGHEST WIND SPEED    16   HIGHEST WIND DIRECTION    NW (320)
  HIGHEST GUST SPEED    22   HIGHEST GUST DIRECTION    NW (330)
  AVERAGE WIND SPEED     7.9


SKY COVER
  AVERAGE SKY COVER 0.6


WEATHER CONDITIONS
 THE FOLLOWING WEATHER WAS RECORDED TODAY.
  NO SIGNIFICANT WEATHER WAS OBSERVED.


RELATIVE HUMIDITY (PERCENT)
 HIGHEST    93           600 AM
 LOWEST     53           200 PM
 AVERAGE    73

..........................................................


THE JOHNSON COUNTY EXECUTIVE KS CLIMATE NORMALS FOR TOMORROW
                         NORMAL
 MAXIMUM TEMPERATURE (F)   70
 MINIMUM TEMPERATURE (F)   51


SUNRISE AND SUNSET
MAY  1 2016...........SUNRISE   621 AM CDT   SUNSET   812 PM CDT
MAY  2 2016...........SUNRISE   619 AM CDT   SUNSET   813 PM CDT


-  INDICATES NEGATIVE NUMBERS.
R  INDICATES RECORD WAS SET OR TIED.
MM INDICATES DATA IS MISSING.
T  INDICATES TRACE AMOUNT.




$$
