000
CDUS43 KEAX 020036
CLIOJC


CLIMATE REPORT
NATIONAL WEATHER SERVICE KANSAS CITY/PLEASANT HILL MO
736 PM CDT MON JUN 1 2015


...................................

...THE JOHNSON COUNTY EXECUTIVE KS CLIMATE SUMMARY FOR JUNE 1 2015...
VALID TODAY AS OF 0700 PM LOCAL TIME.

CLIMATE NORMAL PERIOD 1981 TO 2010
CLIMATE RECORD PERIOD 9999 TO 9999


WEATHER ITEM   OBSERVED TIME   NORMAL DEPARTURE LAST
                VALUE   (LST)  VALUE  FROM      YEAR
                                      NORMAL
......................................................
TEMPERATURE (F)
 TODAY
  MAXIMUM         65    308 PM  79    -14       83
  MINIMUM         57    608 AM  60     -3       63
  AVERAGE         61            70     -9       73

PRECIPITATION (IN)
  TODAY            0.00          0.23  -0.23     0.69
  MONTH TO DATE    0.00          0.23  -0.23     0.69
  SINCE JUN 1      0.00          0.23  -0.23     0.69
  SINCE JAN 1     16.22         14.97   1.25     8.27

DEGREE DAYS
 HEATING
  TODAY            4             1      3        0
  MONTH TO DATE    4             1      3        0
  SINCE JUN 1      4             1      3        0
  SINCE JUL 1   4881          4927    -46     5692

 COOLING
  TODAY            0             6     -6        8
  MONTH TO DATE    0             6     -6        8
  SINCE JUN 1      0             6     -6        8
  SINCE JAN 1     77           110    -33      161
......................................................


WIND (MPH)
  HIGHEST WIND SPEED    12   HIGHEST WIND DIRECTION     E (110)
  HIGHEST GUST SPEED    15   HIGHEST GUST DIRECTION     E (80)
  AVERAGE WIND SPEED     5.8


SKY COVER
  AVERAGE SKY COVER 0.7


WEATHER CONDITIONS
 THE FOLLOWING WEATHER WAS RECORDED TODAY.
  NO SIGNIFICANT WEATHER WAS OBSERVED.


RELATIVE HUMIDITY (PERCENT)
 HIGHEST    93           200 AM
 LOWEST     72          1200 PM
 AVERAGE    83

..........................................................


THE JOHNSON COUNTY EXECUTIVE KS CLIMATE NORMALS FOR TOMORROW
                         NORMAL
 MAXIMUM TEMPERATURE (F)   80
 MINIMUM TEMPERATURE (F)   60


SUNRISE AND SUNSET
JUNE  1 2015..........SUNRISE   556 AM CDT   SUNSET   838 PM CDT
JUNE  2 2015..........SUNRISE   555 AM CDT   SUNSET   839 PM CDT


-  INDICATES NEGATIVE NUMBERS.
R  INDICATES RECORD WAS SET OR TIED.
MM INDICATES DATA IS MISSING.
T  INDICATES TRACE AMOUNT.




$$
