000
CDUS43 KEAX 270643
CLIOJC


CLIMATE REPORT
NATIONAL WEATHER SERVICE KANSAS CITY/PLEASANT HILL MO
142 AM CDT SAT MAY 27 2017


...................................

...THE JOHNSON COUNTY EXECUTIVE KS CLIMATE SUMMARY FOR MAY 26 2017...

CLIMATE NORMAL PERIOD 1981 TO 2010
CLIMATE RECORD PERIOD 9999 TO 9999


WEATHER ITEM   OBSERVED TIME   NORMAL DEPARTURE LAST
                VALUE   (LST)  VALUE  FROM      YEAR
                                      NORMAL
......................................................
TEMPERATURE (F)
 YESTERDAY
  MAXIMUM         84    530 PM  78      6       82
  MINIMUM         61    530 AM  58      3       60
  AVERAGE         73            68      5       71

PRECIPITATION (IN)
  YESTERDAY        T             0.16  -0.16     1.90
  MONTH TO DATE    3.14          4.57  -1.43     6.96
  SINCE MAR 1     11.25         11.19   0.06    13.55
  SINCE JAN 1     12.17         13.88  -1.71    14.80

DEGREE DAYS
 HEATING
  YESTERDAY        0             1     -1        0
  MONTH TO DATE  100            88     12      131
  SINCE MAR 1    878          1026   -148      794
  SINCE JUL 1   4018          4919   -901     4139

 COOLING
  YESTERDAY        8             4      4        6
  MONTH TO DATE   58            60     -2       28
  SINCE MAR 1     84            78      6       34
  SINCE JAN 1     84            78      6       34
......................................................


WIND (MPH)
  HIGHEST WIND SPEED    24   HIGHEST WIND DIRECTION     E (90)
  HIGHEST GUST SPEED    28   HIGHEST GUST DIRECTION     E (90)
  AVERAGE WIND SPEED     5.8


SKY COVER
  AVERAGE SKY COVER 0.3


WEATHER CONDITIONS
 THE FOLLOWING WEATHER WAS RECORDED YESTERDAY.
  THUNDERSTORM
  LIGHT RAIN


RELATIVE HUMIDITY (PERCENT)
 HIGHEST    93           500 AM
 LOWEST     51           400 PM
 AVERAGE    72

..........................................................


THE JOHNSON COUNTY EXECUTIVE KS CLIMATE NORMALS FOR TODAY
                         NORMAL
 MAXIMUM TEMPERATURE (F)   78
 MINIMUM TEMPERATURE (F)   59


SUNRISE AND SUNSET
MAY 27 2017...........SUNRISE   558 AM CDT   SUNSET   835 PM CDT
MAY 28 2017...........SUNRISE   557 AM CDT   SUNSET   836 PM CDT


-  INDICATES NEGATIVE NUMBERS.
R  INDICATES RECORD WAS SET OR TIED.
MM INDICATES DATA IS MISSING.
T  INDICATES TRACE AMOUNT.




$$
