000
CDUS43 KEAX 231232
CLIOJC


CLIMATE REPORT
NATIONAL WEATHER SERVICE KANSAS CITY/PLEASANT HILL MO
732 AM CDT TUE SEP 23 2014


...................................

...THE JOHNSON COUNTY EXECUTIVE KS CLIMATE SUMMARY FOR SEPTEMBER 23 2014...
VALID AS OF 0700 AM LOCAL TIME.

CLIMATE NORMAL PERIOD 1981 TO 2010
CLIMATE RECORD PERIOD 9999 TO 9999


WEATHER ITEM   OBSERVED TIME   NORMAL DEPARTURE LAST
                VALUE   (LST)  VALUE  FROM      YEAR
                                      NORMAL
......................................................
TEMPERATURE (F)
 TODAY
  MAXIMUM         58   1204 AM  76    -18       76
  MINIMUM         54    559 AM  56     -2       52
  AVERAGE         56            66    -10       64

PRECIPITATION (IN)
  TODAY            0.00          0.13  -0.13     0.00
  MONTH TO DATE    2.60          3.63  -1.03     2.69
  SINCE SEP 1      2.60          3.63  -1.03     2.69
  SINCE JAN 1     24.55         31.59  -7.04    29.20

DEGREE DAYS
 HEATING
  TODAY            9             3      6        1
  MONTH TO DATE   64            21     43       12
  SINCE SEP 1     64            21     43       12
  SINCE JUL 1     65            22     43       12

 COOLING
  TODAY            0             3     -3        0
  MONTH TO DATE   96           137    -41      198
  SINCE SEP 1     96           137    -41      198
  SINCE JAN 1   1185          1302   -117     1311
......................................................


WIND (MPH)
  HIGHEST WIND SPEED     7   HIGHEST WIND DIRECTION    SE (150)
  HIGHEST GUST SPEED    10   HIGHEST GUST DIRECTION    SE (150)
  AVERAGE WIND SPEED     3.5


SKY COVER
  AVERAGE SKY COVER 0.0


WEATHER CONDITIONS
 THE FOLLOWING WEATHER WAS RECORDED TODAY.
  NO SIGNIFICANT WEATHER WAS OBSERVED.


RELATIVE HUMIDITY (PERCENT)
 HIGHEST    93           300 AM
 LOWEST     80          1200 AM
 AVERAGE    87

..........................................................


THE JOHNSON COUNTY EXECUTIVE KS CLIMATE NORMALS FOR TOMORROW
                         NORMAL
 MAXIMUM TEMPERATURE (F)   75
 MINIMUM TEMPERATURE (F)   55


SUNRISE AND SUNSET
SEPTEMBER 23 2014.....SUNRISE   707 AM CDT   SUNSET   714 PM CDT
SEPTEMBER 24 2014.....SUNRISE   708 AM CDT   SUNSET   713 PM CDT


-  INDICATES NEGATIVE NUMBERS.
R  INDICATES RECORD WAS SET OR TIED.
MM INDICATES DATA IS MISSING.
T  INDICATES TRACE AMOUNT.




$$
