000
CDUS46 KSGX 290016
CLIOKB


CLIMATE REPORT
NATIONAL WEATHER SERVICE SAN DIEGO, CA
516 PM PDT THU MAY 28 2015


...................................

...THE OCEANSIDE AIRPORT CA CLIMATE SUMMARY FOR MAY 28 2015...
VALID TODAY AS OF 0500 PM LOCAL TIME.

CLIMATE NORMAL PERIOD 1981 TO 2010
CLIMATE RECORD PERIOD 1999 TO 2015


WEATHER ITEM   OBSERVED TIME   RECORD YEAR NORMAL DEPARTURE LAST
                VALUE   (LST)  VALUE       VALUE  FROM      YEAR
                                                  NORMAL
..................................................................
TEMPERATURE (F)
 TODAY
  MAXIMUM         71    139 PM  77    2000  70      1       73
  MINIMUM         61    555 AM  47    2008  56      5       63
  AVERAGE         66                        63      3       68

PRECIPITATION (IN)
  TODAY            0.00          0.01 2012   0.01  -0.01     0.00
  MONTH TO DATE    1.46                      0.26   1.20      T
  SINCE OCT 1      7.38                     13.04  -5.66     4.19
  SINCE JAN 1      2.98                      9.16  -6.18     2.60

SNOWFALL (IN)
  TODAY            0.0
  MONTH TO DATE    0.0
  SINCE MAR 1      0.0
  SINCE JUL 1      0.0
  SNOW DEPTH       0

DEGREE DAYS
 HEATING
  TODAY            0                         2     -2        0
  MONTH TO DATE   79                       101    -22       34
  SINCE MAR 1    329                       587   -258      363
  SINCE JUL 1   1203                      1995   -792     1535

 COOLING
  TODAY            1                         0      1        3
  MONTH TO DATE    3                         0      3       76
  SINCE MAR 1     37                         3     34       92
  SINCE JAN 1     37                         3     34       92
..................................................................


WIND (MPH)
  RESULTANT WIND SPEED   3   RESULTANT WIND DIRECTION   W (260)
  HIGHEST WIND SPEED    13   HIGHEST WIND DIRECTION     W (250)
  HIGHEST GUST SPEED    17   HIGHEST GUST DIRECTION    SW (240)
  AVERAGE WIND SPEED     4.3


SKY COVER
  POSSIBLE SUNSHINE  MM
  AVERAGE SKY COVER 0.8


WEATHER CONDITIONS
 THE FOLLOWING WEATHER WAS RECORDED TODAY.
  NO SIGNIFICANT WEATHER WAS OBSERVED.


RELATIVE HUMIDITY (PERCENT)
 HIGHEST    84           600 AM
 LOWEST     61          1200 PM
 AVERAGE    73

..........................................................


THE OCEANSIDE AIRPORT CA CLIMATE NORMALS FOR TOMORROW
                         NORMAL    RECORD    YEAR
 MAXIMUM TEMPERATURE (F)   70        75      2013
 MINIMUM TEMPERATURE (F)   56        44      2010


SUNRISE AND SUNSET
MAY 28 2015...........SUNRISE   543 AM PDT   SUNSET   751 PM PDT
MAY 29 2015...........SUNRISE   542 AM PDT   SUNSET   752 PM PDT


-  INDICATES NEGATIVE NUMBERS.
R  INDICATES RECORD WAS SET OR TIED.
MM INDICATES DATA IS MISSING.
T  INDICATES TRACE AMOUNT.




$$
