000
CDUS46 KSGX 221133
CLIOKB


CLIMATE REPORT
NATIONAL WEATHER SERVICE SAN DIEGO, CA
433 AM PDT MON MAY 22 2017


...................................

...THE OCEANSIDE AIRPORT CA CLIMATE SUMMARY FOR MAY 21 2017...

CLIMATE NORMAL PERIOD 1981 TO 2010
CLIMATE RECORD PERIOD 1999 TO 2017


WEATHER ITEM   OBSERVED TIME   RECORD YEAR NORMAL DEPARTURE LAST
                VALUE   (LST)  VALUE       VALUE  FROM      YEAR
                                                  NORMAL
..................................................................
TEMPERATURE (F)
 YESTERDAY
  MAXIMUM         78   1137 AM  79    2005  70      8       67
  MINIMUM         51    441 AM  45    2002  55     -4       56
  AVERAGE         65                        62      3       62

PRECIPITATION (IN)
  YESTERDAY        0.00          0.01 2005   0.00   0.00      T
  MONTH TO DATE    1.27                      0.24   1.03     0.53
  SINCE OCT 1     14.92                     13.02   1.90     7.11
  SINCE JAN 1      9.77                      9.14   0.63     4.94

DEGREE DAYS
 HEATING
  YESTERDAY        0                         3     -3        3
  MONTH TO DATE   64                        83    -19       51
  SINCE MAR 1    385                       569   -184      414
  SINCE JUL 1   1400                      1977   -577     1582

 COOLING
  YESTERDAY        0                         0      0        0
  MONTH TO DATE    8                         0      8        6
  SINCE MAR 1     14                         3     11       10
  SINCE JAN 1     14                         3     11       16
..................................................................


WIND (MPH)
  RESULTANT WIND SPEED   4   RESULTANT WIND DIRECTION  SW (240)
  HIGHEST WIND SPEED    14   HIGHEST WIND DIRECTION    SW (240)
  HIGHEST GUST SPEED    27   HIGHEST GUST DIRECTION    SW (220)
  AVERAGE WIND SPEED     4.8


SKY COVER
  POSSIBLE SUNSHINE  MM
  AVERAGE SKY COVER 0.1


WEATHER CONDITIONS
 THE FOLLOWING WEATHER WAS RECORDED YESTERDAY.
  FOG


RELATIVE HUMIDITY (PERCENT)
 HIGHEST   100           200 AM
 LOWEST     64          1000 AM
 AVERAGE    82

..........................................................


THE OCEANSIDE AIRPORT CA CLIMATE NORMALS FOR TODAY
                         NORMAL    RECORD    YEAR
 MAXIMUM TEMPERATURE (F)   70        73      2005
 MINIMUM TEMPERATURE (F)   55        42      2002


SUNRISE AND SUNSET
MAY 22 2017...........SUNRISE   545 AM PDT   SUNSET   747 PM PDT
MAY 23 2017...........SUNRISE   545 AM PDT   SUNSET   748 PM PDT


-  INDICATES NEGATIVE NUMBERS.
R  INDICATES RECORD WAS SET OR TIED.
MM INDICATES DATA IS MISSING.
T  INDICATES TRACE AMOUNT.




$$
