000
CDUS46 KSGX 171420
CLIOKB


CLIMATE REPORT
NATIONAL WEATHER SERVICE SAN DIEGO, CA
720 AM PDT WED SEP 17 2014


...................................

...THE OCEANSIDE AIRPORT CA CLIMATE SUMMARY FOR SEPTEMBER 16 2014...

CLIMATE NORMAL PERIOD 1981 TO 2010
CLIMATE RECORD PERIOD 1999 TO 2014


WEATHER ITEM   OBSERVED TIME   RECORD YEAR NORMAL DEPARTURE LAST
                VALUE   (LST)  VALUE       VALUE  FROM      YEAR
                                                  NORMAL
..................................................................
TEMPERATURE (F)
 YESTERDAY
  MAXIMUM        100R   420 PM  83    2000  77     23       78
  MINIMUM         67    537 AM  50    2007  59      8       58
  AVERAGE         84                        68     16       68

PRECIPITATION (IN)
  YESTERDAY        0.00          T    2006   0.00   0.00     0.00
  MONTH TO DATE    0.00                      0.16  -0.16     0.00
  SINCE JUL 1      0.14                      0.43  -0.29     0.01
  SINCE JAN 1      2.74                      9.70  -6.96     2.33

SNOWFALL (IN)
  YESTERDAY        0.0
  MONTH TO DATE    0.0
  SINCE JAN 1      0.0
  SINCE JUL 1      0.0
  SNOW DEPTH       0

DEGREE DAYS
 HEATING
  YESTERDAY        0                         0      0        0
  MONTH TO DATE    0                         0      0        0
  SINCE SEP 1      0                         0      0        0
  SINCE JUL 1      0                         5     -5        0

 COOLING
  YESTERDAY       19                         3     16        3
  MONTH TO DATE  160                        60    100       97
  SINCE SEP 1    160                        60    100       97
  SINCE JAN 1    667                       360    307      498
..................................................................


WIND (MPH)
  RESULTANT WIND SPEED   2   RESULTANT WIND DIRECTION   W (260)
  HIGHEST WIND SPEED    16   HIGHEST WIND DIRECTION     W (250)
  HIGHEST GUST SPEED    21   HIGHEST GUST DIRECTION     W (250)
  AVERAGE WIND SPEED     4.7


SKY COVER
  POSSIBLE SUNSHINE  MM
  AVERAGE SKY COVER 0.1


WEATHER CONDITIONS
 THE FOLLOWING WEATHER WAS RECORDED YESTERDAY.
  THUNDERSTORM
  HAZE


RELATIVE HUMIDITY (PERCENT)
 HIGHEST    84           100 AM
 LOWEST     27           400 PM
 AVERAGE    56

..........................................................


THE OCEANSIDE AIRPORT CA CLIMATE NORMALS FOR TODAY
                         NORMAL    RECORD    YEAR
 MAXIMUM TEMPERATURE (F)   77        84      2000
 MINIMUM TEMPERATURE (F)   59        49      2006


SUNRISE AND SUNSET
SEPTEMBER 17 2014.....SUNRISE   634 AM PDT   SUNSET   653 PM PDT
SEPTEMBER 18 2014.....SUNRISE   635 AM PDT   SUNSET   651 PM PDT


-  INDICATES NEGATIVE NUMBERS.
R  INDICATES RECORD WAS SET OR TIED.
MM INDICATES DATA IS MISSING.
T  INDICATES TRACE AMOUNT.




$$
