000
CDUS46 KSGX 191520
CLIOKB


CLIMATE REPORT
NATIONAL WEATHER SERVICE SAN DIEGO, CA
719 AM PST THU JAN 19 2017


...................................

...THE OCEANSIDE AIRPORT CA CLIMATE SUMMARY FOR JANUARY 18 2017...

CLIMATE NORMAL PERIOD 1981 TO 2010
CLIMATE RECORD PERIOD 1999 TO 2017


WEATHER ITEM   OBSERVED TIME   RECORD YEAR NORMAL DEPARTURE LAST
                VALUE   (LST)  VALUE       VALUE  FROM      YEAR
                                                  NORMAL
..................................................................
TEMPERATURE (F)
 YESTERDAY
  MAXIMUM         61    115 PM  85    2009  66     -5       63
  MINIMUM         40    712 AM  31    2007  40      0       54
                                      2001
  AVERAGE         51                        53     -2       59

PRECIPITATION (IN)
  YESTERDAY        T             1.38 2010   0.07  -0.07     0.00
  MONTH TO DATE    1.43                      1.85  -0.42     2.35
  SINCE OCT 1      6.58                      5.73   0.85     4.52
  SINCE JAN 1      1.43                      1.85  -0.42     2.35

DEGREE DAYS
 HEATING
  YESTERDAY       14                        12      2        6
  MONTH TO DATE  174                       221    -47      207
  SINCE DEC 1    454                       605   -151      616
  SINCE JUL 1    640                       955   -315      847

 COOLING
  YESTERDAY        0                         0      0        0
  MONTH TO DATE    0                         0      0        0
  SINCE DEC 1      0                         0      0        0
  SINCE JAN 1      0                         0      0        0
..................................................................


WIND (MPH)
  RESULTANT WIND SPEED   2   RESULTANT WIND DIRECTION   W (290)
  HIGHEST WIND SPEED    14   HIGHEST WIND DIRECTION     W (270)
  HIGHEST GUST SPEED    18   HIGHEST GUST DIRECTION     W (260)
  AVERAGE WIND SPEED     4.2


SKY COVER
  POSSIBLE SUNSHINE  MM
  AVERAGE SKY COVER 0.4


WEATHER CONDITIONS
 THE FOLLOWING WEATHER WAS RECORDED YESTERDAY.
  LIGHT RAIN
  FOG
  HAZE


RELATIVE HUMIDITY (PERCENT)
 HIGHEST    96           600 AM
 LOWEST     64          1100 AM
 AVERAGE    80

..........................................................


THE OCEANSIDE AIRPORT CA CLIMATE NORMALS FOR TODAY
                         NORMAL    RECORD    YEAR
 MAXIMUM TEMPERATURE (F)   66        87      2005
 MINIMUM TEMPERATURE (F)   40        31      2012


SUNRISE AND SUNSET
JANUARY 19 2017.......SUNRISE   652 AM PST   SUNSET   509 PM PST
JANUARY 20 2017.......SUNRISE   651 AM PST   SUNSET   510 PM PST


-  INDICATES NEGATIVE NUMBERS.
R  INDICATES RECORD WAS SET OR TIED.
MM INDICATES DATA IS MISSING.
T  INDICATES TRACE AMOUNT.




$$
