677
CDUS46 KSGX 231250
CLIOKB


CLIMATE REPORT
NATIONAL WEATHER SERVICE SAN DIEGO, CA
450 AM PST THU NOV 23 2017


...................................

...THE OCEANSIDE AIRPORT CA CLIMATE SUMMARY FOR NOVEMBER 22 2017...

CLIMATE NORMAL PERIOD 1981 TO 2010
CLIMATE RECORD PERIOD 1999 TO 2017


WEATHER ITEM   OBSERVED TIME   RECORD YEAR NORMAL DEPARTURE LAST
                VALUE   (LST)  VALUE       VALUE  FROM      YEAR
                                                  NORMAL
..................................................................
TEMPERATURE (F)
 YESTERDAY
  MAXIMUM         91R   102 PM  87    2015  69     22       68
  MINIMUM         46    630 AM  39    2011  42      4       47
  AVERAGE         69                        56     13       58

PRECIPITATION (IN)
  YESTERDAY        0.00          0.04 2013   0.04  -0.04     0.00
  MONTH TO DATE    0.01                      0.82  -0.81     0.33
  SINCE OCT 1      0.01                      1.52  -1.51     0.66
  SINCE JAN 1      9.85                     11.30  -1.45     5.85

DEGREE DAYS
 HEATING
  YESTERDAY        0                        10    -10        7
  MONTH TO DATE   92                       166    -74       70
  SINCE SEP 1    121                       263   -142      112
  SINCE JUL 1    121                       268   -147      112

 COOLING
  YESTERDAY        4                         0      4        0
  MONTH TO DATE    5                         0      5       28
  SINCE SEP 1    233                       116    117      199
  SINCE JAN 1    752                       416    336      656
..................................................................


WIND (MPH)
  RESULTANT WIND SPEED   1   RESULTANT WIND DIRECTION  SW (240)
  HIGHEST WIND SPEED    12   HIGHEST WIND DIRECTION    SW (240)
  HIGHEST GUST SPEED    14   HIGHEST GUST DIRECTION     W (290)
  AVERAGE WIND SPEED     2.2


SKY COVER
  POSSIBLE SUNSHINE  MM
  AVERAGE SKY COVER 0.0


WEATHER CONDITIONS
 THE FOLLOWING WEATHER WAS RECORDED YESTERDAY.
  NO SIGNIFICANT WEATHER WAS OBSERVED.


RELATIVE HUMIDITY (PERCENT)
 HIGHEST    76           600 AM
 LOWEST     19           100 PM
 AVERAGE    48

..........................................................


THE OCEANSIDE AIRPORT CA CLIMATE NORMALS FOR TODAY
                         NORMAL    RECORD    YEAR
 MAXIMUM TEMPERATURE (F)   68        80      2015
 MINIMUM TEMPERATURE (F)   42        33      2003
                                             1999


SUNRISE AND SUNSET
NOVEMBER 23 2017......SUNRISE   628 AM PST   SUNSET   444 PM PST
NOVEMBER 24 2017......SUNRISE   629 AM PST   SUNSET   443 PM PST


-  INDICATES NEGATIVE NUMBERS.
R  INDICATES RECORD WAS SET OR TIED.
MM INDICATES DATA IS MISSING.
T  INDICATES TRACE AMOUNT.




$$
