000
CDUS44 KOUN 180655
CLIOKC

CLIMATE REPORT
NATIONAL WEATHER SERVICE NORMAN OK
145 AM CDT FRI APR 18 2014


...................................

...THE OKLAHOMA CITY CLIMATE SUMMARY FOR APRIL 17 2014...

CLIMATE NORMAL PERIOD 1981 TO 2010
CLIMATE RECORD PERIOD 1890 TO 2014


WEATHER ITEM   OBSERVED TIME   RECORD YEAR NORMAL DEPARTURE LAST
                VALUE   (LST)  VALUE       VALUE  FROM      YEAR
                                                  NORMAL
..................................................................
TEMPERATURE (F)
 YESTERDAY
  MAXIMUM         61   1247 PM  98    2006  73    -12       77
  MINIMUM         47    207 AM  30    1921  50     -3       46
  AVERAGE         54                        61     -7       62

PRECIPITATION (IN)
  YESTERDAY        T             2.42 2013   0.10  -0.10     2.42
  MONTH TO DATE    0.57                      1.53  -0.96     6.59
  SINCE JAN 1      2.26                      7.56  -5.30    11.54

SNOWFALL (IN)
  YESTERDAY        0.0           T    1901   0.0    0.0      0.0
  MONTH TO DATE    T                         0.0    0.0       T
  SINCE JUL 1     10.2                       7.6    2.6      7.7
  SNOW DEPTH       0

DEGREE DAYS
 HEATING
  YESTERDAY       11                         5      6        3
  MONTH TO DATE  129                       123      6      189
  SINCE JUL 1   3731                      3282    449     3234

 COOLING
  YESTERDAY        0                         2     -2        0
  MONTH TO DATE   26                        22      4       10
  SINCE JAN 1     37                        35      2       14
..................................................................


WIND (MPH)
  HIGHEST WIND SPEED    16   HIGHEST WIND DIRECTION    NE (40)
  HIGHEST GUST SPEED    20   HIGHEST GUST DIRECTION    NE (30)
  AVERAGE WIND SPEED     8.4


SKY COVER
  AVERAGE SKY COVER 0.8


WEATHER CONDITIONS
 THE FOLLOWING WEATHER WAS RECORDED YESTERDAY.
  LIGHT RAIN
  HAZE


RELATIVE HUMIDITY (PERCENT)
 HIGHEST    71           700 PM
 LOWEST     50          1200 AM
 AVERAGE    61

..........................................................


THE OKLAHOMA CITY CLIMATE NORMALS FOR TODAY
                         NORMAL    RECORD    YEAR
 MAXIMUM TEMPERATURE (F)   73        96      1925
 MINIMUM TEMPERATURE (F)   50        30      1953


SUNRISE AND SUNSET
APRIL 18 2014.........SUNRISE   654 AM CDT   SUNSET   806 PM CDT
APRIL 19 2014.........SUNRISE   653 AM CDT   SUNSET   807 PM CDT


-  INDICATES NEGATIVE NUMBERS.
R  INDICATES RECORD WAS SET OR TIED.
MM INDICATES DATA IS MISSING.
T  INDICATES TRACE AMOUNT.




$$
