000
CDUS44 KOUN 222322
CLIOKC

CLIMATE REPORT
NATIONAL WEATHER SERVICE NORMAN OK
521 PM CST WED NOV 22 2017


...................................

...THE OKLAHOMA CITY CLIMATE SUMMARY FOR NOVEMBER 22 2017...
VALID TODAY AS OF 0500 PM LOCAL TIME.

CLIMATE NORMAL PERIOD 1981 TO 2010
CLIMATE RECORD PERIOD 1890 TO 2017


WEATHER ITEM   OBSERVED TIME   RECORD YEAR NORMAL DEPARTURE LAST
                VALUE   (LST)  VALUE       VALUE  FROM      YEAR
                                                  NORMAL
..................................................................
TEMPERATURE (F)
 TODAY
  MAXIMUM         50    408 PM  78    1982  59     -9       76
                                      1966
                                      1900
  MINIMUM         28    720 AM  15    1898  37     -9       46
  AVERAGE         39                        48     -9       61

PRECIPITATION (IN)
  TODAY            0.00          1.54 1931   0.05  -0.05      T
  MONTH TO DATE    0.07                      1.53  -1.46     0.48
  SINCE SEP 1      9.83                      9.30   0.53     5.55
  SINCE JAN 1     33.04                     34.19  -1.15    25.46

SNOWFALL (IN)
  TODAY            0.0

DEGREE DAYS
 HEATING
  TODAY           26                        17      9        4
  MONTH TO DATE  283                       281      2      152
  SINCE SEP 1    464                       445     19      198
  SINCE JUL 1    464                       445     19      198

 COOLING
  TODAY            0                         0      0        0
  MONTH TO DATE    5                         7     -2       23
  SINCE SEP 1    345                       362    -17      488
  SINCE JAN 1   1916                      2099   -183     2214
..................................................................


WIND (MPH)
  HIGHEST WIND SPEED    22   HIGHEST WIND DIRECTION    NE (30)
  HIGHEST GUST SPEED    27   HIGHEST GUST DIRECTION    NE (30)
  AVERAGE WIND SPEED     9.1


SKY COVER
  AVERAGE SKY COVER 0.4


WEATHER CONDITIONS
 THE FOLLOWING WEATHER WAS RECORDED TODAY.
  NO SIGNIFICANT WEATHER WAS OBSERVED.


RELATIVE HUMIDITY (PERCENT)
 HIGHEST    58           700 AM
 LOWEST     24           400 PM
 AVERAGE    41

..........................................................


THE OKLAHOMA CITY CLIMATE NORMALS FOR TOMORROW
                         NORMAL    RECORD    YEAR
 MAXIMUM TEMPERATURE (F)   58        79      2005
                                             1973
 MINIMUM TEMPERATURE (F)   37        19      1950


SUNRISE AND SUNSET
NOVEMBER 22 2017......SUNRISE   713 AM CST   SUNSET   520 PM CST
NOVEMBER 23 2017......SUNRISE   714 AM CST   SUNSET   520 PM CST


-  INDICATES NEGATIVE NUMBERS.
R  INDICATES RECORD WAS SET OR TIED.
MM INDICATES DATA IS MISSING.
T  INDICATES TRACE AMOUNT.




$$
