595
CDUS44 KOUN 250630
CLIOKC

CLIMATE REPORT
NATIONAL WEATHER SERVICE NORMAN OK
1229 AM CST SUN FEB 25 2018


...................................

...THE OKLAHOMA CITY CLIMATE SUMMARY FOR FEBRUARY 24 2018...

CLIMATE NORMAL PERIOD 1981 TO 2010
CLIMATE RECORD PERIOD 1890 TO 2018


WEATHER ITEM   OBSERVED TIME   RECORD YEAR NORMAL DEPARTURE LAST
                VALUE   (LST)  VALUE       VALUE  FROM      YEAR
                                                  NORMAL
..................................................................
TEMPERATURE (F)
 YESTERDAY
  MAXIMUM         52    351 PM  87    1918  57     -5       51
  MINIMUM         33   1120 PM   7    1965  35     -2       34
  AVERAGE         43                        46     -3       43

PRECIPITATION (IN)
  YESTERDAY        0.46          1.31 2011   0.05   0.41     0.00
  MONTH TO DATE    2.51                      1.31   1.20     3.12
  SINCE DEC 1      3.39                      4.58  -1.19     5.48
  SINCE JAN 1      2.71                      2.70   0.01     4.69

SNOWFALL (IN)
  YESTERDAY        0.0           3.0  1952   0.0    0.0      0.0
  MONTH TO DATE    0.3                       1.3   -1.0      0.0
  SINCE DEC 1      0.4                       6.2   -5.8      2.1
  SINCE JUL 1      0.4                       6.6   -6.2      2.1
  SNOW DEPTH       0

DEGREE DAYS
 HEATING
  YESTERDAY       22                        19      3       22
  MONTH TO DATE  630                       524    106      337
  SINCE DEC 1   2260                      2078    182     1841
  SINCE JUL 1   2810                      2677    133     2164

 COOLING
  YESTERDAY        0                         0      0        0
  MONTH TO DATE    4                         0      4        9
  SINCE DEC 1      4                         0      4        9
  SINCE JAN 1      4                         0      4        9
..................................................................


WIND (MPH)
  HIGHEST WIND SPEED    21   HIGHEST WIND DIRECTION     W (280)
  HIGHEST GUST SPEED    26   HIGHEST GUST DIRECTION    SW (240)
  AVERAGE WIND SPEED     8.7


SKY COVER
  AVERAGE SKY COVER 0.6


WEATHER CONDITIONS
 THE FOLLOWING WEATHER WAS RECORDED YESTERDAY.
  THUNDERSTORM
  HEAVY RAIN
  RAIN
  LIGHT RAIN
  FOG
  FOG W/VISIBILITY <= 1/4 MILE


RELATIVE HUMIDITY (PERCENT)
 HIGHEST   100           100 AM
 LOWEST     56           500 PM
 AVERAGE    78

..........................................................


THE OKLAHOMA CITY CLIMATE NORMALS FOR TODAY
                         NORMAL    RECORD    YEAR
 MAXIMUM TEMPERATURE (F)   57        84      1917
 MINIMUM TEMPERATURE (F)   36        10      1960


SUNRISE AND SUNSET
FEBRUARY 25 2018......SUNRISE   705 AM CST   SUNSET   622 PM CST
FEBRUARY 26 2018......SUNRISE   704 AM CST   SUNSET   623 PM CST


-  INDICATES NEGATIVE NUMBERS.
R  INDICATES RECORD WAS SET OR TIED.
MM INDICATES DATA IS MISSING.
T  INDICATES TRACE AMOUNT.




$$
