000
CDUS44 KOUN 270632
CLIOKC

CLIMATE REPORT
NATIONAL WEATHER SERVICE NORMAN OK
130 AM CDT WED JUL 27 2016


...................................

...THE OKLAHOMA CITY CLIMATE SUMMARY FOR JULY 26 2016...

CLIMATE NORMAL PERIOD 1981 TO 2010
CLIMATE RECORD PERIOD 1890 TO 2016


WEATHER ITEM   OBSERVED TIME   RECORD YEAR NORMAL DEPARTURE LAST
                VALUE   (LST)  VALUE       VALUE  FROM      YEAR
                                                  NORMAL
..................................................................
TEMPERATURE (F)
 YESTERDAY
  MAXIMUM         92    415 PM 107    1998  95     -3       95
  MINIMUM         72    234 AM  63    2004  73     -1       71
                                      1911
  AVERAGE         82                        84     -2       83

PRECIPITATION (IN)
  YESTERDAY        0.67          3.53 2013   0.08   0.59     0.00
  MONTH TO DATE    2.89                      2.48   0.41     7.22
  SINCE JAN 1     18.60                     21.16  -2.56    41.65

DEGREE DAYS
 COOLING
  YESTERDAY       17                        19     -2       18
  MONTH TO DATE  489                       467     22      427
  SINCE JAN 1   1111                      1107      4     1031
..................................................................


WIND (MPH)
  HIGHEST WIND SPEED    21   HIGHEST WIND DIRECTION     E (90)
  HIGHEST GUST SPEED    26   HIGHEST GUST DIRECTION     E (80)
  AVERAGE WIND SPEED     5.4


SKY COVER
  AVERAGE SKY COVER 0.8


WEATHER CONDITIONS
 THE FOLLOWING WEATHER WAS RECORDED YESTERDAY.
  THUNDERSTORM
  HEAVY RAIN
  RAIN
  LIGHT RAIN
  FOG


RELATIVE HUMIDITY (PERCENT)
 HIGHEST    94           800 AM
 LOWEST     56           300 PM
 AVERAGE    75

..........................................................


THE OKLAHOMA CITY CLIMATE NORMALS FOR TODAY
                         NORMAL    RECORD    YEAR
 MAXIMUM TEMPERATURE (F)   95       107      2011
 MINIMUM TEMPERATURE (F)   73        59      2004
                                             1994


SUNRISE AND SUNSET
JULY 27 2016..........SUNRISE   636 AM CDT   SUNSET   838 PM CDT
JULY 28 2016..........SUNRISE   636 AM CDT   SUNSET   837 PM CDT


-  INDICATES NEGATIVE NUMBERS.
R  INDICATES RECORD WAS SET OR TIED.
MM INDICATES DATA IS MISSING.
T  INDICATES TRACE AMOUNT.




$$
