000
CDUS44 KOUN 242208
CLIOKC

CLIMATE REPORT NATIONAL WEATHER SERVICE NORMAN OK

507 PM CDT MON APR 24 2017


...................................

...THE OKLAHOMA CITY CLIMATE SUMMARY FOR APRIL 24 2017...
VALID TODAY AS OF 0500 PM LOCAL TIME.

CLIMATE NORMAL PERIOD 1981 TO 2010
CLIMATE RECORD PERIOD 1890 TO 2017


WEATHER ITEM   OBSERVED TIME   RECORD YEAR NORMAL DEPARTURE LAST
                VALUE   (LST)  VALUE       VALUE  FROM      YEAR
                                                  NORMAL
..................................................................
TEMPERATURE (F)
 TODAY
  MAXIMUM         76    244 PM  89    1901  75      1       79
  MINIMUM         42    512 AM  31    2013  53    -11       58
  AVERAGE         59                        64     -5       69

PRECIPITATION (IN)
  TODAY            0.00          1.67 1948   0.12  -0.12     0.00
  MONTH TO DATE    3.49                      2.29   1.20     6.30
  SINCE JAN 1     10.78                      8.32   2.46     8.78

SNOWFALL (IN)
  TODAY            0.0           0.0    MM   0.0    0.0      0.0
  MONTH TO DATE    0.0                       0.0    0.0      0.0
  SINCE JUL 1      2.1                       7.6   -5.5      1.2
  SNOW DEPTH       0

DEGREE DAYS
 HEATING
  TODAY            6                         4      2        0
  MONTH TO DATE   95                       154    -59       96
  SINCE JUL 1   2599                      3313   -714     2745

 COOLING
  TODAY            0                         2     -2        4
  MONTH TO DATE   36                        36      0       19
  SINCE JAN 1     93                        49     44       31
..................................................................


WIND (MPH)
  HIGHEST WIND SPEED    30   HIGHEST WIND DIRECTION     S (180)
  HIGHEST GUST SPEED    36   HIGHEST GUST DIRECTION     S (180)
  AVERAGE WIND SPEED    13.1


SKY COVER
  AVERAGE SKY COVER 0.3


WEATHER CONDITIONS
 THE FOLLOWING WEATHER WAS RECORDED TODAY.
  NO SIGNIFICANT WEATHER WAS OBSERVED.


RELATIVE HUMIDITY (PERCENT)
 HIGHEST    83           200 AM
 LOWEST     38           200 PM
 AVERAGE    61

..........................................................


THE OKLAHOMA CITY CLIMATE NORMALS FOR TOMORROW
                         NORMAL    RECORD    YEAR
 MAXIMUM TEMPERATURE (F)   75        91      1939
 MINIMUM TEMPERATURE (F)   53        35      2013
                                             1910


SUNRISE AND SUNSET
APRIL 24 2017.........SUNRISE   646 AM CDT   SUNSET   811 PM CDT
APRIL 25 2017.........SUNRISE   645 AM CDT   SUNSET   812 PM CDT


-  INDICATES NEGATIVE NUMBERS.
R  INDICATES RECORD WAS SET OR TIED.
MM INDICATES DATA IS MISSING.
T  INDICATES TRACE AMOUNT.

$$
