432
CDUS44 KOUN 110628
CLIOKC

CLIMATE REPORT
NATIONAL WEATHER SERVICE NORMAN OK
1228 AM CST SUN DEC 11 2016


...................................

...THE OKLAHOMA CITY CLIMATE SUMMARY FOR DECEMBER 10 2016...

CLIMATE NORMAL PERIOD 1981 TO 2010
CLIMATE RECORD PERIOD 1890 TO 2016


WEATHER ITEM   OBSERVED TIME   RECORD YEAR NORMAL DEPARTURE LAST
                VALUE   (LST)  VALUE       VALUE  FROM      YEAR
                                                  NORMAL
..................................................................
TEMPERATURE (F)
 YESTERDAY
  MAXIMUM         48   1159 PM  75    1996  51     -3       72
  MINIMUM         33    313 AM   3    1919  31      2       41
  AVERAGE         41                        41      0       57

PRECIPITATION (IN)
  YESTERDAY        0.00          1.18 2007   0.07  -0.07     0.00
  MONTH TO DATE    0.62                      0.65  -0.03     0.00
  SINCE JAN 1     26.12                     35.29  -9.17    51.99

SNOWFALL (IN)
  YESTERDAY        0.0           2.5  1960   0.1   -0.1      0.0
  MONTH TO DATE    0.0                       0.5   -0.5      0.0
  SINCE JUL 1      T                         0.9   -0.9       T
  SNOW DEPTH       0

DEGREE DAYS
 HEATING
  YESTERDAY       24                        24      0        8
  MONTH TO DATE  260                       224     36      175
  SINCE JUL 1    583                       823   -240      660
..................................................................


WIND (MPH)
  HIGHEST WIND SPEED    28   HIGHEST WIND DIRECTION     S (180)
  HIGHEST GUST SPEED    35   HIGHEST GUST DIRECTION     S (190)
  AVERAGE WIND SPEED    17.7


SKY COVER
  AVERAGE SKY COVER 0.8


WEATHER CONDITIONS
 THE FOLLOWING WEATHER WAS RECORDED YESTERDAY.
  NO SIGNIFICANT WEATHER WAS OBSERVED.


RELATIVE HUMIDITY (PERCENT)
 HIGHEST    79           800 PM
 LOWEST     43           100 PM
 AVERAGE    61

..........................................................


THE OKLAHOMA CITY CLIMATE NORMALS FOR TODAY
                         NORMAL    RECORD    YEAR
 MAXIMUM TEMPERATURE (F)   51        75      1939
 MINIMUM TEMPERATURE (F)   31         5      1917


SUNRISE AND SUNSET
DECEMBER 11 2016......SUNRISE   730 AM CST   SUNSET   518 PM CST
DECEMBER 12 2016......SUNRISE   730 AM CST   SUNSET   518 PM CST


-  INDICATES NEGATIVE NUMBERS.
R  INDICATES RECORD WAS SET OR TIED.
MM INDICATES DATA IS MISSING.
T  INDICATES TRACE AMOUNT.




$$
