000
CDUS45 KGGW 280747
CLIOLF


CLIMATE REPORT
NATIONAL WEATHER SERVICE GLASGOW MT
1246 AM MST FRI NOV 28 2014


...................................

...THE WOLF POINT MT CLIMATE SUMMARY FOR NOVEMBER 27 2014...

CLIMATE NORMAL PERIOD 1981 TO 2010
CLIMATE RECORD PERIOD 9999 TO 9999


WEATHER ITEM   OBSERVED RECORD YEAR NORMAL DEPARTURE
                VALUE   VALUE       VALUE  FROM
                                           NORMAL
........................................................
TEMPERATURE (F)
 YESTERDAY
  MAXIMUM         35     MM      MM  34
  MINIMUM         14     MM      MM   9
  AVERAGE         25

PRECIPITATION (IN)
  YESTERDAY        0.03  MM      MM   0.01   0.02
  MONTH TO DATE    0.13               0.36  -0.23
  SINCE OCT 1      0.40               1.17  -0.77
  SINCE JAN 1     13.18              11.85   1.33

SNOWFALL (IN)
  YESTERDAY       MM     MM      MM  MM
  MONTH TO DATE    0.0               MM
  SINCE SEP 1      0.0               MM
  SINCE JUL 1      0.0               MM

DEGREE DAYS
 HEATING
  YESTERDAY       40

 COOLING
  YESTERDAY        0
........................................................







THE WOLF POINT MT CLIMATE NORMALS FOR TODAY
                         NORMAL    RECORD    YEAR
 MAXIMUM TEMPERATURE (F)   33        MM        MM
 MINIMUM TEMPERATURE (F)    9        MM        MM


SUNRISE AND SUNSET
NOVEMBER 28 2014......SUNRISE   728 AM MST   SUNSET   413 PM MST
NOVEMBER 29 2014......SUNRISE   729 AM MST   SUNSET   412 PM MST


-  INDICATES NEGATIVE NUMBERS.
R  INDICATES RECORD WAS SET OR TIED.
MM INDICATES DATA IS MISSING.
T  INDICATES TRACE AMOUNT.




$$
