000
CDUS46 KSEW 270830
CLIOLM


CLIMATE REPORT
NATIONAL WEATHER SERVICE SEATTLE WA
1230 AM PST TUE JAN 27 2015


...................................

...THE OLYMPIA WA AIRPORT CLIMATE SUMMARY FOR JANUARY 26 2015...

CLIMATE NORMAL PERIOD 1981 TO 2010
CLIMATE RECORD PERIOD 1948 TO 2015


WEATHER ITEM   OBSERVED TIME   RECORD YEAR NORMAL DEPARTURE LAST
                VALUE   (LST)  VALUE       VALUE  FROM      YEAR
                                                  NORMAL
..................................................................
TEMPERATURE (F)
 YESTERDAY
  MAXIMUM         63R   350 PM  58    2011  47     16       40
                                      2003
  MINIMUM         39   1039 PM   0    1957  34      5       25
  AVERAGE         51                        40     11       33

PRECIPITATION (IN)
  YESTERDAY        0.00          2.08 1970   0.24  -0.24     0.00
  MONTH TO DATE    6.68                      6.68   0.00     3.60
  SINCE OCT 1     25.71                     27.37  -1.66    12.44
  SINCE JAN 1      6.68                      6.68   0.00     3.60

DEGREE DAYS
 HEATING
  YESTERDAY       14                        25    -11       32
  MONTH TO DATE  569                       660    -91      643
  SINCE DEC 1   1292                      1485   -193     1535
  SINCE JUL 1   2391                      2930   -539     2931

 COOLING
  YESTERDAY        0                         0      0        0
  MONTH TO DATE    0                         0      0        0
  SINCE DEC 1      0                         0      0        0
  SINCE JAN 1      0                         0      0        0
..................................................................


WIND (MPH)
  RESULTANT WIND SPEED   3   RESULTANT WIND DIRECTION  SW (220)
  HIGHEST WIND SPEED    12   HIGHEST WIND DIRECTION    SW (220)
  HIGHEST GUST SPEED    17   HIGHEST GUST DIRECTION    SW (220)
  AVERAGE WIND SPEED     4.3


SKY COVER
  AVERAGE SKY COVER 0.4


WEATHER CONDITIONS
 THE FOLLOWING WEATHER WAS RECORDED YESTERDAY.
  FOG
  FOG W/VISIBILITY <= 1/4 MILE


RELATIVE HUMIDITY (PERCENT)
 HIGHEST   100           300 AM
 LOWEST     52           200 PM
 AVERAGE    76

..........................................................


THE OLYMPIA WA AIRPORT CLIMATE NORMALS FOR TODAY
                         NORMAL    RECORD    YEAR
 MAXIMUM TEMPERATURE (F)   47        60      1952
 MINIMUM TEMPERATURE (F)   34        -7      1972


SUNRISE AND SUNSET
JANUARY 27 2015.......SUNRISE   742 AM PST   SUNSET   507 PM PST
JANUARY 28 2015.......SUNRISE   741 AM PST   SUNSET   508 PM PST


-  INDICATES NEGATIVE NUMBERS.
R  INDICATES RECORD WAS SET OR TIED.
MM INDICATES DATA IS MISSING.
T  INDICATES TRACE AMOUNT.




$$
