000
CDUS46 KSEW 220834
CLIOLM


CLIMATE REPORT
NATIONAL WEATHER SERVICE SEATTLE WA
1234 AM PST THU FEB 22 2018


...................................

...THE OLYMPIA WA AIRPORT CLIMATE SUMMARY FOR FEBRUARY 21 2018...

CLIMATE NORMAL PERIOD 1981 TO 2010
CLIMATE RECORD PERIOD 1948 TO 2018


WEATHER ITEM   OBSERVED TIME   RECORD YEAR NORMAL DEPARTURE LAST
                VALUE   (LST)  VALUE       VALUE  FROM      YEAR
                                                  NORMAL
..................................................................
TEMPERATURE (F)
 YESTERDAY
  MAXIMUM         32    554 PM  63    1978  50    -18       49
                                      1973
                                      1970
  MINIMUM         13R   622 AM  18    1957  33    -20       36
  AVERAGE         23                        41    -18       43

PRECIPITATION (IN)
  YESTERDAY        0.01          1.30 1961   0.17  -0.16     0.13
  MONTH TO DATE    2.65                      4.02  -1.37     8.38
  SINCE OCT 1     38.28                     32.55   5.73    40.30
  SINCE JAN 1     12.52                     11.86   0.66    12.20

DEGREE DAYS
 HEATING
  YESTERDAY       42                        24     18       22
  MONTH TO DATE  512                       505      7      513
  SINCE DEC 1   2060                      2111    -51     2341
  SINCE JUL 1   3362                      3556   -194     3538

 COOLING
  YESTERDAY        0                         0      0        0
  MONTH TO DATE    0                         0      0        0
  SINCE DEC 1      0                         0      0        0
  SINCE JAN 1      0                         0      0        0
..................................................................


WIND (MPH)
  RESULTANT WIND SPEED   3   RESULTANT WIND DIRECTION   S (200)
  HIGHEST WIND SPEED    12   HIGHEST WIND DIRECTION     S (190)
  HIGHEST GUST SPEED    14   HIGHEST GUST DIRECTION    SW (210)
  AVERAGE WIND SPEED     4.6


SKY COVER
  AVERAGE SKY COVER 0.6


WEATHER CONDITIONS
 THE FOLLOWING WEATHER WAS RECORDED YESTERDAY.
  LIGHT SNOW
  FOG
  FOG W/VISIBILITY <= 1/4 MILE


RELATIVE HUMIDITY (PERCENT)
 HIGHEST   100           200 AM
 LOWEST     78           300 PM
 AVERAGE    89

..........................................................


THE OLYMPIA WA AIRPORT CLIMATE NORMALS FOR TODAY
                         NORMAL    RECORD    YEAR
 MAXIMUM TEMPERATURE (F)   50        64      1973
 MINIMUM TEMPERATURE (F)   33        21      2010
                                             2005
                                             1973


SUNRISE AND SUNSET
FEBRUARY 22 2018......SUNRISE   704 AM PST   SUNSET   547 PM PST
FEBRUARY 23 2018......SUNRISE   702 AM PST   SUNSET   548 PM PST


-  INDICATES NEGATIVE NUMBERS.
R  INDICATES RECORD WAS SET OR TIED.
MM INDICATES DATA IS MISSING.
T  INDICATES TRACE AMOUNT.




$$
