000
CDUS46 KSEW 010127
CLIOLM


CLIMATE REPORT
NATIONAL WEATHER SERVICE SEATTLE WA
626 PM PDT WED AUG 31 2016


...................................

...THE OLYMPIA WA AIRPORT CLIMATE SUMMARY FOR AUGUST 31 2016...
VALID TODAY AS OF 0600 PM LOCAL TIME.

CLIMATE NORMAL PERIOD 1981 TO 2010
CLIMATE RECORD PERIOD 1948 TO 2016


WEATHER ITEM   OBSERVED TIME   RECORD YEAR NORMAL DEPARTURE LAST
                VALUE   (LST)  VALUE       VALUE  FROM      YEAR
                                                  NORMAL
..................................................................
TEMPERATURE (F)
 TODAY
  MAXIMUM         68    226 PM  94    1987  76     -8       68
  MINIMUM         52   1205 AM  38    1973  49      3       59
                                      1964
  AVERAGE         60                        62     -2       64

PRECIPITATION (IN)
  TODAY            0.19          0.71 1961   0.05   0.14     0.03
  MONTH TO DATE    0.40                      0.94  -0.54     2.84
  SINCE OCT 1     60.64                     48.29  12.35    42.65
  SINCE JAN 1     27.64                     27.60   0.04    23.62

DEGREE DAYS
 HEATING
  TODAY            5                         3      2        1
  MONTH TO DATE   52                        69    -17       28
  SINCE JUN 1    276                       338    -62      108
  SINCE JUL 1    110                       150    -40       45

 COOLING
  TODAY            0                         1     -1        0
  MONTH TO DATE   73                        42     31       71
  SINCE JUN 1    144                        96     48      261
  SINCE JAN 1    145                        99     46      262
..................................................................


WIND (MPH)
  RESULTANT WIND SPEED   2   RESULTANT WIND DIRECTION   S (200)
  HIGHEST WIND SPEED    10   HIGHEST WIND DIRECTION     S (190)
  HIGHEST GUST SPEED    13   HIGHEST GUST DIRECTION    SW (210)
  AVERAGE WIND SPEED     2.8


SKY COVER
  AVERAGE SKY COVER 0.9


WEATHER CONDITIONS
 THE FOLLOWING WEATHER WAS RECORDED TODAY.
  LIGHT RAIN
  FOG


RELATIVE HUMIDITY (PERCENT)
 HIGHEST    93          1200 AM
 LOWEST     73           200 PM
 AVERAGE    83

..........................................................


THE OLYMPIA WA AIRPORT CLIMATE NORMALS FOR TOMORROW
                         NORMAL    RECORD    YEAR
 MAXIMUM TEMPERATURE (F)   76        92      1987
 MINIMUM TEMPERATURE (F)   49        32      1973


SUNRISE AND SUNSET
AUGUST 31 2016........SUNRISE   631 AM PDT   SUNSET   752 PM PDT
SEPTEMBER  1 2016.....SUNRISE   632 AM PDT   SUNSET   750 PM PDT


-  INDICATES NEGATIVE NUMBERS.
R  INDICATES RECORD WAS SET OR TIED.
MM INDICATES DATA IS MISSING.
T  INDICATES TRACE AMOUNT.




$$
