000
CDUS46 KSEW 241746 CCC
CLIOLM

CLIMATE REPORT...CORRECTED
NATIONAL WEATHER SERVICE SEATTLE WA
1046 AM PDT SUN JUL 24 2016


...................................

...THE OLYMPIA WA AIRPORT CLIMATE SUMMARY FOR JULY 23 2016...

CLIMATE NORMAL PERIOD 1981 TO 2010
CLIMATE RECORD PERIOD 1948 TO 2016


WEATHER ITEM   OBSERVED TIME   RECORD YEAR NORMAL DEPARTURE LAST
                VALUE   (LST)  VALUE       VALUE  FROM      YEAR
                                                  NORMAL
..................................................................
TEMPERATURE (F)
 YESTERDAY
  MAXIMUM         73    621 PM  99    2004  78     -5       78
                                      1991
  MINIMUM         55   1159 PM  39    1963  51      4       52
  AVERAGE         64                        65     -1       65

PRECIPITATION (IN)
  YESTERDAY        0.00          0.27 2014   0.02  -0.02     0.00
  MONTH TO DATE    0.62                      0.52   0.10     0.05
  SINCE OCT 1     60.24                     47.24  13.00    39.71
  SINCE JAN 1     27.24                     26.55   0.69    20.68

DEGREE DAYS
 HEATING
  YESTERDAY        1                         2     -1        0
  MONTH TO DATE   55                        64     -9        5
  SINCE JUN 1    221                       252    -31       68
  SINCE JUL 1     55                        64     -9        5

 COOLING
  YESTERDAY        0                         2     -2        0
  MONTH TO DATE    7                        30    -23       96
  SINCE JUN 1     41                        41      0      168
  SINCE JAN 1     42                        44     -2      169
..................................................................


WIND (MPH)
  RESULTANT WIND SPEED   1   RESULTANT WIND DIRECTION   N (350)
  HIGHEST WIND SPEED     9   HIGHEST WIND DIRECTION     N (340)
  HIGHEST GUST SPEED    12   HIGHEST GUST DIRECTION    NW (300)
  AVERAGE WIND SPEED     3.0


SKY COVER
  AVERAGE SKY COVER 0.7


WEATHER CONDITIONS
 THE FOLLOWING WEATHER WAS RECORDED YESTERDAY.
  NO SIGNIFICANT WEATHER WAS OBSERVED.


RELATIVE HUMIDITY (PERCENT)
 HIGHEST    86          1200 AM
 LOWEST     46           600 PM
 AVERAGE    66

..........................................................


THE OLYMPIA WA AIRPORT CLIMATE NORMALS FOR TODAY
                         NORMAL    RECORD    YEAR
 MAXIMUM TEMPERATURE (F)   78        99      2004
 MINIMUM TEMPERATURE (F)   51        38      1973


SUNRISE AND SUNSET
JULY 24 2016..........SUNRISE   542 AM PDT   SUNSET   853 PM PDT
JULY 25 2016..........SUNRISE   543 AM PDT   SUNSET   852 PM PDT


-  INDICATES NEGATIVE NUMBERS.
R  INDICATES RECORD WAS SET OR TIED.
MM INDICATES DATA IS MISSING.
T  INDICATES TRACE AMOUNT.




$$
