000
CDUS46 KSEW 270831
CLIOLM


CLIMATE REPORT
NATIONAL WEATHER SERVICE SEATTLE WA
1230 AM PST MON FEB 27 2017


...................................

...THE OLYMPIA WA AIRPORT CLIMATE SUMMARY FOR FEBRUARY 26 2017...

CLIMATE NORMAL PERIOD 1981 TO 2010
CLIMATE RECORD PERIOD 1948 TO 2017


WEATHER ITEM   OBSERVED TIME   RECORD YEAR NORMAL DEPARTURE LAST
                VALUE   (LST)  VALUE       VALUE  FROM      YEAR
                                                  NORMAL
..................................................................
TEMPERATURE (F)
 YESTERDAY
  MAXIMUM         40   1207 PM  68    1992  51    -11       57
  MINIMUM         35    555 AM   8    2011  33      2       34
  AVERAGE         38                        42     -4       46

PRECIPITATION (IN)
  YESTERDAY        0.49          1.22 1965   0.18   0.31     0.23
  MONTH TO DATE    8.99                      4.91   4.08     5.86
  SINCE OCT 1     40.91                     33.44   7.47    47.33
  SINCE JAN 1     12.81                     12.75   0.06    14.33

DEGREE DAYS
 HEATING
  YESTERDAY       27                        23      4       19
  MONTH TO DATE  651                       621     30      521
  SINCE DEC 1   2479                      2227    252     2027
  SINCE JUL 1   3676                      3672      4     3303

 COOLING
  YESTERDAY        0                         0      0        0
  MONTH TO DATE    0                         0      0        0
  SINCE DEC 1      0                         0      0        0
  SINCE JAN 1      0                         0      0        0
..................................................................


WIND (MPH)
  RESULTANT WIND SPEED   5   RESULTANT WIND DIRECTION   S (180)
  HIGHEST WIND SPEED    16   HIGHEST WIND DIRECTION     S (180)
  HIGHEST GUST SPEED    23   HIGHEST GUST DIRECTION     S (180)
  AVERAGE WIND SPEED     6.0


SKY COVER
  AVERAGE SKY COVER 0.9


WEATHER CONDITIONS
 THE FOLLOWING WEATHER WAS RECORDED YESTERDAY.
  LIGHT RAIN
  FOG


RELATIVE HUMIDITY (PERCENT)
 HIGHEST   100           300 AM
 LOWEST     85          1100 AM
 AVERAGE    93

..........................................................


THE OLYMPIA WA AIRPORT CLIMATE NORMALS FOR TODAY
                         NORMAL    RECORD    YEAR
 MAXIMUM TEMPERATURE (F)   51        73      1986
 MINIMUM TEMPERATURE (F)   33        12      1962


SUNRISE AND SUNSET
FEBRUARY 27 2017......SUNRISE   654 AM PST   SUNSET   555 PM PST
FEBRUARY 28 2017......SUNRISE   653 AM PST   SUNSET   556 PM PST


-  INDICATES NEGATIVE NUMBERS.
R  INDICATES RECORD WAS SET OR TIED.
MM INDICATES DATA IS MISSING.
T  INDICATES TRACE AMOUNT.




$$
