000
CDUS46 KSEW 050826
CLIOLM


CLIMATE REPORT
NATIONAL WEATHER SERVICE SEATTLE WA
1226 AM PST THU MAR 5 2015


...................................

...THE OLYMPIA WA AIRPORT CLIMATE SUMMARY FOR MARCH 4 2015...

CLIMATE NORMAL PERIOD 1981 TO 2010
CLIMATE RECORD PERIOD 1948 TO 2015


WEATHER ITEM   OBSERVED TIME   RECORD YEAR NORMAL DEPARTURE LAST
                VALUE   (LST)  VALUE       VALUE  FROM      YEAR
                                                  NORMAL
..................................................................
TEMPERATURE (F)
 YESTERDAY
  MAXIMUM         56    410 PM  66    1965  52      4       53
  MINIMUM         21    648 AM  18    1955  34    -13       47
  AVERAGE         39                        43     -4       50

PRECIPITATION (IN)
  YESTERDAY        0.00          1.12 1950   0.18  -0.18     0.33
  MONTH TO DATE    0.01                      0.75  -0.74     1.49
  SINCE OCT 1     31.00                     34.55  -3.55    23.37
  SINCE JAN 1     11.97                     13.86  -1.89    14.53

DEGREE DAYS
 HEATING
  YESTERDAY       26                        22      4       15
  MONTH TO DATE  102                        89     13       72
  SINCE MAR 1    102                        89     13       72
  SINCE JUL 1   3137                      3811   -674     3855

 COOLING
  YESTERDAY        0                         0      0        0
  MONTH TO DATE    0                         0      0        0
  SINCE MAR 1      0                         0      0        0
  SINCE JAN 1      0                         0      0        0
..................................................................


WIND (MPH)
  RESULTANT WIND SPEED   1   RESULTANT WIND DIRECTION  NE (50)
  HIGHEST WIND SPEED     9   HIGHEST WIND DIRECTION    NE (40)
  HIGHEST GUST SPEED    13   HIGHEST GUST DIRECTION    NE (30)
  AVERAGE WIND SPEED     1.5


SKY COVER
  AVERAGE SKY COVER 0.0


WEATHER CONDITIONS
 THE FOLLOWING WEATHER WAS RECORDED YESTERDAY.
  NO SIGNIFICANT WEATHER WAS OBSERVED.


RELATIVE HUMIDITY (PERCENT)
 HIGHEST    96           400 AM
 LOWEST     24           100 PM
 AVERAGE    60

..........................................................


THE OLYMPIA WA AIRPORT CLIMATE NORMALS FOR TODAY
                         NORMAL    RECORD    YEAR
 MAXIMUM TEMPERATURE (F)   52        67      1965
 MINIMUM TEMPERATURE (F)   34        13      1955


SUNRISE AND SUNSET
MARCH  5 2015.........SUNRISE   644 AM PST   SUNSET   603 PM PST
MARCH  6 2015.........SUNRISE   642 AM PST   SUNSET   604 PM PST


-  INDICATES NEGATIVE NUMBERS.
R  INDICATES RECORD WAS SET OR TIED.
MM INDICATES DATA IS MISSING.
T  INDICATES TRACE AMOUNT.




$$
