000
CDUS46 KSEW 110834
CLIOLM


CLIMATE REPORT
NATIONAL WEATHER SERVICE SEATTLE WA
133 AM PDT FRI JUL 11 2014


...................................

...THE OLYMPIA WA AIRPORT CLIMATE SUMMARY FOR JULY 10 2014...

CLIMATE NORMAL PERIOD 1981 TO 2010
CLIMATE RECORD PERIOD 1948 TO 2014


WEATHER ITEM   OBSERVED TIME   RECORD YEAR NORMAL DEPARTURE LAST
                VALUE   (LST)  VALUE       VALUE  FROM      YEAR
                                                  NORMAL
..................................................................
TEMPERATURE (F)
 YESTERDAY
  MAXIMUM         85    552 PM  94    2002  76      9       76
  MINIMUM         48    451 AM  39    1981  50     -2       51
  AVERAGE         67                        63      4       64

PRECIPITATION (IN)
  YESTERDAY        0.00          0.51 1986   0.02  -0.02     0.00
  MONTH TO DATE    0.00                      0.28  -0.28      T
  SINCE OCT 1     39.53                     47.00  -7.47    48.38
  SINCE JAN 1     30.69                     26.31   4.38    21.42

DEGREE DAYS
 HEATING
  YESTERDAY        0                         3     -3        1
  MONTH TO DATE    5                        34    -29       13
  SINCE JUN 1    160                       222    -62      149
  SINCE JUL 1      5                        34    -29       13

 COOLING
  YESTERDAY        2                         1      1        0
  MONTH TO DATE   31                        10     21       19
  SINCE JUN 1     32                        21     11       45
  SINCE JAN 1     33                        24      9       47
..................................................................


WIND (MPH)
  RESULTANT WIND SPEED   2   RESULTANT WIND DIRECTION  NE (30)
  HIGHEST WIND SPEED    10   HIGHEST WIND DIRECTION     N (360)
  HIGHEST GUST SPEED    14   HIGHEST GUST DIRECTION    NE (50)
  AVERAGE WIND SPEED     3.8


SKY COVER
  AVERAGE SKY COVER 0.2


WEATHER CONDITIONS
 THE FOLLOWING WEATHER WAS RECORDED YESTERDAY.
  FOG
  HAZE


RELATIVE HUMIDITY (PERCENT)
 HIGHEST   100           500 AM
 LOWEST     27           600 PM
 AVERAGE    64

..........................................................


THE OLYMPIA WA AIRPORT CLIMATE NORMALS FOR TODAY
                         NORMAL    RECORD    YEAR
 MAXIMUM TEMPERATURE (F)   76        99      2007
 MINIMUM TEMPERATURE (F)   51        41      1973


SUNRISE AND SUNSET
JULY 11 2014..........SUNRISE   528 AM PDT   SUNSET   906 PM PDT
JULY 12 2014..........SUNRISE   529 AM PDT   SUNSET   905 PM PDT


-  INDICATES NEGATIVE NUMBERS.
R  INDICATES RECORD WAS SET OR TIED.
MM INDICATES DATA IS MISSING.
T  INDICATES TRACE AMOUNT.




$$
