000
CDUS46 KSEW 210827
CLIOLM


CLIMATE REPORT
NATIONAL WEATHER SERVICE SEATTLE WA
126 AM PDT TUE OCT 21 2014


...................................

...THE OLYMPIA WA AIRPORT CLIMATE SUMMARY FOR OCTOBER 20 2014...

CLIMATE NORMAL PERIOD 1981 TO 2010
CLIMATE RECORD PERIOD 1948 TO 2014


WEATHER ITEM   OBSERVED TIME   RECORD YEAR NORMAL DEPARTURE LAST
                VALUE   (LST)  VALUE       VALUE  FROM      YEAR
                                                  NORMAL
..................................................................
TEMPERATURE (F)
 YESTERDAY
  MAXIMUM         63    237 PM  71    1987  59      4       50
  MINIMUM         52   1105 PM  23    1949  40     12       46
  AVERAGE         58                        49      9       48

PRECIPITATION (IN)
  YESTERDAY        0.19          4.12 2003   0.17   0.02     0.00
  MONTH TO DATE    1.72                      2.43  -0.71     1.93
  SINCE OCT 1      1.72                      2.43  -0.71     1.93
  SINCE JAN 1     37.20                     31.74   5.46    34.55

DEGREE DAYS
 HEATING
  YESTERDAY        7                        16     -9       17
  MONTH TO DATE  137                       265   -128      315
  SINCE SEP 1    255                       455   -200      457
  SINCE JUL 1    308                       605   -297      534

 COOLING
  YESTERDAY        0                         0      0        0
  MONTH TO DATE    0                         0      0        0
  SINCE SEP 1      6                         7     -1       26
  SINCE JAN 1    187                       106     81      147
..................................................................


WIND (MPH)
  RESULTANT WIND SPEED   5   RESULTANT WIND DIRECTION   S (200)
  HIGHEST WIND SPEED    13   HIGHEST WIND DIRECTION     S (170)
  HIGHEST GUST SPEED    15   HIGHEST GUST DIRECTION     S (170)
  AVERAGE WIND SPEED     5.3


SKY COVER
  AVERAGE SKY COVER 0.8


WEATHER CONDITIONS
 THE FOLLOWING WEATHER WAS RECORDED YESTERDAY.
  RAIN
  LIGHT RAIN
  FOG


RELATIVE HUMIDITY (PERCENT)
 HIGHEST   100           800 AM
 LOWEST     72           300 PM
 AVERAGE    86

..........................................................


THE OLYMPIA WA AIRPORT CLIMATE NORMALS FOR TODAY
                         NORMAL    RECORD    YEAR
 MAXIMUM TEMPERATURE (F)   58        74      1969
 MINIMUM TEMPERATURE (F)   40        25      1976


SUNRISE AND SUNSET
OCTOBER 21 2014.......SUNRISE   738 AM PDT   SUNSET   613 PM PDT
OCTOBER 22 2014.......SUNRISE   740 AM PDT   SUNSET   612 PM PDT


-  INDICATES NEGATIVE NUMBERS.
R  INDICATES RECORD WAS SET OR TIED.
MM INDICATES DATA IS MISSING.
T  INDICATES TRACE AMOUNT.




$$
