000
CDUS46 KSEW 070128
CLIOLM


CLIMATE REPORT
NATIONAL WEATHER SERVICE SEATTLE WA
628 PM PDT MON JUL 6 2015


...................................

...THE OLYMPIA WA AIRPORT CLIMATE SUMMARY FOR JULY 6 2015...
VALID TODAY AS OF 0600 PM LOCAL TIME.

CLIMATE NORMAL PERIOD 1981 TO 2010
CLIMATE RECORD PERIOD 1948 TO 2015


WEATHER ITEM   OBSERVED TIME   RECORD YEAR NORMAL DEPARTURE LAST
                VALUE   (LST)  VALUE       VALUE  FROM      YEAR
                                                  NORMAL
..................................................................
TEMPERATURE (F)
 TODAY
  MAXIMUM         86    229 PM  98    1960  75     11       84
  MINIMUM         54    428 AM  37    1977  50      4       55
  AVERAGE         70                        62      8       70

PRECIPITATION (IN)
  TODAY            0.00          0.25 1948   0.03  -0.03     0.00
  MONTH TO DATE    0.00                      0.18  -0.18     0.00
  SINCE OCT 1     39.66                     46.90  -7.24    39.53
  SINCE JAN 1     20.63                     26.21  -5.58    30.69

DEGREE DAYS
 HEATING
  TODAY            0                         3     -3        0
  MONTH TO DATE    0                        22    -22        5
  SINCE JUN 1     63                       210   -147      160
  SINCE JUL 1      0                        22    -22        5

 COOLING
  TODAY            5                         1      4        5
  MONTH TO DATE   49                         6     43       16
  SINCE JUN 1    121                        17    104       17
  SINCE JAN 1    122                        20    102       18
..................................................................


WIND (MPH)
  RESULTANT WIND SPEED   5   RESULTANT WIND DIRECTION  SW (220)
  HIGHEST WIND SPEED    15   HIGHEST WIND DIRECTION    SW (210)
  HIGHEST GUST SPEED    19   HIGHEST GUST DIRECTION    SW (220)
  AVERAGE WIND SPEED     5.8


SKY COVER
  AVERAGE SKY COVER 0.0


WEATHER CONDITIONS
 THE FOLLOWING WEATHER WAS RECORDED TODAY.
  FOG
  HAZE


RELATIVE HUMIDITY (PERCENT)
 HIGHEST    86           300 AM
 LOWEST     29           400 PM
 AVERAGE    58

..........................................................


THE OLYMPIA WA AIRPORT CLIMATE NORMALS FOR TOMORROW
                         NORMAL    RECORD    YEAR
 MAXIMUM TEMPERATURE (F)   75        95      1953
 MINIMUM TEMPERATURE (F)   50        38      1971


SUNRISE AND SUNSET
JULY  6 2015..........SUNRISE   524 AM PDT   SUNSET   908 PM PDT
JULY  7 2015..........SUNRISE   525 AM PDT   SUNSET   908 PM PDT


-  INDICATES NEGATIVE NUMBERS.
R  INDICATES RECORD WAS SET OR TIED.
MM INDICATES DATA IS MISSING.
T  INDICATES TRACE AMOUNT.




$$
