000
CDUS43 KOAX 260625
CLIOMA


CLIMATE REPORT
NATIONAL WEATHER SERVICE OMAHA NEBRASKA
120 AM CDT WED APR 26 2017


...................................

...THE OMAHA EPPLEY, NEBRASKA CLIMATE SUMMARY FOR APRIL 25 2017...

CLIMATE NORMAL PERIOD 1981 TO 2010
CLIMATE RECORD PERIOD 1871 TO 2017


WEATHER ITEM   OBSERVED TIME   RECORD YEAR NORMAL DEPARTURE LAST
                VALUE   (LST)  VALUE       VALUE  FROM      YEAR
                                                  NORMAL
..................................................................
TEMPERATURE (F)
 YESTERDAY
  MAXIMUM         62   1208 AM  91    2012  67     -5       73
                                      1954
  MINIMUM         42   1159 PM  27    1873  44     -2       54
  AVERAGE         52                        55     -3       64

PRECIPITATION (IN)
  YESTERDAY        0.06          1.48 1957   0.11  -0.05     0.00
  MONTH TO DATE    0.99                      2.35  -1.36     2.75
  SINCE MAR 1      3.38                      4.34  -0.96     3.78
  SINCE JAN 1      5.28                      5.91  -0.63     5.50

SNOWFALL (IN)
  YESTERDAY        0.0                       0.0    0.0      0.0
  MONTH TO DATE    0.0                       0.9   -0.9       T
  SINCE JUL 1     11.4                      26.3  -14.9     27.4
  SNOW DEPTH       0

DEGREE DAYS
 HEATING
  YESTERDAY       13                        10      3        1
  MONTH TO DATE  212                       365   -153      243
  SINCE MAR 1    875                      1156   -281      780
  SINCE JUL 1   4702                      5954  -1252     4746

 COOLING
  YESTERDAY        0                         1     -1        0
  MONTH TO DATE    8                         9     -1       11
  SINCE MAR 1      8                        10     -2       13
  SINCE JAN 1      8                        10     -2       13
..................................................................


WIND (MPH)
  HIGHEST WIND SPEED    24   HIGHEST WIND DIRECTION    NW (330)
  HIGHEST GUST SPEED    34   HIGHEST GUST DIRECTION    NW (330)
  AVERAGE WIND SPEED    15.0


SKY COVER
  POSSIBLE SUNSHINE  MM
  AVERAGE SKY COVER 0.9


WEATHER CONDITIONS
 THE FOLLOWING WEATHER WAS RECORDED YESTERDAY.
  RAIN
  LIGHT RAIN
  FOG
  HAZE


RELATIVE HUMIDITY (PERCENT)
 HIGHEST    89           900 PM
 LOWEST     66           200 AM
 AVERAGE    78

..........................................................


THE OMAHA EPPLEY, NEBRASKA CLIMATE NORMALS FOR TODAY
                         NORMAL    RECORD    YEAR
 MAXIMUM TEMPERATURE (F)   67        94      1989
 MINIMUM TEMPERATURE (F)   44        29      1931


SUNRISE AND SUNSET
APRIL 26 2017.........SUNRISE   627 AM CDT   SUNSET   816 PM CDT
APRIL 27 2017.........SUNRISE   626 AM CDT   SUNSET   817 PM CDT


-  INDICATES NEGATIVE NUMBERS.
R  INDICATES RECORD WAS SET OR TIED.
MM INDICATES DATA IS MISSING.
T  INDICATES TRACE AMOUNT.


$$

BCM
