000
CDUS43 KOAX 232229
CLIOMA


CLIMATE REPORT
NATIONAL WEATHER SERVICE OMAHA NEBRASKA
429 PM CST SUN NOV 23 2014


...................................

...THE OMAHA EPPLEY, NEBRASKA CLIMATE SUMMARY FOR NOVEMBER 23 2014...
VALID TODAY AS OF 0400 PM LOCAL TIME.

CLIMATE NORMAL PERIOD 1981 TO 2010
CLIMATE RECORD PERIOD 1871 TO 2014


WEATHER ITEM   OBSERVED TIME   RECORD YEAR NORMAL DEPARTURE LAST
                VALUE   (LST)  VALUE       VALUE  FROM      YEAR
                                                  NORMAL
..................................................................
TEMPERATURE (F)
 TODAY
  MAXIMUM         55   1230 AM  64    2006  44     11       22
  MINIMUM         43    359 PM   1    1898  25     18       12
  AVERAGE         49                        35     14       17

PRECIPITATION (IN)
  TODAY            T             1.95 1931   0.05  -0.05     0.00
  MONTH TO DATE    0.20                      1.31  -1.11     1.06
  SINCE SEP 1      8.79                      6.14   2.65     7.56
  SINCE JAN 1     37.44                     29.25   8.19    28.80

SNOWFALL (IN)
  TODAY            0.0                       0.1   -0.1      0.0
  MONTH TO DATE    2.4                       1.4    1.0      0.4
  SINCE JUL 1      2.4                       1.7    0.7      0.4
  SNOW DEPTH       0

DEGREE DAYS
 HEATING
  TODAY           16                        30    -14       48
  MONTH TO DATE  686                       559    127      569
  SINCE SEP 1   1060                      1036     24      971
  SINCE JUL 1   1064                      1044     20      976

 COOLING
  TODAY            0                         0      0        0
  MONTH TO DATE    0                         0      0        0
  SINCE SEP 1    126                       132     -6      228
  SINCE JAN 1   1149                      1112     37     1294
..................................................................


WIND (MPH)
  HIGHEST WIND SPEED    32   HIGHEST WIND DIRECTION     N (340)
  HIGHEST GUST SPEED    39   HIGHEST GUST DIRECTION    NW (330)
  AVERAGE WIND SPEED    15.1


SKY COVER
  POSSIBLE SUNSHINE  MM
  AVERAGE SKY COVER 0.9


WEATHER CONDITIONS
 THE FOLLOWING WEATHER WAS RECORDED TODAY.
  LIGHT RAIN
  FOG


RELATIVE HUMIDITY (PERCENT)
 HIGHEST   100           800 AM
 LOWEST     71          1200 PM
 AVERAGE    86

..........................................................


THE OMAHA EPPLEY, NEBRASKA CLIMATE NORMALS FOR TOMORROW
                         NORMAL    RECORD    YEAR
 MAXIMUM TEMPERATURE (F)   44        73      2011
 MINIMUM TEMPERATURE (F)   25         3      1898


SUNRISE AND SUNSET
NOVEMBER 23 2014......SUNRISE   721 AM CST   SUNSET   459 PM CST
NOVEMBER 24 2014......SUNRISE   722 AM CST   SUNSET   458 PM CST


-  INDICATES NEGATIVE NUMBERS.
R  INDICATES RECORD WAS SET OR TIED.
MM INDICATES DATA IS MISSING.
T  INDICATES TRACE AMOUNT.




$$
