000
CDUS43 KOAX 110710
CLIOMA


CLIMATE REPORT
NATIONAL WEATHER SERVICE OMAHA NEBRASKA
110 AM CST MON DEC 11 2017


...................................

...THE OMAHA EPPLEY, NEBRASKA CLIMATE SUMMARY FOR DECEMBER 10 2017...

CLIMATE NORMAL PERIOD 1981 TO 2010
CLIMATE RECORD PERIOD 1871 TO 2017


WEATHER ITEM   OBSERVED TIME   RECORD YEAR NORMAL DEPARTURE LAST
                VALUE   (LST)  VALUE       VALUE  FROM      YEAR
                                                  NORMAL
..................................................................
TEMPERATURE (F)
 YESTERDAY
  MAXIMUM         54    248 PM  71    1890  36     18       32
  MINIMUM         25   1250 AM -16    1919  18      7       22
  AVERAGE         40                        27     13       27

PRECIPITATION (IN)
  YESTERDAY        0.00          0.84 1965   0.04  -0.04     0.01
  MONTH TO DATE    0.01                      0.41  -0.40     0.49
  SINCE DEC 1      0.01                      0.41  -0.40     0.49
  SINCE JAN 1     25.99                     29.99  -4.00    33.66

SNOWFALL (IN)
  YESTERDAY        0.0                       0.2   -0.2      0.2
  MONTH TO DATE    0.1                       2.0   -1.9      1.4
  SINCE JUL 1      0.1                       4.8   -4.7      1.4
  SNOW DEPTH       0

DEGREE DAYS
 HEATING
  YESTERDAY       25                        38    -13       38
  MONTH TO DATE  287                       363    -76      364
  SINCE DEC 1    287                       363    -76      364
  SINCE JUL 1   1347                      1633   -286     1115

 COOLING
  YESTERDAY        0                         0      0        0
  MONTH TO DATE    0                         0      0        0
  SINCE DEC 1      0                         0      0        0
  SINCE JAN 1   1349                      1113    236     1476
..................................................................


WIND (MPH)
  HIGHEST WIND SPEED    22   HIGHEST WIND DIRECTION     N (340)
  HIGHEST GUST SPEED    26   HIGHEST GUST DIRECTION     N (340)
  AVERAGE WIND SPEED     9.9


SKY COVER
  POSSIBLE SUNSHINE  MM
  AVERAGE SKY COVER 0.3


WEATHER CONDITIONS
 THE FOLLOWING WEATHER WAS RECORDED YESTERDAY.
  NO SIGNIFICANT WEATHER WAS OBSERVED.


RELATIVE HUMIDITY (PERCENT)
 HIGHEST    78          1000 PM
 LOWEST     35           200 PM
 AVERAGE    57

..........................................................


THE OMAHA EPPLEY, NEBRASKA CLIMATE NORMALS FOR TODAY
                         NORMAL    RECORD    YEAR
 MAXIMUM TEMPERATURE (F)   36        65      1965
 MINIMUM TEMPERATURE (F)   18        -6      1994


SUNRISE AND SUNSET
DECEMBER 11 2017......SUNRISE   739 AM CST   SUNSET   454 PM CST
DECEMBER 12 2017......SUNRISE   740 AM CST   SUNSET   455 PM CST


-  INDICATES NEGATIVE NUMBERS.
R  INDICATES RECORD WAS SET OR TIED.
MM INDICATES DATA IS MISSING.
T  INDICATES TRACE AMOUNT.




$$
