000
CDUS43 KOAX 242238 CCA
CLIOMA

CLIMATE REPORT...CORRECTION
NATIONAL WEATHER SERVICE OMAHA NEBRASKA
457 PM CDT THU APR 24 2014

CORRECTED PRECIPITATION FOR TODAY FRO 0.18 TO 0.19...


...................................

...THE OMAHA EPPLEY, NEBRASKA CLIMATE SUMMARY FOR APRIL 24 2014...
VALID TODAY AS OF 400 PM LOCAL TIME.

CLIMATE NORMAL PERIOD 1981 TO 2010
CLIMATE RECORD PERIOD 1871 TO 2014


WEATHER ITEM   OBSERVED TIME   RECORD YEAR NORMAL DEPARTURE LAST
                VALUE   (LST)  VALUE       VALUE  FROM      YEAR
                                                  NORMAL
..................................................................
TEMPERATURE (F)
 TODAY
  MAXIMUM         61    259 PM  92    1989  67     -6       61
  MINIMUM         48    509 AM  26    1956  43      5       27
                                      1873
  AVERAGE         55                        55      0       44

PRECIPITATION (IN)
  TODAY            0.19          1.72 2007   0.12   0.07     0.01
  MONTH TO DATE    1.99                      2.24  -0.25     5.33
  SINCE MAR 1      2.20                      4.23  -2.03     7.31
  SINCE JAN 1      3.06                      5.80  -2.74     8.60

SNOWFALL (IN)
  TODAY            0.0                       0.0    0.0      0.0
  MONTH TO DATE    0.6                       0.9   -0.3      0.1
  SINCE JUL 1     17.8                      26.3   -8.5     32.6
  SNOW DEPTH       0

DEGREE DAYS
 HEATING
  TODAY           10                        11     -1       21
  MONTH TO DATE  350                       355     -5      502
  SINCE MAR 1   1229                      1146     83     1448
  SINCE JUL 1   6334                      5944    390     5929

 COOLING
  TODAY            0                         1     -1        0
  MONTH TO DATE   15                         8      7        0
  SINCE MAR 1     15                         9      6        0
  SINCE JAN 1     15                         9      6        0
..................................................................


WIND (MPH)
  HIGHEST WIND SPEED    26   HIGHEST WIND DIRECTION     W (280)
  HIGHEST GUST SPEED    31   HIGHEST GUST DIRECTION     W (280)
  AVERAGE WIND SPEED    12.8


SKY COVER
  POSSIBLE SUNSHINE  MM
  AVERAGE SKY COVER 1.0


WEATHER CONDITIONS
 THE FOLLOWING WEATHER WAS RECORDED TODAY.
  RAIN
  LIGHT RAIN
  FOG


RELATIVE HUMIDITY (PERCENT)
 HIGHEST    93           700 AM
 LOWEST     55           300 PM
 AVERAGE    74

..........................................................


THE OMAHA EPPLEY, NEBRASKA CLIMATE NORMALS FOR TOMORROW
                         NORMAL    RECORD    YEAR
 MAXIMUM TEMPERATURE (F)   67        91      2012
                                             1954
 MINIMUM TEMPERATURE (F)   44        27      1873


SUNRISE AND SUNSET
APRIL 24 2014.........SUNRISE   631 AM CDT   SUNSET   814 PM CDT
APRIL 25 2014.........SUNRISE   629 AM CDT   SUNSET   815 PM CDT


-  INDICATES NEGATIVE NUMBERS.
R  INDICATES RECORD WAS SET OR TIED.
MM INDICATES DATA IS MISSING.
T  INDICATES TRACE AMOUNT.




$$

KLISH
