813
CDUS43 KOAX 250656
CLIOMA


CLIMATE REPORT
NATIONAL WEATHER SERVICE OMAHA NEBRASKA
1256 AM CST SUN FEB 25 2018


...................................

...THE OMAHA EPPLEY, NEBRASKA CLIMATE SUMMARY FOR FEBRUARY 24 2018...

CLIMATE NORMAL PERIOD 1981 TO 2010
CLIMATE RECORD PERIOD 1871 TO 2018


WEATHER ITEM   OBSERVED TIME   RECORD YEAR NORMAL DEPARTURE LAST
                VALUE   (LST)  VALUE       VALUE  FROM      YEAR
                                                  NORMAL
..................................................................
TEMPERATURE (F)
 YESTERDAY
  MAXIMUM         30   1032 PM  70    1996  41    -11       35
                                      1930
  MINIMUM         22    332 AM  -6    2010  21      1       23
                                      1965
                                      1874
  AVERAGE         26                        31     -5       29

PRECIPITATION (IN)
  YESTERDAY        0.16          0.80 2007   0.04   0.12     0.13
  MONTH TO DATE    0.97                      0.70   0.27     1.01
  SINCE DEC 1      2.16                      2.46  -0.30     3.34
  SINCE JAN 1      1.74                      1.42   0.32     1.87

SNOWFALL (IN)
  YESTERDAY        0.1                       0.2   -0.1      2.0
  MONTH TO DATE    7.7                       5.4    2.3      5.2
  SINCE JUL 1     14.6                      20.5   -5.9     11.1
  SNOW DEPTH       1

DEGREE DAYS
 HEATING
  YESTERDAY       39                        34      5       36
  MONTH TO DATE 1036                       901    135      638
  SINCE DEC 1   3482                      3396     86     2958
  SINCE JUL 1   4542                      4666   -124     3709

 COOLING
  YESTERDAY        0                         0      0        0
  MONTH TO DATE    0                         0      0        0
  SINCE DEC 1      0                         0      0        0
  SINCE JAN 1      0                         0      0        0
..................................................................


WIND (MPH)
  HIGHEST WIND SPEED    17   HIGHEST WIND DIRECTION     W (290)
  HIGHEST GUST SPEED    27   HIGHEST GUST DIRECTION    NW (300)
  AVERAGE WIND SPEED     6.8


SKY COVER
  POSSIBLE SUNSHINE  MM
  AVERAGE SKY COVER 0.9


WEATHER CONDITIONS
 THE FOLLOWING WEATHER WAS RECORDED YESTERDAY.
  LT FREEZING RAIN
  SNOW
  LIGHT SNOW
  FOG


RELATIVE HUMIDITY (PERCENT)
 HIGHEST   100          1000 AM
 LOWEST     78           700 PM
 AVERAGE    89

..........................................................


THE OMAHA EPPLEY, NEBRASKA CLIMATE NORMALS FOR TODAY
                         NORMAL    RECORD    YEAR
 MAXIMUM TEMPERATURE (F)   42        74      1995
 MINIMUM TEMPERATURE (F)   21        -2      1965


SUNRISE AND SUNSET
FEBRUARY 25 2018......SUNRISE   704 AM CST   SUNSET   610 PM CST
FEBRUARY 26 2018......SUNRISE   703 AM CST   SUNSET   611 PM CST


-  INDICATES NEGATIVE NUMBERS.
R  INDICATES RECORD WAS SET OR TIED.
MM INDICATES DATA IS MISSING.
T  INDICATES TRACE AMOUNT.




$$
