000
CDUS43 KOAX 170631
CLIOMA


CLIMATE REPORT
NATIONAL WEATHER SERVICE OMAHA NEBRASKA
130 AM CDT THU AUG 17 2017


...................................

...THE OMAHA EPPLEY, NEBRASKA CLIMATE SUMMARY FOR AUGUST 16 2017...

CLIMATE NORMAL PERIOD 1981 TO 2010
CLIMATE RECORD PERIOD 1871 TO 2017


WEATHER ITEM   OBSERVED TIME   RECORD YEAR NORMAL DEPARTURE LAST
                VALUE   (LST)  VALUE       VALUE  FROM      YEAR
                                                  NORMAL
..................................................................
TEMPERATURE (F)
 YESTERDAY
  MAXIMUM         84    310 PM 106    1983  85     -1       85
  MINIMUM         68   1159 PM  51    1897  64      4       67
  AVERAGE         76                        75      1       76

PRECIPITATION (IN)
  YESTERDAY        0.12          2.13 1884   0.14  -0.02     0.38
  MONTH TO DATE    1.05                      2.03  -0.98     2.07
  SINCE JUN 1      5.42                     10.04  -4.62     9.62
  SINCE JAN 1     16.73                     21.32  -4.59    22.61

SNOWFALL (IN)
  YESTERDAY        0.0                       0.0    0.0      0.0
  MONTH TO DATE    0.0                       0.0    0.0      0.0
  SINCE JUL 1      0.0                       0.0    0.0       T
  SNOW DEPTH       0

DEGREE DAYS
 HEATING
  YESTERDAY        0                         0      0        0
  MONTH TO DATE    0                         0      0        0
  SINCE JUN 1      0                        18    -18        0
  SINCE JUL 1      0                         1     -1        0

 COOLING
  YESTERDAY       11                        10      1       11
  MONTH TO DATE  122                       171    -49      209
  SINCE JUN 1    925                       766    159     1028
  SINCE JAN 1   1010                       848    162     1111
..................................................................


WIND (MPH)
  HIGHEST WIND SPEED    21   HIGHEST WIND DIRECTION    SW (230)
  HIGHEST GUST SPEED    29   HIGHEST GUST DIRECTION    SW (230)
  AVERAGE WIND SPEED    11.3


SKY COVER
  POSSIBLE SUNSHINE  MM
  AVERAGE SKY COVER 0.7


WEATHER CONDITIONS
 THE FOLLOWING WEATHER WAS RECORDED YESTERDAY.
  LIGHT RAIN


RELATIVE HUMIDITY (PERCENT)
 HIGHEST    87           700 AM
 LOWEST     51           200 PM
 AVERAGE    69

..........................................................


THE OMAHA EPPLEY, NEBRASKA CLIMATE NORMALS FOR TODAY
                         NORMAL    RECORD    YEAR
 MAXIMUM TEMPERATURE (F)   85       106      1936
 MINIMUM TEMPERATURE (F)   64        48      2012
                                             1890


SUNRISE AND SUNSET
AUGUST 17 2017........SUNRISE   635 AM CDT   SUNSET   819 PM CDT
AUGUST 18 2017........SUNRISE   636 AM CDT   SUNSET   818 PM CDT


-  INDICATES NEGATIVE NUMBERS.
R  INDICATES RECORD WAS SET OR TIED.
MM INDICATES DATA IS MISSING.
T  INDICATES TRACE AMOUNT.




$$
