000
CDUS43 KOAX 030633
CLIOMA


CLIMATE REPORT
NATIONAL WEATHER SERVICE OMAHA NEBRASKA
132 AM CDT FRI JUL 3 2015


...................................

...THE OMAHA EPPLEY, NEBRASKA CLIMATE SUMMARY FOR JULY 2 2015...

CLIMATE NORMAL PERIOD 1981 TO 2010
CLIMATE RECORD PERIOD 1871 TO 2015


WEATHER ITEM   OBSERVED TIME   RECORD YEAR NORMAL DEPARTURE LAST
                VALUE   (LST)  VALUE       VALUE  FROM      YEAR
                                                  NORMAL
..................................................................
TEMPERATURE (F)
 YESTERDAY
  MAXIMUM         71    631 PM 104    1990  87    -16       72
  MINIMUM         64   1159 PM  51    1967  65     -1       55
                                      1945
  AVERAGE         68                        76     -8       64

PRECIPITATION (IN)
  YESTERDAY        0.33          1.28 1958   0.12   0.21      T
  MONTH TO DATE    0.33                      0.24   0.09      T
  SINCE JUN 1      4.94                      4.42   0.52    10.52
  SINCE JAN 1     15.63                     15.70  -0.07    17.34

SNOWFALL (IN)
  YESTERDAY        0.0                       0.0    0.0      0.0
  MONTH TO DATE    0.0                       0.0    0.0      0.0
  SINCE JUL 1      0.0                       0.0    0.0      0.0
  SNOW DEPTH       0

DEGREE DAYS
 HEATING
  YESTERDAY        0                         0      0        1
  MONTH TO DATE    0                         0      0        1
  SINCE JUN 1      0                        17    -17        7
  SINCE JUL 1      0                         0      0        1

 COOLING
  YESTERDAY        3                        11     -8        0
  MONTH TO DATE   14                        22     -8        6
  SINCE JUN 1    276                       252     24      273
  SINCE JAN 1    322                       334    -12      416
..................................................................


WIND (MPH)
  HIGHEST WIND SPEED    15   HIGHEST WIND DIRECTION    SE (120)
  HIGHEST GUST SPEED    18   HIGHEST GUST DIRECTION    SE (120)
  AVERAGE WIND SPEED     5.6


SKY COVER
  POSSIBLE SUNSHINE  MM
  AVERAGE SKY COVER 1.0


WEATHER CONDITIONS
 THE FOLLOWING WEATHER WAS RECORDED YESTERDAY.
  RAIN
  LIGHT RAIN
  FOG
  HAZE


RELATIVE HUMIDITY (PERCENT)
 HIGHEST    93          1000 AM
 LOWEST     73           100 AM
 AVERAGE    83

..........................................................


THE OMAHA EPPLEY, NEBRASKA CLIMATE NORMALS FOR TODAY
                         NORMAL    RECORD    YEAR
 MAXIMUM TEMPERATURE (F)   87       110      1936
 MINIMUM TEMPERATURE (F)   66        47      1967


SUNRISE AND SUNSET
JULY  3 2015..........SUNRISE   555 AM CDT   SUNSET   900 PM CDT
JULY  4 2015..........SUNRISE   556 AM CDT   SUNSET   900 PM CDT


-  INDICATES NEGATIVE NUMBERS.
R  INDICATES RECORD WAS SET OR TIED.
MM INDICATES DATA IS MISSING.
T  INDICATES TRACE AMOUNT.




$$
