000
CDAK49 PAFG 201154
CLIOME

CLIMATE REPORT
NATIONAL WEATHER SERVICE FAIRBANKS AK
254 AM AKST FRI JAN 20 2017


...................................

...THE NOME AK CLIMATE SUMMARY FOR JANUARY 19 2017...

CLIMATE NORMAL PERIOD 1981 TO 2010
CLIMATE RECORD PERIOD 1906 TO 2017


WEATHER ITEM   OBSERVED TIME   RECORD YEAR NORMAL DEPARTURE LAST
                VALUE   (LST)  VALUE       VALUE  FROM      YEAR
                                                  NORMAL
..................................................................
TEMPERATURE (F)
 YESTERDAY
  MAXIMUM         -9        MM  42    1940  13    -22       14
  MINIMUM        -28        MM -38    1989  -3    -25        2
  AVERAGE        -18                         5    -23        8

PRECIPITATION (IN)
  YESTERDAY        0.00          0.60 1922   0.03  -0.03     0.00
                                      1921
  MONTH TO DATE    0.32                      0.59  -0.27     0.23
  SINCE DEC 1      1.39                      1.67  -0.28     0.23
  SINCE JAN 1      0.32                      0.59  -0.27     0.23

SNOWFALL (IN)
  YESTERDAY        0.0           6.0  1921   0.4   -0.4      0.0
  MONTH TO DATE    3.0                       8.0   -5.0      3.2
  SINCE DEC 1     19.0                      22.5   -3.5      3.2
  SINCE JUL 1     27.6                      39.8  -12.2      3.2
  SNOW DEPTH      17

DEGREE DAYS
 HEATING
  YESTERDAY       83                        60     23       57
  MONTH TO DATE 1143                      1133     10      795
  SINCE DEC 1   2745                      2853   -108      795
  SINCE JUL 1   6360                      6946   -586      795

 COOLING
  YESTERDAY        0                         0      0        0
  MONTH TO DATE    0                         0      0        0
  SINCE DEC 1      0                         0      0        0
  SINCE JAN 1      0                         0      0        0
..................................................................


WIND (MPH)
  HIGHEST GUST SPEED    MM   HIGHEST GUST DIRECTION    MM


SKY COVER
  AVERAGE SKY COVER 0.1


WEATHER CONDITIONS
 THE FOLLOWING WEATHER WAS RECORDED YESTERDAY.
  NO SIGNIFICANT WEATHER WAS OBSERVED.


RELATIVE HUMIDITY (PERCENT)
 HIGHEST    82
 LOWEST     54
 AVERAGE    68

..........................................................


THE NOME AK CLIMATE NORMALS FOR TODAY
                         NORMAL    RECORD    YEAR
 MAXIMUM TEMPERATURE (F)   13        40      1940
 MINIMUM TEMPERATURE (F)   -3       -40      1989


SUNRISE AND SUNSET
JANUARY 20 2017.......SUNRISE  1119 AM AKST  SUNSET   508 PM AKST
JANUARY 21 2017.......SUNRISE  1117 AM AKST  SUNSET   512 PM AKST

-  INDICATES NEGATIVE NUMBERS.
R  INDICATES RECORD WAS SET OR TIED.
MM INDICATES DATA IS MISSING.
T  INDICATES TRACE AMOUNT.

&&

SNOW DEPTH IS MEASURED AT 3AM AKST/4AM AKDT.

----------------------------
AVAILABLE DAYLIGHT

AMOUNT OF DAYLIGHT TODAY  (HOUR:MIN)........5:49
GAIN/LOSS SINCE YESTERDAY (HOUR:MIN:SEC)....+0:06:03

NOME TIDAL INFORMATION FOR 20 JANUARY 2017
0504  +0.8
1053  +1.4
1647  +0.7
2316  +1.5

$$
BJB JAN 17
