607
CDAK49 PAFG 220039
CLIOME

CLIMATE REPORT
NATIONAL WEATHER SERVICE FAIRBANKS AK
439 PM AKDT MON AUG 21 2017


...................................

...THE NOME AK CLIMATE SUMMARY FOR AUGUST 21 2017...
VALID TODAY AS OF 0400 PM LOCAL TIME.

CLIMATE NORMAL PERIOD 1981 TO 2010
CLIMATE RECORD PERIOD 1906 TO 2017


WEATHER ITEM   OBSERVED TIME   RECORD YEAR NORMAL DEPARTURE LAST
                VALUE   (LST)  VALUE       VALUE  FROM      YEAR
                                                  NORMAL
..................................................................
TEMPERATURE (F)
 TODAY
  MAXIMUM         51    252 PM  81    1977  56     -5       60
  MINIMUM         38   1252 AM  29    1969  44     -6       51
  AVERAGE         45                        50     -5       56

PRECIPITATION (IN)
  TODAY            0.16          1.16 1951   0.11   0.05     0.34
  MONTH TO DATE    1.64                      2.23  -0.59     2.95
  SINCE JUN 1      6.75                      5.32   1.43     7.09
  SINCE JAN 1      9.60                      9.46   0.14    10.18

SNOWFALL (IN)
  TODAY            0.0           0.0    MM   0.0    0.0      0.0
  MONTH TO DATE    0.0                       0.0    0.0      0.0
  SINCE JUN 1      0.0                       0.3   -0.3      0.0
  SINCE JUL 1      0.0                       0.0    0.0      0.0
  SNOW DEPTH       0

DEGREE DAYS
 HEATING
  TODAY           20                        15      5        9
  MONTH TO DATE  288                       303    -15      195
  SINCE JUN 1   1012                      1218   -206     1006
  SINCE JUL 1    647                       701    -54      559

 COOLING
  TODAY            0                         0      0        0
  MONTH TO DATE    0                         0      0        0
  SINCE JUN 1      4                         3      1        0
  SINCE JAN 1      4                         3      1        0
..................................................................


WIND (MPH)
  HIGHEST GUST SPEED    19   HIGHEST GUST DIRECTION     S (200)


SKY COVER
  AVERAGE SKY COVER 0.7


WEATHER CONDITIONS
 THE FOLLOWING WEATHER WAS RECORDED TODAY.
  LIGHT RAIN
  FOG


RELATIVE HUMIDITY (PERCENT)
 HIGHEST   100
 LOWEST     86
 AVERAGE    93

..........................................................


THE NOME AK CLIMATE NORMALS FOR TOMORROW
                         NORMAL    RECORD    YEAR
 MAXIMUM TEMPERATURE (F)   56        79      1977
 MINIMUM TEMPERATURE (F)   44        24      1929


SUNRISE AND SUNSET
AUGUST 21 2017........SUNRISE   711 AM AKDT  SUNSET  1057 PM AKDT
AUGUST 22 2017........SUNRISE   714 AM AKDT  SUNSET  1053 PM AKDT

-  INDICATES NEGATIVE NUMBERS.
R  INDICATES RECORD WAS SET OR TIED.
MM INDICATES DATA IS MISSING.
T  INDICATES TRACE AMOUNT.

&&

SNOW DEPTH IS MEASURED AT 3AM AKST/4AM AKDT.

----------------------------
AVAILABLE DAYLIGHT

AMOUNT OF DAYLIGHT TODAY  (HOUR:MIN)........15:46
GAIN/LOSS SINCE YESTERDAY (HOUR:MIN:SEC)....-0:06:42

NOME TIDAL INFORMATION FOR 22 AUGUST 2017
0610  +1.1
1026  +0.6
1634  +1.3
2337  -0.3

$$
HFL AUG 17
