140
CDAK49 PAFG 230947
CLIOME

CLIMATE REPORT
NATIONAL WEATHER SERVICE FAIRBANKS AK
1247 AM AKST THU FEB 23 2017


...................................

...THE NOME AK CLIMATE SUMMARY FOR FEBRUARY 22 2017...

CLIMATE NORMAL PERIOD 1981 TO 2010
CLIMATE RECORD PERIOD 1906 TO 2017


WEATHER ITEM   OBSERVED TIME   RECORD YEAR NORMAL DEPARTURE LAST
                VALUE   (LST)  VALUE       VALUE  FROM      YEAR
                                                  NORMAL
..................................................................
TEMPERATURE (F)
 YESTERDAY
  MAXIMUM          9   1159 PM  35    2015  17     -8       22
                                      1940
                                      1928
  MINIMUM        -25    429 AM -36    1990   1    -26        3
                                      1971
  AVERAGE         -8                         9    -17       13

PRECIPITATION (IN)
  YESTERDAY        0.10          0.70 1922   0.03   0.07      T
  MONTH TO DATE    0.10                      0.74  -0.64     0.44
  SINCE DEC 1      1.89                      2.76  -0.87     0.97
  SINCE JAN 1      0.82                      1.68  -0.86     0.97

SNOWFALL (IN)
  YESTERDAY        3.8           7.0  1922   0.5    3.3     MM
  MONTH TO DATE    4.1                       9.6   -5.5      6.9
  SINCE DEC 1     30.5                      36.8   -6.3     15.1
  SINCE JUL 1     39.1                      54.1  -15.0     15.1
  SNOW DEPTH      21

DEGREE DAYS
 HEATING
  YESTERDAY       73                        56     17       52
  MONTH TO DATE 1463                      1275    188     1140
  SINCE DEC 1   4892                      4850     42     2520
  SINCE JUL 1   8507                      8943   -436     2520

 COOLING
  YESTERDAY        0                         0      0        0
  MONTH TO DATE    0                         0      0        0
  SINCE DEC 1      0                         0      0        0
  SINCE JAN 1      0                         0      0        0
..................................................................


WIND (MPH)
  HIGHEST GUST SPEED    42   HIGHEST GUST DIRECTION     E (70)


SKY COVER
  AVERAGE SKY COVER 0.4


WEATHER CONDITIONS
 THE FOLLOWING WEATHER WAS RECORDED YESTERDAY.
  SNOW
  LIGHT SNOW
  FOG
  FOG W/VISIBILITY <= 1/4 MILE
  BLOWING SNOW


RELATIVE HUMIDITY (PERCENT)
 HIGHEST    87
 LOWEST     56
 AVERAGE    72

..........................................................


THE NOME AK CLIMATE NORMALS FOR TODAY
                         NORMAL    RECORD    YEAR
 MAXIMUM TEMPERATURE (F)   17        36      1940
                                             1928
 MINIMUM TEMPERATURE (F)    1       -37      1976
                                             1971


SUNRISE AND SUNSET
FEBRUARY 23 2017......SUNRISE   930 AM AKST  SUNSET   702 PM AKST
FEBRUARY 24 2017......SUNRISE   926 AM AKST  SUNSET   706 PM AKST

-  INDICATES NEGATIVE NUMBERS.
R  INDICATES RECORD WAS SET OR TIED.
MM INDICATES DATA IS MISSING.
T  INDICATES TRACE AMOUNT.

&&

SNOW DEPTH IS MEASURED AT 3AM AKST/4AM AKDT.

----------------------------
AVAILABLE DAYLIGHT

AMOUNT OF DAYLIGHT TODAY  (HOUR:MIN)........9:33
GAIN/LOSS SINCE YESTERDAY (HOUR:MIN:SEC)....+0:06:41

NOME TIDAL INFORMATION FOR 23 FEBRUARY 2017
0059  +0.9
0838  +0.1
1617  +0.9
2024  +0.7

$$
CCC FEB 17
