000
CDAK49 PAOM 292209
CLIOME

CLIMATE REPORT
NATIONAL WEATHER SERVICE NOME, AK
209 PM AKDT SUN MAR 29 2015

...................................
...THE NOME WSO AP CLIMATE SUMMARY FOR MARCH 29 2015...
VALID TODAY AS OF 2:00 PM LOCAL TIME

CLIMATE NORMAL PERIOD  1981 TO  2010
CLIMATE RECORD PERIOD  1906 TO  2015

WEATHER ITEM   OBSERVED TIME    RECORD YEAR NORMAL DEPARTURE LAST
               VALUE    (LST)   VALUE       VALUE  FROM      YEAR
                                                   NORMAL
...................................................................
TEMPERATURE
TODAY
 MAXIMUM            11  1259 PM    42  1954     20      -9     24
 MINIMUM            -3  0826 AM   -29  1972      4      -7      7
 AVERAGE             4                          12      -8     16

PRECIPITATION
(INCHES)
 TODAY            0.00           0.50  1930   0.02   -0.02   0.00
 MONTH TO DATE    0.70                        0.61    0.09   0.53
 SINCE MAR 1      0.70                        0.61    0.09   0.53
 SINCE JAN 1      2.34                        2.48   -0.14   2.70

SNOWFALL
(INCHES)
 TODAY             0.0            8.0  1930    0.3    -0.3    0.0
 MONTH TO DATE     8.7                         8.4     0.3   12.3
 SINCE MAR 1       8.7                         8.4     0.3   12.3
 SINCE JUL 1      52.0                        65.1   -13.1   66.6
 SNOW DEPTH (IN)    12                                         10

DEGREE DAYS
 HEATING
  TODAY             61                          53       8     49
  MONTH TO DATE   1687                        1591      96   1532
  SINCE MAR 1     1682                        1591      91   1532
  SINCE JUL 1     9846                       10873   -1027   9686

 COOLING
  TODAY              0                           0       0      0
  MONTH TO DATE      0                           0       0      0
  SINCE MAR 1        0                           0       0      0
  SINCE JAN 1        0                           0       0      0
...................................................................

WIND (MPH)
 HIGHEST WIND SPEED    13     HIGHEST WIND DIRECTION    320
 HIGHEST GUST SPEED    14     HIGHEST GUST DIRECTION    360
 AVERAGE WIND SPEED    MM

SKY COVER
  POSSIBLE SUNSHINE  MM            AVERAGE SKY COVER MM

WEATHER CONDITIONS
 THE FOLLOWING WEATHER WAS RECORDED TODAY.
NO SIGNIFICANT WEATHER WAS OBSERVED.

RELATIVE HUMIDITY
 HIGHEST RH     MM PERCENT       MM
 LOWEST  RH     MM PERCENT       MM
 AVERAGE RH     MM PERCENT       MM
...................................................................

THE NOME CLIMATE NORMALS FOR TOMORROW
                        NORMAL    RECORD   YEAR
 MAXIMUM TEMPERATURE      21        42     1995
 MINIMUM TEMPERATURE       4       -32     1907

SUNRISE AND SUNSET
 MAR 29 2015..........SUNRISE  8:30 AM      SUNSET  9:46 PM
 MAR 30 2015..........SUNRISE  8:27 AM      SUNSET  9:49 PM

-  INDICATES NEGATIVE NUMBERS.
R  INDICATES RECORD HAS BEEN SET OR TIED.
MM INDICATES DATA IS MISSING.
T  INDICATES TRACE OF PRECIPITATION.

&&
-------------------------------------------------------------------

AMOUNT OF DAYLIGHT TODAY  (HOUR:MIN)........13 HOURS 16 MINUTES
GAIN/LOSS SINCE YESTERDAY (HOUR:MIN:SEC)....+0:06:39

$$
RWM MAR 15
