000
CDAK49 PAOM 192205
CLIOME

CLIMATE REPORT
NATIONAL WEATHER SERVICE NOME, AK
205 PM AKDT TUE AUG 19 2014

...................................
...THE NOME WSO AP CLIMATE SUMMARY FOR AUGUST 19 2014...
VALID TODAY AS OF 2:00 PM LOCAL TIME

CLIMATE NORMAL PERIOD  1981 TO  2010
CLIMATE RECORD PERIOD  1906 TO  2014

WEATHER ITEM   OBSERVED TIME    RECORD YEAR NORMAL DEPARTURE LAST
               VALUE    (LST)   VALUE       VALUE  FROM      YEAR
                                                   NORMAL
...................................................................
TEMPERATURE
TODAY
 MAXIMUM            55  0103 PM    80  2004     56      -1     64
 MINIMUM            52  0816 AM    28  1966     44       8     50
 AVERAGE            54                          50       4     57

PRECIPITATION
(INCHES)
 TODAY            0.01           1.72  1998   0.11   -0.10   0.00
 MONTH TO DATE    0.43                        2.01   -1.58   3.41
 SINCE JUN 1      3.27                        5.10   -1.83   8.06
 SINCE JAN 1      7.74                        9.24   -1.50  12.31

SNOWFALL
(INCHES)
 TODAY             0.0            0.0  2014    0.0     0.0    0.0
 MONTH TO DATE     0.0                         0.0     0.0    0.0
 SINCE JUN 1       0.0                         0.3    -0.3    0.1
 SINCE JUL 1       0.0                         0.0     0.0    0.0
 SNOW DEPTH (IN)     0                                          0

DEGREE DAYS
 HEATING
  TODAY             11                          15      -4      8
  MONTH TO DATE    106                         273    -167    175
  SINCE JUN 1     1097                        1189     -92   1058
  SINCE JUL 1      529                         673    -144    582

 COOLING
  TODAY              0                           0       0      0
  MONTH TO DATE      1                           0       1      0
  SINCE JUN 1        3                           0       3      7
  SINCE JAN 1        3                           0       3      7
...................................................................

WIND (MPH)
 HIGHEST WIND SPEED    18     HIGHEST WIND DIRECTION    240
 HIGHEST GUST SPEED    21     HIGHEST GUST DIRECTION    230
 AVERAGE WIND SPEED    MM

SKY COVER
  POSSIBLE SUNSHINE  MM            AVERAGE SKY COVER MM

WEATHER CONDITIONS
 THE FOLLOWING WEATHER WAS RECORDED TODAY.
FOG
DRIZZLE
RAIN


RELATIVE HUMIDITY
 HIGHEST RH     MM PERCENT       MM
 LOWEST  RH     MM PERCENT       MM
 AVERAGE RH     MM PERCENT       MM
...................................................................

THE NOME CLIMATE NORMALS FOR TOMORROW
                        NORMAL    RECORD   YEAR
 MAXIMUM TEMPERATURE      56        78     2004
 MINIMUM TEMPERATURE      44        32     1980

SUNRISE AND SUNSET
 AUG 19 2014..........SUNRISE  7:04 AM      SUNSET 11:05 PM
 AUG 20 2014..........SUNRISE  7:07 AM      SUNSET 11:01 PM

-  INDICATES NEGATIVE NUMBERS.
R  INDICATES RECORD HAS BEEN SET OR TIED.
MM INDICATES DATA IS MISSING.
T  INDICATES TRACE OF PRECIPITATION.

&&
-------------------------------------------------------------------

AMOUNT OF DAYLIGHT TODAY  (HOUR:MIN)........16 HOURS 1 MINUTES
GAIN/LOSS SINCE YESTERDAY (HOUR:MIN:SEC)....-0:06:43

$$
RWM AUG 14
