000
CDAK49 PAFG 060940
CLIOME

CLIMATE REPORT
NATIONAL WEATHER SERVICE FAIRBANKS AK
1240 AM AKST TUE DEC 6 2016


...................................

...THE NOME AK CLIMATE SUMMARY FOR DECEMBER 5 2016...

CLIMATE NORMAL PERIOD 1981 TO 2010
CLIMATE RECORD PERIOD 1906 TO 2016


WEATHER ITEM   OBSERVED TIME   RECORD YEAR NORMAL DEPARTURE LAST
                VALUE   (LST)  VALUE       VALUE  FROM      YEAR
                                                  NORMAL
..................................................................
TEMPERATURE (F)
 YESTERDAY
  MAXIMUM          7    215 PM  39    1983  19    -12       MM
  MINIMUM        -12   1043 PM -30    1916   5    -17       MM
  AVERAGE         -2                        12    -14       MM

PRECIPITATION (IN)
  YESTERDAY        0.00          0.72 1931   0.03  -0.03    MM
  MONTH TO DATE    0.01                      0.17  -0.16    MM
  SINCE DEC 1      0.01                      0.17  -0.16    MM
  SINCE JAN 1     14.97                     15.90  -0.93    MM

SNOWFALL (IN)
  YESTERDAY        0.0           4.2  1931   0.5   -0.5     MM
  MONTH TO DATE    0.4                       2.1   -1.7     MM
  SINCE DEC 1      0.4                       2.1   -1.7     MM
  SINCE JUL 1      9.0                      19.4  -10.4     MM
  SNOW DEPTH       6

DEGREE DAYS
 HEATING
  YESTERDAY       67                        53     14       MM
  MONTH TO DATE  334                       264     70       MM
  SINCE DEC 1    334                       264     70       MM
  SINCE JUL 1   3949                      4357   -408       MM

 COOLING
  YESTERDAY        0                         0      0       MM
  MONTH TO DATE    0                         0      0       MM
  SINCE DEC 1      0                         0      0       MM
  SINCE JAN 1      0                         3     -3       MM
..................................................................


WIND (MPH)
  HIGHEST GUST SPEED    28   HIGHEST GUST DIRECTION     E (70)


SKY COVER
  AVERAGE SKY COVER 0.4


WEATHER CONDITIONS
 THE FOLLOWING WEATHER WAS RECORDED YESTERDAY.
  HAZE


RELATIVE HUMIDITY (PERCENT)
 HIGHEST    75
 LOWEST     49
 AVERAGE    62

..........................................................


THE NOME AK CLIMATE NORMALS FOR TODAY
                         NORMAL    RECORD    YEAR
 MAXIMUM TEMPERATURE (F)   18        40      1934
 MINIMUM TEMPERATURE (F)    5       -38      1916


SUNRISE AND SUNSET
DECEMBER 06 2016......SUNRISE  1141 AM AKST  SUNSET   406 PM AKST
DECEMBER 07 2016......SUNRISE  1143 AM AKST  SUNSET   404 PM AKST

-  INDICATES NEGATIVE NUMBERS.
R  INDICATES RECORD WAS SET OR TIED.
MM INDICATES DATA IS MISSING.
T  INDICATES TRACE AMOUNT.

&&

SNOW DEPTH IS MEASURED AT 3AM AKST/4AM AKDT.

----------------------------
AVAILABLE DAYLIGHT

AMOUNT OF DAYLIGHT TODAY  (HOUR:MIN)........4:25
GAIN/LOSS SINCE YESTERDAY (HOUR:MIN:SEC)....-0:04:05

NOME TIDAL INFORMATION FOR  6 DECEMBER 2016
0308  +1.4
0856  +1.6
1551  +0.6
2246  +1.7

$$
SDB DEC 16
