000
CDAK49 PAOM 242317
CLIOME

CLIMATE REPORT
NATIONAL WEATHER SERVICE NOME, AK
317 PM AKDT THU APR 24 2014

...................................
...THE NOME WSO AP CLIMATE SUMMARY FOR APRIL 24 2014...
VALID TODAY AS OF 2:00 PM LOCAL TIME

CLIMATE NORMAL PERIOD  1981 TO  2010
CLIMATE RECORD PERIOD  1906 TO  2014

WEATHER ITEM   OBSERVED TIME    RECORD YEAR NORMAL DEPARTURE LAST
               VALUE    (LST)   VALUE       VALUE  FROM      YEAR
                                                   NORMAL
...................................................................
TEMPERATURE
TODAY
 MAXIMUM            46  0157 PM    47  1940     32      14     38
 MINIMUM            35  0529 AM   -10  1966     19      16     26
 AVERAGE            41                          25      16     32

PRECIPITATION
(INCHES)
 TODAY               T           0.44  1916   0.03   -0.03   0.04
 MONTH TO DATE    0.27                        0.59   -0.32   0.29
 SINCE MAR 1      0.80                        1.24   -0.44   0.93
 SINCE JAN 1      2.97                        3.11   -0.14   2.45

SNOWFALL
(INCHES)
 TODAY             0.0            4.0  1916    0.2    -0.2    0.5
 MONTH TO DATE     2.5                         6.3    -3.8    4.4
 SINCE MAR 1      14.8                        15.2    -0.4   13.5
 SINCE JUL 1      69.1                        71.9    -2.8   54.8
 SNOW DEPTH (IN)     T                                         15

DEGREE DAYS
 HEATING
  TODAY             24                          40     -16     33
  MONTH TO DATE    924                        1110    -186   1217
  SINCE MAR 1     2551                        2806    -255   2965
  SINCE JUL 1    10697                       12088   -1391  12523

 COOLING
  TODAY              0                           0       0      0
  MONTH TO DATE      0                           0       0      0
  SINCE MAR 1        0                           0       0      0
  SINCE JAN 1        0                           0       0      0
...................................................................

WIND (MPH)
 HIGHEST WIND SPEED    14     HIGHEST WIND DIRECTION    110
 HIGHEST GUST SPEED    16     HIGHEST GUST DIRECTION    100
 AVERAGE WIND SPEED    MM

SKY COVER
  POSSIBLE SUNSHINE  MM            AVERAGE SKY COVER MM

WEATHER CONDITIONS
 THE FOLLOWING WEATHER WAS RECORDED TODAY.
RAIN


RELATIVE HUMIDITY
 HIGHEST RH     MM PERCENT       MM
 LOWEST  RH     MM PERCENT       MM
 AVERAGE RH     MM PERCENT       MM
...................................................................

THE NOME CLIMATE NORMALS FOR TOMORROW
                        NORMAL    RECORD   YEAR
 MAXIMUM TEMPERATURE      32        60     1940
 MINIMUM TEMPERATURE      20       -17     1964

SUNRISE AND SUNSET
 APR 24 2014..........SUNRISE  6:56 AM      SUNSET 11:07 PM
 APR 25 2014..........SUNRISE  6:52 AM      SUNSET 11:11 PM

-  INDICATES NEGATIVE NUMBERS.
R  INDICATES RECORD HAS BEEN SET OR TIED.
MM INDICATES DATA IS MISSING.
T  INDICATES TRACE OF PRECIPITATION.

&&
-------------------------------------------------------------------

AMOUNT OF DAYLIGHT TODAY  (HOUR:MIN)........16 HOURS 11 MINUTES
GAIN/LOSS SINCE YESTERDAY (HOUR:MIN:SEC)....+0:06:48

$$
JAS APR 14
