000
CDAK49 PAFG 140043
CLIOME

CLIMATE REPORT
NATIONAL WEATHER SERVICE FAIRBANKS AK
343 PM AKST WED DEC 13 2017


...................................

...THE NOME AK CLIMATE SUMMARY FOR DECEMBER 13 2017...
VALID TODAY AS OF 0300 PM LOCAL TIME.

CLIMATE NORMAL PERIOD 1981 TO 2010
CLIMATE RECORD PERIOD 1906 TO 2017


WEATHER ITEM   OBSERVED TIME   RECORD YEAR NORMAL DEPARTURE LAST
                VALUE   (LST)  VALUE       VALUE  FROM      YEAR
                                                  NORMAL
..................................................................
TEMPERATURE (F)
 TODAY
  MAXIMUM         33    259 PM  37    1985  17     16       27
  MINIMUM         32    244 PM -29    1998   3     29       20
  AVERAGE         33                        10     23       24

PRECIPITATION (IN)
  TODAY            0.08          0.42 1994   0.04   0.04     0.01
  MONTH TO DATE    0.67                      0.44   0.23     0.02
  SINCE DEC 1      0.67                      0.44   0.23     0.02
  SINCE JAN 1     18.12                     16.17   1.95    14.98

SNOWFALL (IN)
  TODAY           MM             6.0  1994   0.4   MM        0.2
  MONTH TO DATE    7.9                       5.6    2.3      0.6
  SINCE DEC 1      7.9                       5.6    2.3      0.6
  SINCE JUL 1     39.5                      22.9   16.6      9.2
  SNOW DEPTH      17

DEGREE DAYS
 HEATING
  TODAY           32                        55    -23       41
  MONTH TO DATE  546                       699   -153      785
  SINCE DEC 1    546                       699   -153      785
  SINCE JUL 1   4334                      4792   -458     4400

 COOLING
  TODAY            0                         0      0        0
  MONTH TO DATE    0                         0      0        0
  SINCE DEC 1      0                         0      0        0
  SINCE JAN 1      4                         3      1        0
..................................................................


WIND (MPH)
  HIGHEST GUST SPEED    27   HIGHEST GUST DIRECTION     E (90)


SKY COVER
  AVERAGE SKY COVER 1.0


WEATHER CONDITIONS
 THE FOLLOWING WEATHER WAS RECORDED TODAY.
  LIGHT RAIN
  SNOW
  LIGHT SNOW
  FOG


RELATIVE HUMIDITY (PERCENT)
 HIGHEST   100
 LOWEST     92
 AVERAGE    96

..........................................................


THE NOME AK CLIMATE NORMALS FOR TOMORROW
                         NORMAL    RECORD    YEAR
 MAXIMUM TEMPERATURE (F)   17        38      1985
 MINIMUM TEMPERATURE (F)    3       -31      1946


SUNRISE AND SUNSET
DECEMBER 13 2017......SUNRISE  1155 AM AKST  SUNSET   358 PM AKST
DECEMBER 14 2017......SUNRISE  1157 AM AKST  SUNSET   357 PM AKST

-  INDICATES NEGATIVE NUMBERS.
R  INDICATES RECORD WAS SET OR TIED.
MM INDICATES DATA IS MISSING.
T  INDICATES TRACE AMOUNT.

&&

SNOW DEPTH IS MEASURED AT 3AM AKST/4AM AKDT.

----------------------------
AVAILABLE DAYLIGHT

AMOUNT OF DAYLIGHT TODAY  (HOUR:MIN)........4:03
GAIN/LOSS SINCE YESTERDAY (HOUR:MIN:SEC)....-0:02:29

NOME TIDAL INFORMATION FOR 14 DECEMBER 2017
0100  +1.7
0719  +0.7
1316  +1.4
1906  +0.6

$$
AY DEC 17
