000
CDAK49 PAOM 250911
CLIOME

CLIMATE REPORT
NATIONAL WEATHER SERVICE NOME, AK
1211 AM AKST THU DEC 25 2014

...................................
...THE NOME WSO AP CLIMATE SUMMARY FOR DECEMBER 24 2014...

CLIMATE NORMAL PERIOD  1981 TO  2010
CLIMATE RECORD PERIOD  1906 TO  2014

WEATHER ITEM   OBSERVED TIME    RECORD YEAR NORMAL DEPARTURE LAST
               VALUE    (LST)   VALUE       VALUE  FROM      YEAR
                                                   NORMAL
...................................................................
TEMPERATURE
YESTERDAY
 MAXIMUM            11  0126 PM    37  1935     16      -5     11
 MINIMUM            -1  1111 PM   -30  1994      0      -1     -5
 AVERAGE             5                           8      -3      3

PRECIPITATION
(INCHES)
 YESTERDAY        0.00           0.74  1906   0.03   -0.03   0.00
 MONTH TO DATE    0.25                        0.83   -0.58   1.98
 SINCE DEC 1      0.25                        0.83   -0.58   1.98
 SINCE JAN 1     13.92                       16.56   -2.64  22.30

SNOWFALL
(INCHES)
 YESTERDAY         0.0            8.0  1915    0.5    -0.5    0.0
 MONTH TO DATE     2.9                        11.1    -8.2   18.1
 SINCE DEC 1       2.9                        11.1    -8.2   18.1
 SINCE JUL 1      20.5                        28.4    -7.9   32.7
 SNOW DEPTH (IN)    10                                         16

DEGREE DAYS
 HEATING
  YESTERDAY         60                          57       3     62
  MONTH TO DATE   1201                        1316    -115   1138
  SINCE JUL 1     4744                        5414    -670   4940

 COOLING
  YESTERDAY          0                           0       0      0
  MONTH TO DATE      0                           0       0      0
  SINCE DEC 1        0                           0       0      0
  SINCE JAN 1        3                           0       3      7
...................................................................

WIND (MPH)
 HIGHEST WIND SPEED    20     HIGHEST WIND DIRECTION    350
 HIGHEST GUST SPEED    22     HIGHEST GUST DIRECTION    350
 AVERAGE WIND SPEED   0.0

SKY COVER
  POSSIBLE SUNSHINE    MM          AVERAGE SKY COVER     MM

WEATHER CONDITIONS
 THE FOLLOWING WEATHER WAS RECORDED YESTERDAY.
  NO SIGNIFICANT WEATHER WAS OBSERVED.

RELATIVE HUMIDITY
 HIGHEST RH     MM PERCENT       MM
 LOWEST  RH     MM PERCENT       MM
 AVERAGE RH     MM PERCENT       MM
...................................................................

THE NOME CLIMATE NORMALS FOR TODAY
                           NORMAL    RECORD   YEAR
 MAXIMUM TEMPERATURE (F)     15        37     1996
 MINIMUM TEMPERATURE (F)      0       -32     1961

SUNRISE AND SUNSET
 DEC 25 2014..........SUNRISE 12:04 PM      SUNSET  4:01 PM
 DEC 26 2014..........SUNRISE 12:04 PM      SUNSET  4:02 PM

-  INDICATES NEGATIVE NUMBERS.
R  INDICATES RECORD HAS BEEN SET OR TIED.
MM INDICATES DATA IS MISSING.
T  INDICATES TRACE OF PRECIPITATION.

&&
-------------------------------------------------------------------

AMOUNT OF DAYLIGHT TODAY  (HOUR:MIN)........3 HOURS 57 MINUTES
GAIN/LOSS SINCE YESTERDAY (HOUR:MIN:SEC)....+0:01:06

TIDE INFORMATION FOR 12/25/2014

LOW 12:18 AM  0.8 FT
HIGH 6:00 AM  1.4 FT
LOW  1:10 PM -0.2 FT
HIGH 8:01 PM  1.4 FT

$$
JAS DEC 14
