000
CDUS46 KOTX 300827
CLIOMK


CLIMATE REPORT
NATIONAL WEATHER SERVICE SPOKANE, WA
127 AM PDT FRI SEP 30 2016


...................................

...THE OMAK WA AIRPORT CLIMATE SUMMARY FOR SEPTEMBER 29 2016...

CLIMATE NORMAL PERIOD 1981 TO 2010
CLIMATE RECORD PERIOD 9999 TO 9999


WEATHER ITEM   OBSERVED TIME   RECORD YEAR NORMAL DEPARTURE LAST
                VALUE   (LST)  VALUE       VALUE  FROM      YEAR
                                                  NORMAL
..................................................................
TEMPERATURE (F)
 YESTERDAY
  MAXIMUM         78    331 PM  86    1932  72      6       76
  MINIMUM         52    611 AM  25    1945  42     10       45
  AVERAGE         65                        57      8       61

PRECIPITATION (IN)
  YESTERDAY        0.00                      0.03  -0.03     0.00
  MONTH TO DATE    T                         0.56  -0.56      T
  SINCE OCT 1     14.83                     14.73   0.10    11.62
  SINCE JAN 1      9.47                      9.84  -0.37     5.05

SNOWFALL (IN)
  YESTERDAY       MM

DEGREE DAYS
 HEATING
  YESTERDAY        0                         8     -8        4
  MONTH TO DATE  104                       122    -18      125
  SINCE SEP 1    104                       122    -18      125
  SINCE JUL 1    112                       153    -41      128

 COOLING
  YESTERDAY        0                         0      0        0
  MONTH TO DATE   11                        57    -46       47
  SINCE SEP 1     11                        57    -46       47
  SINCE JAN 1    637                       663    -26      998
..................................................................


WIND (MPH)
  HIGHEST WIND SPEED    21   HIGHEST WIND DIRECTION     N (360)
  HIGHEST GUST SPEED    25   HIGHEST GUST DIRECTION    NW (330)
  AVERAGE WIND SPEED    11.2


SKY COVER
  POSSIBLE SUNSHINE  MM
  AVERAGE SKY COVER 0.0


WEATHER CONDITIONS
 THE FOLLOWING WEATHER WAS RECORDED YESTERDAY.
  NO SIGNIFICANT WEATHER WAS OBSERVED.


RELATIVE HUMIDITY (PERCENT)
 HIGHEST    55           800 AM
 LOWEST     25           200 PM
 AVERAGE    40

..........................................................


THE OMAK WA AIRPORT CLIMATE NORMALS FOR TODAY
                         NORMAL    RECORD    YEAR
 MAXIMUM TEMPERATURE (F)   71        85      1993
 MINIMUM TEMPERATURE (F)   42        28      1933


SUNRISE AND SUNSET
SEPTEMBER 30 2016.....SUNRISE   657 AM PDT   SUNSET   638 PM PDT
OCTOBER  1 2016.......SUNRISE   658 AM PDT   SUNSET   636 PM PDT


-  INDICATES NEGATIVE NUMBERS.
R  INDICATES RECORD WAS SET OR TIED.
MM INDICATES DATA IS MISSING.
T  INDICATES TRACE AMOUNT.




$$
