000
CDUS46 KOTX 310824
CLIOMK


CLIMATE REPORT
NATIONAL WEATHER SERVICE SPOKANE, WA
122 AM PDT FRI JUL 31 2015


...................................

...THE OMAK WA AIRPORT CLIMATE SUMMARY FOR JULY 30 2015...

CLIMATE NORMAL PERIOD 1981 TO 2010
CLIMATE RECORD PERIOD 9999 TO 9999


WEATHER ITEM   OBSERVED TIME   RECORD YEAR NORMAL DEPARTURE LAST
                VALUE   (LST)  VALUE       VALUE  FROM      YEAR
                                                  NORMAL
..................................................................
TEMPERATURE (F)
 YESTERDAY
  MAXIMUM        100    313 PM 104    2014  91      9      104
                                      2003
  MINIMUM         57    339 AM  43    1970  59     -2       67
  AVERAGE         79                        75      4       86

PRECIPITATION (IN)
  YESTERDAY        0.00          0.80 1997   0.02  -0.02     0.00
  MONTH TO DATE    0.26                      0.79  -0.53     0.17
  SINCE OCT 1     11.45                     13.66  -2.21     6.56
  SINCE JAN 1      4.88                      8.77  -3.89     5.39

SNOWFALL (IN)
  YESTERDAY       MM

DEGREE DAYS
 HEATING
  YESTERDAY        0                         0      0        0
  MONTH TO DATE    0                        11    -11        2
  SINCE JUN 1     15                        80    -65       40
  SINCE JUL 1      0                        11    -11        2

 COOLING
  YESTERDAY       14                        10      4       21
  MONTH TO DATE  348                       243    105      396
  SINCE JUN 1    613                       327    286      461
  SINCE JAN 1    659                       350    309      475
..................................................................


WIND (MPH)
  HIGHEST WIND SPEED    15   HIGHEST WIND DIRECTION    SW (220)
  HIGHEST GUST SPEED    20   HIGHEST GUST DIRECTION    SW (220)
  AVERAGE WIND SPEED     8.2


SKY COVER
  POSSIBLE SUNSHINE  MM
  AVERAGE SKY COVER 0.0


WEATHER CONDITIONS
 THE FOLLOWING WEATHER WAS RECORDED YESTERDAY.
  NO SIGNIFICANT WEATHER WAS OBSERVED.


RELATIVE HUMIDITY (PERCENT)
 HIGHEST    44           500 AM
 LOWEST      9           400 PM
 AVERAGE    27

..........................................................


THE OMAK WA AIRPORT CLIMATE NORMALS FOR TODAY
                         NORMAL    RECORD    YEAR
 MAXIMUM TEMPERATURE (F)   91       104      2003
 MINIMUM TEMPERATURE (F)   59        43      2006
                                             1964


SUNRISE AND SUNSET
JULY 31 2015..........SUNRISE   531 AM PDT   SUNSET   837 PM PDT
AUGUST  1 2015........SUNRISE   533 AM PDT   SUNSET   835 PM PDT


-  INDICATES NEGATIVE NUMBERS.
R  INDICATES RECORD WAS SET OR TIED.
MM INDICATES DATA IS MISSING.
T  INDICATES TRACE AMOUNT.




$$
