000
CDUS46 KOTX 240824
CLIOMK


CLIMATE REPORT
NATIONAL WEATHER SERVICE SPOKANE, WA
121 AM PDT THU APR 24 2014


...................................

...THE OMAK WA AIRPORT CLIMATE SUMMARY FOR APRIL 23 2014...

CLIMATE NORMAL PERIOD 1981 TO 2010
CLIMATE RECORD PERIOD 9999 TO 9999


WEATHER ITEM   OBSERVED TIME   RECORD YEAR NORMAL DEPARTURE LAST
                VALUE   (LST)  VALUE       VALUE  FROM      YEAR
                                                  NORMAL
..................................................................
TEMPERATURE (F)
 YESTERDAY
  MAXIMUM         61    336 PM  96    1934  65     -4       64
  MINIMUM         33    436 AM  25    1972  38     -5       27
  AVERAGE         47                        52     -5       46

PRECIPITATION (IN)
  YESTERDAY        T             0.67 1996   0.03  -0.03     0.00
  MONTH TO DATE    0.62                      0.80  -0.18     0.96
  SINCE OCT 1      4.77                     10.41  -5.64     9.51
  SINCE JAN 1      3.60                      4.96  -1.36     2.52

SNOWFALL (IN)
  YESTERDAY       MM            MM      MM  MM     MM       MM
  MONTH TO DATE   MM                        MM     MM       MM
  SINCE MAR 1     MM                        MM     MM       MM
  SINCE JUL 1     MM                        MM     MM       MM
  SNOW DEPTH      MM

DEGREE DAYS
 HEATING
  YESTERDAY       18                        13      5       19
  MONTH TO DATE  358                       362     -4      385
  SINCE MAR 1   1108                      1091     17     1077
  SINCE JUL 1   6098                      5952    146     5718

 COOLING
  YESTERDAY        0                         0      0        0
  MONTH TO DATE    0                         0      0        0
  SINCE MAR 1      0                         0      0        0
  SINCE JAN 1      0                         0      0        0
..................................................................


WIND (MPH)
  HIGHEST WIND SPEED    23   HIGHEST WIND DIRECTION     S (160)
  HIGHEST GUST SPEED    28   HIGHEST GUST DIRECTION     S (170)
  AVERAGE WIND SPEED     7.1


SKY COVER
  POSSIBLE SUNSHINE  MM
  AVERAGE SKY COVER 0.5


WEATHER CONDITIONS
 THE FOLLOWING WEATHER WAS RECORDED YESTERDAY.
  LIGHT RAIN


RELATIVE HUMIDITY (PERCENT)
 HIGHEST    76           600 AM
 LOWEST     26           500 PM
 AVERAGE    51

..........................................................


THE OMAK WA AIRPORT CLIMATE NORMALS FOR TODAY
                         NORMAL    RECORD    YEAR
 MAXIMUM TEMPERATURE (F)   66        89      1977
 MINIMUM TEMPERATURE (F)   38        19      2002


SUNRISE AND SUNSET
APRIL 24 2014.........SUNRISE   551 AM PDT   SUNSET   802 PM PDT
APRIL 25 2014.........SUNRISE   549 AM PDT   SUNSET   804 PM PDT


-  INDICATES NEGATIVE NUMBERS.
R  INDICATES RECORD WAS SET OR TIED.
MM INDICATES DATA IS MISSING.
T  INDICATES TRACE AMOUNT.




$$
