000
CDUS46 KOTX 170836
CLIOMK


CLIMATE REPORT
NATIONAL WEATHER SERVICE SPOKANE, WA
1235 AM PST SAT FEB 17 2018


...................................

...THE OMAK WA AIRPORT CLIMATE SUMMARY FOR FEBRUARY 16 2018...

CLIMATE NORMAL PERIOD 1981 TO 2010
CLIMATE RECORD PERIOD 9999 TO 9999


WEATHER ITEM   OBSERVED TIME   RECORD YEAR NORMAL DEPARTURE LAST
                VALUE   (LST)  VALUE       VALUE  FROM      YEAR
                                                  NORMAL
..................................................................
TEMPERATURE (F)
 YESTERDAY
  MAXIMUM         49    324 PM  62    1977  41      8       39
  MINIMUM         28    204 AM -10    1956  23      5       34
  AVERAGE         39                        32      7       37

PRECIPITATION (IN)
  YESTERDAY        T                         0.05  -0.05     0.15
  MONTH TO DATE    0.11                      0.80  -0.69     1.39
  SINCE OCT 1      6.69                      7.58  -0.89     9.90
  SINCE JAN 1      3.31                      2.69   0.62     3.42

SNOWFALL (IN)
  YESTERDAY       MM

DEGREE DAYS
 HEATING
  YESTERDAY       26                        33     -7       28
  MONTH TO DATE  501                       551    -50      674
  SINCE DEC 1   2791                      2951   -160     3293
  SINCE JUL 1   4251                      4484   -233     4531

 COOLING
  YESTERDAY        0                         0      0        0
  MONTH TO DATE    0                         0      0        0
  SINCE DEC 1      0                         0      0        0
  SINCE JAN 1      0                         0      0        0
..................................................................


WIND (MPH)
  HIGHEST WIND SPEED    35   HIGHEST WIND DIRECTION     N (10)
  HIGHEST GUST SPEED    43   HIGHEST GUST DIRECTION     N (20)
  AVERAGE WIND SPEED     8.2


SKY COVER
  POSSIBLE SUNSHINE  MM
  AVERAGE SKY COVER 0.5


WEATHER CONDITIONS
 THE FOLLOWING WEATHER WAS RECORDED YESTERDAY.
  NO SIGNIFICANT WEATHER WAS OBSERVED.


RELATIVE HUMIDITY (PERCENT)
 HIGHEST    92          1100 PM
 LOWEST     46           300 PM
 AVERAGE    69

..........................................................


THE OMAK WA AIRPORT CLIMATE NORMALS FOR TODAY
                         NORMAL    RECORD    YEAR
 MAXIMUM TEMPERATURE (F)   41        59      1977
 MINIMUM TEMPERATURE (F)   23        -5      1956


SUNRISE AND SUNSET
FEBRUARY 17 2018......SUNRISE   702 AM PST   SUNSET   523 PM PST
FEBRUARY 18 2018......SUNRISE   700 AM PST   SUNSET   525 PM PST


-  INDICATES NEGATIVE NUMBERS.
R  INDICATES RECORD WAS SET OR TIED.
MM INDICATES DATA IS MISSING.
T  INDICATES TRACE AMOUNT.




$$
