000
CDUS46 KOTX 210823
CLIOMK


CLIMATE REPORT
NATIONAL WEATHER SERVICE SPOKANE, WA
1223 AM PST TUE NOV 21 2017


...................................

...THE OMAK WA AIRPORT CLIMATE SUMMARY FOR NOVEMBER 20 2017...

CLIMATE NORMAL PERIOD 1981 TO 2010
CLIMATE RECORD PERIOD 9999 TO 9999


WEATHER ITEM   OBSERVED TIME   RECORD YEAR NORMAL DEPARTURE LAST
                VALUE   (LST)  VALUE       VALUE  FROM      YEAR
                                                  NORMAL
..................................................................
TEMPERATURE (F)
 YESTERDAY
  MAXIMUM         41    622 PM  58    1962  41      0       43
  MINIMUM         34    755 PM   8    2011  27      7       35
                                      1961
  AVERAGE         38                        34      4       39

PRECIPITATION (IN)
  YESTERDAY        0.16                      0.05   0.11     0.07
  MONTH TO DATE    0.85                      1.01  -0.16     0.82
  SINCE OCT 1      1.96                      2.09  -0.13     4.46
  SINCE JAN 1     12.45                     11.95   0.50    13.93

SNOWFALL (IN)
  YESTERDAY       MM

DEGREE DAYS
 HEATING
  YESTERDAY       27                        31     -4       26
  MONTH TO DATE  527                       541    -14      400
  SINCE SEP 1   1200                      1170     30      984
  SINCE JUL 1   1200                      1201     -1      992

 COOLING
  YESTERDAY        0                         0      0        0
  MONTH TO DATE    0                         0      0        0
  SINCE SEP 1     93                        59     34       11
  SINCE JAN 1    885                       665    220      637
..................................................................


WIND (MPH)
  HIGHEST WIND SPEED    16   HIGHEST WIND DIRECTION     N (350)
  HIGHEST GUST SPEED    20   HIGHEST GUST DIRECTION     N (360)
  AVERAGE WIND SPEED     4.9


SKY COVER
  POSSIBLE SUNSHINE  MM
  AVERAGE SKY COVER 1.0


WEATHER CONDITIONS
 THE FOLLOWING WEATHER WAS RECORDED YESTERDAY.
  RAIN
  LIGHT RAIN
  FOG


RELATIVE HUMIDITY (PERCENT)
 HIGHEST   100           900 AM
 LOWEST     70           100 AM
 AVERAGE    85

..........................................................


THE OMAK WA AIRPORT CLIMATE NORMALS FOR TODAY
                         NORMAL    RECORD    YEAR
 MAXIMUM TEMPERATURE (F)   41        55      1954
 MINIMUM TEMPERATURE (F)   27         1      1977


SUNRISE AND SUNSET
NOVEMBER 21 2017......SUNRISE   715 AM PST   SUNSET   412 PM PST
NOVEMBER 22 2017......SUNRISE   717 AM PST   SUNSET   411 PM PST


-  INDICATES NEGATIVE NUMBERS.
R  INDICATES RECORD WAS SET OR TIED.
MM INDICATES DATA IS MISSING.
T  INDICATES TRACE AMOUNT.




$$
