000
CDUS46 KOTX 250833
CLIOMK


CLIMATE REPORT
NATIONAL WEATHER SERVICE SPOKANE, WA
1231 AM PST SUN JAN 25 2015


...................................

...THE OMAK WA AIRPORT CLIMATE SUMMARY FOR JANUARY 24 2015...

CLIMATE NORMAL PERIOD 1981 TO 2010
CLIMATE RECORD PERIOD 9999 TO 9999


WEATHER ITEM   OBSERVED TIME   RECORD YEAR NORMAL DEPARTURE LAST
                VALUE   (LST)  VALUE       VALUE  FROM      YEAR
                                                  NORMAL
..................................................................
TEMPERATURE (F)
 YESTERDAY
  MAXIMUM         39    120 PM  47    1947  35      4       33
  MINIMUM         32    806 AM -18    1949  22     10       29
  AVERAGE         36                        28      8       31

PRECIPITATION (IN)
  YESTERDAY        T             0.63 1959   0.04  -0.04      T
  MONTH TO DATE    0.73                      1.46  -0.73     0.16
  SINCE OCT 1      7.30                      6.91   0.39     1.33
  SINCE JAN 1      0.73                      1.46  -0.73     0.16

SNOWFALL (IN)
  YESTERDAY       MM

DEGREE DAYS
 HEATING
  YESTERDAY       29                        37     -8       34
  MONTH TO DATE  843                       930    -87      818
  SINCE DEC 1   1894                      2146   -252     2121
  SINCE JUL 1   3291                      3679   -388     3718

 COOLING
  YESTERDAY        0                         0      0        0
  MONTH TO DATE    0                         0      0        0
  SINCE DEC 1      0                         0      0        0
  SINCE JAN 1      0                         0      0        0
..................................................................


WIND (MPH)
  HIGHEST WIND SPEED     9   HIGHEST WIND DIRECTION     S (170)
  HIGHEST GUST SPEED    11   HIGHEST GUST DIRECTION     S (160)
  AVERAGE WIND SPEED     2.5


SKY COVER
  POSSIBLE SUNSHINE  MM
  AVERAGE SKY COVER 1.0


WEATHER CONDITIONS
 THE FOLLOWING WEATHER WAS RECORDED YESTERDAY.
  FOG
  FOG W/VISIBILITY <= 1/4 MILE
  HAZE


RELATIVE HUMIDITY (PERCENT)
 HIGHEST    96           900 AM
 LOWEST     76           300 PM
 AVERAGE    86

..........................................................


THE OMAK WA AIRPORT CLIMATE NORMALS FOR TODAY
                         NORMAL    RECORD    YEAR
 MAXIMUM TEMPERATURE (F)   35        50      2002
 MINIMUM TEMPERATURE (F)   22       -22      1949


SUNRISE AND SUNSET
JANUARY 25 2015.......SUNRISE   736 AM PST   SUNSET   446 PM PST
JANUARY 26 2015.......SUNRISE   735 AM PST   SUNSET   447 PM PST


-  INDICATES NEGATIVE NUMBERS.
R  INDICATES RECORD WAS SET OR TIED.
MM INDICATES DATA IS MISSING.
T  INDICATES TRACE AMOUNT.




$$
