000
CDUS46 KOTX 260825
CLIOMK


CLIMATE REPORT
NATIONAL WEATHER SERVICE SPOKANE, WA
1222 AM PST FRI DEC 26 2014


...................................

...THE OMAK WA AIRPORT CLIMATE SUMMARY FOR DECEMBER 25 2014...

CLIMATE NORMAL PERIOD 1981 TO 2010
CLIMATE RECORD PERIOD 9999 TO 9999


WEATHER ITEM   OBSERVED TIME   RECORD YEAR NORMAL DEPARTURE LAST
                VALUE   (LST)  VALUE       VALUE  FROM      YEAR
                                                  NORMAL
..................................................................
TEMPERATURE (F)
 YESTERDAY
  MAXIMUM         39    122 PM  47    1972  30      9       29
  MINIMUM         22    746 AM -20    1948  18      4       19
  AVERAGE         31                        24      7       24

PRECIPITATION (IN)
  YESTERDAY        0.00        0.44   1968  0.10  -0.10     0.00
  MONTH TO DATE    2.52                     2.00   0.52     0.11
  SINCE OCT 1      6.56                     4.91   1.65     1.17
  SINCE JAN 1     13.57                    14.51  -0.94    10.00

SNOWFALL (IN)
  YESTERDAY       MM

DEGREE DAYS
 HEATING
  YESTERDAY       34                        41     -7       41
  MONTH TO DATE  815                       974   -159     1074
  SINCE DEC 1    815                       974   -159     1074
  SINCE JUL 1   2212                      2507   -295     2671

 COOLING
  YESTERDAY        0                         0      0        0
  MONTH TO DATE    0                         0      0        0
  SINCE DEC 1      0                         0      0        0
  SINCE JAN 1    873                       665    208      814
..................................................................


WIND (MPH)
  HIGHEST WIND SPEED    10   HIGHEST WIND DIRECTION     N (360)
  HIGHEST GUST SPEED    12   HIGHEST GUST DIRECTION     N (360)
  AVERAGE WIND SPEED     2.7


SKY COVER
  POSSIBLE SUNSHINE  MM
  AVERAGE SKY COVER 0.4


WEATHER CONDITIONS
 THE FOLLOWING WEATHER WAS RECORDED YESTERDAY.
  NO SIGNIFICANT WEATHER WAS OBSERVED.


RELATIVE HUMIDITY (PERCENT)
 HIGHEST    92           200 AM
 LOWEST     70          1200 PM
 AVERAGE    81

..........................................................


THE OMAK WA AIRPORT CLIMATE NORMALS FOR TODAY
                         NORMAL    RECORD    YEAR
 MAXIMUM TEMPERATURE (F)   30        50      1972
 MINIMUM TEMPERATURE (F)   18       -20      1948


SUNRISE AND SUNSET
DECEMBER 26 2014......SUNRISE   749 AM PST   SUNSET   408 PM PST
DECEMBER 27 2014......SUNRISE   749 AM PST   SUNSET   409 PM PST


-  INDICATES NEGATIVE NUMBERS.
R  INDICATES RECORD WAS SET OR TIED.
MM INDICATES DATA IS MISSING.
T  INDICATES TRACE AMOUNT.

$$
