000
CDUS46 KOTX 230834
CLIOMK


CLIMATE REPORT
NATIONAL WEATHER SERVICE SPOKANE, WA
134 AM PDT WED JUL 23 2014


...................................

...THE OMAK WA AIRPORT CLIMATE SUMMARY FOR JULY 22 2014...

CLIMATE NORMAL PERIOD 1981 TO 2010
CLIMATE RECORD PERIOD 9999 TO 9999


WEATHER ITEM   OBSERVED TIME   RECORD YEAR NORMAL DEPARTURE LAST
                VALUE   (LST)  VALUE       VALUE  FROM      YEAR
                                                  NORMAL
..................................................................
TEMPERATURE (F)
 YESTERDAY
  MAXIMUM         77    451 PM 108    2006  90    -13       97
  MINIMUM         59    325 AM  40    1945  59      0       62
  AVERAGE         68                        74     -6       80

PRECIPITATION (IN)
  YESTERDAY        0.02          0.53 1955   0.02   0.00     0.00
  MONTH TO DATE    0.10                      0.61  -0.51     0.26
  SINCE OCT 1      6.49                     13.81  -7.32    13.09
  SINCE JAN 1      5.32                      8.36  -3.04     6.10

SNOWFALL (IN)
  YESTERDAY       MM            MM      MM  MM     MM       MM
  MONTH TO DATE   MM                        MM     MM       MM
  SINCE JUN 1     MM                        MM     MM       MM
  SINCE JUL 1     MM                        MM     MM       MM
  SNOW DEPTH      MM

DEGREE DAYS
 HEATING
  YESTERDAY        0                         0      0        0
  MONTH TO DATE    0                        11    -11        0
  SINCE JUN 1     38                        80    -42       67
  SINCE JUL 1      0                        11    -11        0

 COOLING
  YESTERDAY        3                        10     -7       15
  MONTH TO DATE  306                       163    143      230
  SINCE JUN 1    371                       247    124      295
  SINCE JAN 1    385                       270    115      318
..................................................................


WIND (MPH)
  HIGHEST WIND SPEED    13   HIGHEST WIND DIRECTION     N (10)
  HIGHEST GUST SPEED    17   HIGHEST GUST DIRECTION     N (10)
  AVERAGE WIND SPEED     5.8


SKY COVER
  POSSIBLE SUNSHINE  MM
  AVERAGE SKY COVER 0.6


WEATHER CONDITIONS
 THE FOLLOWING WEATHER WAS RECORDED YESTERDAY.
  LIGHT RAIN


RELATIVE HUMIDITY (PERCENT)
 HIGHEST    67           700 AM
 LOWEST     41           500 PM
 AVERAGE    54

..........................................................


THE OMAK WA AIRPORT CLIMATE NORMALS FOR TODAY
                         NORMAL    RECORD    YEAR
 MAXIMUM TEMPERATURE (F)   90       107      2006
 MINIMUM TEMPERATURE (F)   59        44      1964


SUNRISE AND SUNSET
JULY 23 2014..........SUNRISE   521 AM PDT   SUNSET   847 PM PDT
JULY 24 2014..........SUNRISE   523 AM PDT   SUNSET   846 PM PDT


-  INDICATES NEGATIVE NUMBERS.
R  INDICATES RECORD WAS SET OR TIED.
MM INDICATES DATA IS MISSING.
T  INDICATES TRACE AMOUNT.




$$
