000
CDUS46 KOTX 170819
CLIOMK


CLIMATE REPORT
NATIONAL WEATHER SERVICE SPOKANE, WA
119 AM PDT THU AUG 17 2017


...................................

...THE OMAK WA AIRPORT CLIMATE SUMMARY FOR AUGUST 16 2017...

CLIMATE NORMAL PERIOD 1981 TO 2010
CLIMATE RECORD PERIOD 9999 TO 9999


WEATHER ITEM   OBSERVED TIME   RECORD YEAR NORMAL DEPARTURE LAST
                VALUE   (LST)  VALUE       VALUE  FROM      YEAR
                                                  NORMAL
..................................................................
TEMPERATURE (F)
 YESTERDAY
  MAXIMUM         93        MM 105    2008  88      5       98
  MINIMUM         55        MM  40    1937  57     -2       61
  AVERAGE         74                        73      1       80

PRECIPITATION (IN)
  YESTERDAY        0.00                      0.02  -0.02     0.00
  MONTH TO DATE    T                         0.27  -0.27      T
  SINCE OCT 1     16.87                     13.95   2.92    14.83
  SINCE JAN 1     10.39                      9.06   1.33     9.47

SNOWFALL (IN)
  YESTERDAY       MM

DEGREE DAYS
 HEATING
  YESTERDAY        0                         0      0        0
  MONTH TO DATE    0                         0      0        3
  SINCE JUN 1     58                        84    -26       93
  SINCE JUL 1      0                        15    -15        8

 COOLING
  YESTERDAY        9                         8      1       15
  MONTH TO DATE  214                       150     64      136
  SINCE JUN 1    640                       488    152      485
  SINCE JAN 1    671                       511    160      510
..................................................................


WIND (MPH)
  HIGHEST WIND SPEED    15   HIGHEST WIND DIRECTION    SW (220)
  HIGHEST GUST SPEED    24   HIGHEST GUST DIRECTION    SW (220)
  AVERAGE WIND SPEED     8.9


SKY COVER
  POSSIBLE SUNSHINE  MM
  AVERAGE SKY COVER 0.1


WEATHER CONDITIONS
 THE FOLLOWING WEATHER WAS RECORDED YESTERDAY.
  NO SIGNIFICANT WEATHER WAS OBSERVED.


RELATIVE HUMIDITY (PERCENT)
 HIGHEST    51           300 AM
 LOWEST     14           500 PM
 AVERAGE    33

..........................................................


THE OMAK WA AIRPORT CLIMATE NORMALS FOR TODAY
                         NORMAL    RECORD    YEAR
 MAXIMUM TEMPERATURE (F)   88       106      2008
 MINIMUM TEMPERATURE (F)   57        42      1969


SUNRISE AND SUNSET
AUGUST 17 2017........SUNRISE   555 AM PDT   SUNSET   808 PM PDT
AUGUST 18 2017........SUNRISE   556 AM PDT   SUNSET   806 PM PDT


-  INDICATES NEGATIVE NUMBERS.
R  INDICATES RECORD WAS SET OR TIED.
MM INDICATES DATA IS MISSING.
T  INDICATES TRACE AMOUNT.




$$
