000
CDUS45 KBOI 190943
CLIONO


CLIMATE REPORT
NATIONAL WEATHER SERVICE BOISE ID
242 AM MST MON FEB 19 2018


...................................

...THE ONTARIO OR CLIMATE SUMMARY FOR FEBRUARY 18 2018...

CLIMATE NORMAL PERIOD 1981 TO 2010
CLIMATE RECORD PERIOD 1948 TO 2018


WEATHER ITEM   OBSERVED TIME   RECORD YEAR NORMAL DEPARTURE LAST
                VALUE   (LST)  VALUE       VALUE  FROM      YEAR
                                                  NORMAL
..................................................................
TEMPERATURE (F)
 YESTERDAY
  MAXIMUM         45   1237 AM  61    1965  45      0       41
                                      1948
  MINIMUM         25   1053 PM  -1    1952  24      1       32
  AVERAGE         35                        34      1       37

PRECIPITATION (IN)
  YESTERDAY        T             0.41 2017   0.02  -0.02     0.41
  MONTH TO DATE    0.06                      0.49  -0.43     1.27
  SINCE OCT 1      3.88                      5.08  -1.20     7.90
  SINCE JAN 1      1.17                      1.67  -0.50     4.58

DEGREE DAYS
 HEATING
  YESTERDAY       30                        31     -1       28
  MONTH TO DATE  452                       599   -147      602
  SINCE DEC 1   2480                      2914   -434     3466
  SINCE JUL 1   3825                      4342   -517     4557

 COOLING
  YESTERDAY        0                         0      0        0
  MONTH TO DATE    0                         0      0        0
  SINCE DEC 1      0                         0      0        0
  SINCE JAN 1      0                         0      0        0
..................................................................


WIND (MPH)
  HIGHEST WIND SPEED    33   HIGHEST WIND DIRECTION    NW (300)
  HIGHEST GUST SPEED    40   HIGHEST GUST DIRECTION     W (290)
  AVERAGE WIND SPEED     6.7


SKY COVER
  AVERAGE SKY COVER 0.3


WEATHER CONDITIONS
 THE FOLLOWING WEATHER WAS RECORDED YESTERDAY.
  SNOW
  LIGHT SNOW
  FOG
  HAZE


RELATIVE HUMIDITY (PERCENT)
 HIGHEST    85           800 AM
 LOWEST     40           500 PM
 AVERAGE    63

..........................................................


THE ONTARIO OR CLIMATE NORMALS FOR TODAY
                         NORMAL    RECORD    YEAR
 MAXIMUM TEMPERATURE (F)   45        62      1996
                                             1958
 MINIMUM TEMPERATURE (F)   24         8      2006


SUNRISE AND SUNSET
FEBRUARY 19 2018......SUNRISE   741 AM MST   SUNSET   623 PM MST
FEBRUARY 20 2018......SUNRISE   739 AM MST   SUNSET   625 PM MST


-  INDICATES NEGATIVE NUMBERS.
R  INDICATES RECORD WAS SET OR TIED.
MM INDICATES DATA IS MISSING.
T  INDICATES TRACE AMOUNT.




$$
