000
CDUS45 KBOI 170930
CLIONO


CLIMATE REPORT
NATIONAL WEATHER SERVICE BOISE ID
330 AM MDT THU AUG 17 2017


...................................

...THE ONTARIO OR CLIMATE SUMMARY FOR AUGUST 16 2017...

CLIMATE NORMAL PERIOD 1981 TO 2010
CLIMATE RECORD PERIOD 1948 TO 2017


WEATHER ITEM   OBSERVED TIME   RECORD YEAR NORMAL DEPARTURE LAST
                VALUE   (LST)  VALUE       VALUE  FROM      YEAR
                                                  NORMAL
..................................................................
TEMPERATURE (F)
 YESTERDAY
  MAXIMUM         90    511 PM 108    1967  92     -2      100
  MINIMUM         60    602 AM  41    1976  55      5       63
                                      1970
  AVERAGE         75                        74      1       82

PRECIPITATION (IN)
  YESTERDAY        0.00          0.14 1984   0.00   0.00     0.00
  MONTH TO DATE    0.02                      0.08  -0.06     0.01
  SINCE OCT 1     12.81                      9.55   3.26     7.32
  SINCE JAN 1      9.49                      6.14   3.35     2.57

DEGREE DAYS
 HEATING
  YESTERDAY        0                         0      0        0
  MONTH TO DATE    0                         0      0        0
  SINCE JUN 1     28                        57    -29       35
  SINCE JUL 1      0                         5     -5        9

 COOLING
  YESTERDAY       10                         9      1       17
  MONTH TO DATE  207                       170     37      161
  SINCE JUN 1    896                       657    239      746
  SINCE JAN 1    936                       693    243      785
..................................................................


WIND (MPH)
  HIGHEST WIND SPEED    15   HIGHEST WIND DIRECTION    NW (320)
  HIGHEST GUST SPEED    21   HIGHEST GUST DIRECTION    NW (320)
  AVERAGE WIND SPEED     4.6


SKY COVER
  AVERAGE SKY COVER 0.0


WEATHER CONDITIONS
 THE FOLLOWING WEATHER WAS RECORDED YESTERDAY.
  NO SIGNIFICANT WEATHER WAS OBSERVED.


RELATIVE HUMIDITY (PERCENT)
 HIGHEST    46           600 AM
 LOWEST     17           300 PM
 AVERAGE    32

..........................................................


THE ONTARIO OR CLIMATE NORMALS FOR TODAY
                         NORMAL    RECORD    YEAR
 MAXIMUM TEMPERATURE (F)   92       108      1967
 MINIMUM TEMPERATURE (F)   55        41      1978
                                             1976


SUNRISE AND SUNSET
AUGUST 17 2017........SUNRISE   655 AM MDT   SUNSET   849 PM MDT
AUGUST 18 2017........SUNRISE   656 AM MDT   SUNSET   847 PM MDT


-  INDICATES NEGATIVE NUMBERS.
R  INDICATES RECORD WAS SET OR TIED.
MM INDICATES DATA IS MISSING.
T  INDICATES TRACE AMOUNT.




$$
