000
CDUS45 KBOI 270932
CLIONO


CLIMATE REPORT
NATIONAL WEATHER SERVICE BOISE ID
331 AM MDT SAT AUG 27 2016


...................................

...THE ONTARIO OR CLIMATE SUMMARY FOR AUGUST 26 2016...

CLIMATE NORMAL PERIOD 1981 TO 2010
CLIMATE RECORD PERIOD 1948 TO 2016


WEATHER ITEM   OBSERVED TIME   RECORD YEAR NORMAL DEPARTURE LAST
                VALUE   (LST)  VALUE       VALUE  FROM      YEAR
                                                  NORMAL
..................................................................
TEMPERATURE (F)
 YESTERDAY
  MAXIMUM         89    358 PM 101    1988  89      0       95
  MINIMUM         57   1158 PM  36    1993  52      5       52
  AVERAGE         73                        70      3       74

PRECIPITATION (IN)
  YESTERDAY        0.00          0.19 1966   0.00   0.00     0.00
  MONTH TO DATE    0.01                      0.14  -0.13     0.01
  SINCE OCT 1      7.32                      9.61  -2.29     9.24
  SINCE JAN 1      2.57                      6.20  -3.63     4.78

DEGREE DAYS
 HEATING
  YESTERDAY        0                         1     -1        0
  MONTH TO DATE    0                         2     -2        0
  SINCE JUN 1     35                        59    -24        3
  SINCE JUL 1      9                         7      2        2

 COOLING
  YESTERDAY        8                         6      2        9
  MONTH TO DATE  274                       243     31      308
  SINCE JUN 1    859                       730    129     1038
  SINCE JAN 1    898                       766    132     1071
..................................................................


WIND (MPH)
  HIGHEST WIND SPEED    12   HIGHEST WIND DIRECTION    SW (240)
  HIGHEST GUST SPEED    14   HIGHEST GUST DIRECTION     W (250)
  AVERAGE WIND SPEED     3.6


SKY COVER
  AVERAGE SKY COVER 0.0


WEATHER CONDITIONS
 THE FOLLOWING WEATHER WAS RECORDED YESTERDAY.
  NO SIGNIFICANT WEATHER WAS OBSERVED.


RELATIVE HUMIDITY (PERCENT)
 HIGHEST    49           300 AM
 LOWEST     15           400 PM
 AVERAGE    32

..........................................................


THE ONTARIO OR CLIMATE NORMALS FOR TODAY
                         NORMAL    RECORD    YEAR
 MAXIMUM TEMPERATURE (F)   89       101      1974
 MINIMUM TEMPERATURE (F)   52        38      1993


SUNRISE AND SUNSET
AUGUST 27 2016........SUNRISE   706 AM MDT   SUNSET   832 PM MDT
AUGUST 28 2016........SUNRISE   707 AM MDT   SUNSET   830 PM MDT


-  INDICATES NEGATIVE NUMBERS.
R  INDICATES RECORD WAS SET OR TIED.
MM INDICATES DATA IS MISSING.
T  INDICATES TRACE AMOUNT.




$$
