000
CDUS45 KBOI 250933
CLIONO


CLIMATE REPORT
NATIONAL WEATHER SERVICE BOISE ID
332 AM MDT WED MAY 25 2016


...................................

...THE ONTARIO OR CLIMATE SUMMARY FOR MAY 24 2016...

CLIMATE NORMAL PERIOD 1981 TO 2010
CLIMATE RECORD PERIOD 1948 TO 2016


WEATHER ITEM   OBSERVED TIME   RECORD YEAR NORMAL DEPARTURE LAST
                VALUE   (LST)  VALUE       VALUE  FROM      YEAR
                                                  NORMAL
..................................................................
TEMPERATURE (F)
 YESTERDAY
  MAXIMUM         75    530 PM  94    2001  77     -2       84
  MINIMUM         45    538 AM  32    1989  47     -2       52
  AVERAGE         60                        62     -2       68

PRECIPITATION (IN)
  YESTERDAY        0.00          0.48 1962   0.04  -0.04     0.00
  MONTH TO DATE    0.30                      0.98  -0.68     1.59
  SINCE OCT 1      6.98                      8.18  -1.20     8.45
  SINCE JAN 1      2.23                      4.77  -2.54     3.99

DEGREE DAYS
 HEATING
  YESTERDAY        5                         5      0        0
  MONTH TO DATE  101                       180    -79       86
  SINCE MAR 1    907                      1291   -384      996
  SINCE JUL 1   4897                      5921  -1024     4790

 COOLING
  YESTERDAY        0                         2     -2        3
  MONTH TO DATE   30                        21      9        9
  SINCE MAR 1     30                        22      8        9
  SINCE JAN 1     30                        22      8        9
..................................................................


WIND (MPH)
  HIGHEST WIND SPEED    18   HIGHEST WIND DIRECTION    NW (310)
  HIGHEST GUST SPEED    23   HIGHEST GUST DIRECTION     W (290)
  AVERAGE WIND SPEED     5.9


SKY COVER
  AVERAGE SKY COVER 0.3


WEATHER CONDITIONS
 THE FOLLOWING WEATHER WAS RECORDED YESTERDAY.
  NO SIGNIFICANT WEATHER WAS OBSERVED.


RELATIVE HUMIDITY (PERCENT)
 HIGHEST    76           500 AM
 LOWEST     22           400 PM
 AVERAGE    49

..........................................................


THE ONTARIO OR CLIMATE NORMALS FOR TODAY
                         NORMAL    RECORD    YEAR
 MAXIMUM TEMPERATURE (F)   77        97      2001
 MINIMUM TEMPERATURE (F)   47        25      1975


SUNRISE AND SUNSET
MAY 25 2016...........SUNRISE   612 AM MDT   SUNSET   918 PM MDT
MAY 26 2016...........SUNRISE   612 AM MDT   SUNSET   919 PM MDT


-  INDICATES NEGATIVE NUMBERS.
R  INDICATES RECORD WAS SET OR TIED.
MM INDICATES DATA IS MISSING.
T  INDICATES TRACE AMOUNT.




$$
