000
CDUS46 KSGX 250015
CLIONT


CLIMATE REPORT
NATIONAL WEATHER SERVICE SAN DIEGO, CA
515 PM PDT FRI OCT 24 2014


...................................

...THE ONTARIO INTL AIRPORT CA CLIMATE SUMMARY FOR OCTOBER 24 2014...
VALID TODAY AS OF 0500 PM LOCAL TIME.

CLIMATE NORMAL PERIOD 1981 TO 2010
CLIMATE RECORD PERIOD 1998 TO 2014


WEATHER ITEM   OBSERVED TIME   RECORD YEAR NORMAL DEPARTURE LAST
                VALUE   (LST)  VALUE       VALUE  FROM      YEAR
                                                  NORMAL
..................................................................
TEMPERATURE (F)
 TODAY
  MAXIMUM         93    126 PM  96    2007  79     14       69
  MINIMUM         58    420 AM  50    2004  53      5       56
  AVERAGE         76                        66     10       63

PRECIPITATION (IN)
  TODAY            0.00          0.01 2010   0.03  -0.03     0.00
  MONTH TO DATE    0.00                      0.41  -0.41     0.09
  SINCE JUL 1      0.25                      0.90  -0.65     0.13
  SINCE JAN 1      3.74                     11.28  -7.54     2.92

SNOWFALL (IN)
  TODAY            0.0
  MONTH TO DATE    0.0
  SINCE JAN 1      0.0
  SINCE JUL 1      0.0
  SNOW DEPTH       0

DEGREE DAYS
 HEATING
  TODAY            0                         2     -2        2
  MONTH TO DATE    0                        25    -25       22
  SINCE SEP 1      0                        28    -28       22
  SINCE JUL 1      0                        28    -28       22

 COOLING
  TODAY           11                         3      8        0
  MONTH TO DATE  224                       114    110       95
  SINCE SEP 1    698                       442    256      491
  SINCE JAN 1   2317                      1665    652     1964
..................................................................


WIND (MPH)
  RESULTANT WIND SPEED   2   RESULTANT WIND DIRECTION   W (260)
  HIGHEST WIND SPEED    17   HIGHEST WIND DIRECTION    SW (230)
  HIGHEST GUST SPEED    22   HIGHEST GUST DIRECTION    SW (240)
  AVERAGE WIND SPEED     4.9


SKY COVER
  POSSIBLE SUNSHINE  MM
  AVERAGE SKY COVER 0.0


WEATHER CONDITIONS
 THE FOLLOWING WEATHER WAS RECORDED TODAY.
  NO SIGNIFICANT WEATHER WAS OBSERVED.


RELATIVE HUMIDITY (PERCENT)
 HIGHEST    51           400 AM
 LOWEST     11           100 PM
 AVERAGE    31

..........................................................


THE ONTARIO INTL AIRPORT CA CLIMATE NORMALS FOR TOMORROW
                         NORMAL    RECORD    YEAR
 MAXIMUM TEMPERATURE (F)   79        93      2008
 MINIMUM TEMPERATURE (F)   53        51      2012
                                             1998


SUNRISE AND SUNSET
OCTOBER 24 2014.......SUNRISE   703 AM PDT   SUNSET   606 PM PDT
OCTOBER 25 2014.......SUNRISE   704 AM PDT   SUNSET   605 PM PDT


-  INDICATES NEGATIVE NUMBERS.
R  INDICATES RECORD WAS SET OR TIED.
MM INDICATES DATA IS MISSING.
T  INDICATES TRACE AMOUNT.




$$
