000
CDUS46 KSGX 010022
CLIONT


CLIMATE REPORT
NATIONAL WEATHER SERVICE SAN DIEGO, CA
522 PM PDT FRI OCT 31 2014


...................................

...THE ONTARIO INTL AIRPORT CA CLIMATE SUMMARY FOR OCTOBER 31 2014...
VALID TODAY AS OF 0500 PM LOCAL TIME.

CLIMATE NORMAL PERIOD 1981 TO 2010
CLIMATE RECORD PERIOD 1998 TO 2014


WEATHER ITEM   OBSERVED TIME   RECORD YEAR NORMAL DEPARTURE LAST
                VALUE   (LST)  VALUE       VALUE  FROM      YEAR
                                                  NORMAL
..................................................................
TEMPERATURE (F)
 TODAY
  MAXIMUM         73    112 PM  91    1999  77     -4       81
  MINIMUM         57    503 AM  45    2004  51      6       47
  AVERAGE         65                        64      1       64

PRECIPITATION (IN)
  TODAY            0.00          0.01 2003   0.03  -0.03     0.00
  MONTH TO DATE    0.00                      0.64  -0.64     0.20
  SINCE JUL 1      0.25                      1.13  -0.88     0.24
  SINCE JAN 1      3.74                     11.51  -7.77     3.03

SNOWFALL (IN)
  TODAY            0.0
  MONTH TO DATE    0.0
  SINCE JAN 1      0.0
  SINCE JUL 1      0.0
  SNOW DEPTH       0

DEGREE DAYS
 HEATING
  TODAY            0                         3     -3        1
  MONTH TO DATE    0                        43    -43       43
  SINCE SEP 1      0                        45    -45       43
  SINCE JUL 1      0                        45    -45       43

 COOLING
  TODAY            0                         2     -2        0
  MONTH TO DATE  261                       132    129      103
  SINCE SEP 1    735                       460    275      499
  SINCE JAN 1   2354                      1683    671     1972
..................................................................


WIND (MPH)
  RESULTANT WIND SPEED   1   RESULTANT WIND DIRECTION  SW (240)
  HIGHEST WIND SPEED    15   HIGHEST WIND DIRECTION    SW (230)
  HIGHEST GUST SPEED    20   HIGHEST GUST DIRECTION    SW (220)
  AVERAGE WIND SPEED     3.2


SKY COVER
  POSSIBLE SUNSHINE  MM
  AVERAGE SKY COVER 0.8


WEATHER CONDITIONS
 THE FOLLOWING WEATHER WAS RECORDED TODAY.
  FOG
  HAZE


RELATIVE HUMIDITY (PERCENT)
 HIGHEST    87           600 AM
 LOWEST     49           100 PM
 AVERAGE    68

..........................................................


THE ONTARIO INTL AIRPORT CA CLIMATE NORMALS FOR TOMORROW
                         NORMAL    RECORD    YEAR
 MAXIMUM TEMPERATURE (F)   77        89      2005
 MINIMUM TEMPERATURE (F)   51        44      2000


SUNRISE AND SUNSET
OCTOBER 31 2014.......SUNRISE   709 AM PDT   SUNSET   558 PM PDT
NOVEMBER  1 2014......SUNRISE   710 AM PDT   SUNSET   558 PM PDT


-  INDICATES NEGATIVE NUMBERS.
R  INDICATES RECORD WAS SET OR TIED.
MM INDICATES DATA IS MISSING.
T  INDICATES TRACE AMOUNT.




$$
