000
CDUS41 KAKQ 240545
CLIORF


CLIMATE REPORT
NATIONAL WEATHER SERVICE WAKEFIELD, VA
145 AM EDT TUE OCT 24 2017


...................................

...THE NORFOLK VA CLIMATE SUMMARY FOR OCTOBER 23 2017...

CLIMATE NORMAL PERIOD 1981 TO 2010
CLIMATE RECORD PERIOD 1871 TO 2017


WEATHER ITEM   OBSERVED TIME   RECORD YEAR NORMAL DEPARTURE LAST
                VALUE   (LST)  VALUE       VALUE  FROM      YEAR
                                                  NORMAL
..................................................................
TEMPERATURE (F)
 YESTERDAY
  MAXIMUM         81   1238 PM  87    2007  68     13       68
  MINIMUM         62    232 AM  34    1987  51     11       46
  AVERAGE         72                        60     12       57

PRECIPITATION (IN)
  YESTERDAY        T             2.68 1878   0.10  -0.10     0.00
  MONTH TO DATE    2.89                      2.54   0.35     9.42
  SINCE SEP 1      4.88                      7.30  -2.42    22.96
  SINCE JAN 1     43.42                     39.24   4.18    65.33

SNOWFALL (IN)
  YESTERDAY        0.0           0.0  2002   0.0    0.0
                                      2001
  MONTH TO DATE    0.0                       0.0    0.0
  SINCE NOV 1      5.4                       5.8   -0.4
  SINCE JUL 1      0.0                       0.0    0.0
  SNOW DEPTH       0

DEGREE DAYS
 HEATING
  YESTERDAY        0                         6     -6        8
  MONTH TO DATE   23                        87    -64       42
  SINCE SEP 1     23                        98    -75       42
  SINCE JUL 1     23                        98    -75       42

 COOLING
  YESTERDAY        7                         1      6        0
  MONTH TO DATE  130                        48     82       99
  SINCE SEP 1    397                       278    119      430
  SINCE JAN 1   2089                      1613    476     1982
..................................................................


WIND (MPH)
  HIGHEST WIND SPEED    24   HIGHEST WIND DIRECTION     S (170)
  HIGHEST GUST SPEED    36   HIGHEST GUST DIRECTION     S (170)
  AVERAGE WIND SPEED     9.9


SKY COVER
  POSSIBLE SUNSHINE  MM
  AVERAGE SKY COVER 0.3


WEATHER CONDITIONS
 THE FOLLOWING WEATHER WAS RECORDED YESTERDAY.
  LIGHT RAIN
  FOG
  FOG W/VISIBILITY <= 1/4 MILE


RELATIVE HUMIDITY (PERCENT)
 HIGHEST   100           200 AM
 LOWEST     51           100 PM
 AVERAGE    76

..........................................................


THE NORFOLK VA CLIMATE NORMALS FOR TODAY
                         NORMAL    RECORD    YEAR
 MAXIMUM TEMPERATURE (F)   68        86      2007
                                             2001
 MINIMUM TEMPERATURE (F)   51        36      1969


SUNRISE AND SUNSET
OCTOBER 24 2017.......SUNRISE   721 AM EDT   SUNSET   616 PM EDT
OCTOBER 25 2017.......SUNRISE   722 AM EDT   SUNSET   615 PM EDT


-  INDICATES NEGATIVE NUMBERS.
R  INDICATES RECORD WAS SET OR TIED.
MM INDICATES DATA IS MISSING.
T  INDICATES TRACE AMOUNT.




$$
