000
CDUS41 KAKQ 220635
CLIORF


CLIMATE REPORT
NATIONAL WEATHER SERVICE WAKEFIELD, VA
134 AM EST SUN JAN 22 2017


...................................

...THE NORFOLK VA CLIMATE SUMMARY FOR JANUARY 21 2017...

CLIMATE NORMAL PERIOD 1981 TO 2010
CLIMATE RECORD PERIOD 1871 TO 2017


WEATHER ITEM   OBSERVED TIME   RECORD YEAR NORMAL DEPARTURE LAST
                VALUE   (LST)  VALUE       VALUE  FROM      YEAR
                                                  NORMAL
..................................................................
TEMPERATURE (F)
 YESTERDAY
  MAXIMUM         55    400 PM  74    1935  48      7       37
  MINIMUM         46    403 AM  -3    1985  33     13       29
  AVERAGE         51                        40     11       33

PRECIPITATION (IN)
  YESTERDAY        0.44          1.25 1979   0.11   0.33     0.00
  MONTH TO DATE    3.87                      2.31   1.56     1.70
  SINCE DEC 1      6.41                      5.57   0.84     5.07
  SINCE JAN 1      3.87                      2.31   1.56     1.70

SNOWFALL (IN)
  YESTERDAY        0.0           2.0  2014   0.1   -0.1
  MONTH TO DATE    5.3                       1.7    3.6
  SINCE NOV 1      5.3                       2.9    2.4
  SINCE JUL 1      5.3                       2.9    2.4
  SNOW DEPTH       0

DEGREE DAYS
 HEATING
  YESTERDAY       14                        25    -11       32
  MONTH TO DATE  432                       520    -88      504
  SINCE DEC 1   1039                      1169   -130      759
  SINCE JUL 1   1502                      1699   -197     1098

 COOLING
  YESTERDAY        0                         0      0        0
  MONTH TO DATE    0                         0      0        0
  SINCE DEC 1      0                         1     -1       29
  SINCE JAN 1      0                         0      0        0
..................................................................


WIND (MPH)
  HIGHEST WIND SPEED     9   HIGHEST WIND DIRECTION    NE (40)
  HIGHEST GUST SPEED    14   HIGHEST GUST DIRECTION    SE (150)
  AVERAGE WIND SPEED     3.8


SKY COVER
  POSSIBLE SUNSHINE  MM
  AVERAGE SKY COVER 1.0


WEATHER CONDITIONS
 THE FOLLOWING WEATHER WAS RECORDED YESTERDAY.
  HEAVY RAIN
  RAIN
  LIGHT RAIN
  FOG


RELATIVE HUMIDITY (PERCENT)
 HIGHEST   100           100 AM
 LOWEST     83           400 PM
 AVERAGE    92

..........................................................


THE NORFOLK VA CLIMATE NORMALS FOR TODAY
                         NORMAL    RECORD    YEAR
 MAXIMUM TEMPERATURE (F)   48        77      1937
 MINIMUM TEMPERATURE (F)   33        12      1893


SUNRISE AND SUNSET
JANUARY 22 2017.......SUNRISE   714 AM EST   SUNSET   520 PM EST
JANUARY 23 2017.......SUNRISE   713 AM EST   SUNSET   521 PM EST


-  INDICATES NEGATIVE NUMBERS.
R  INDICATES RECORD WAS SET OR TIED.
MM INDICATES DATA IS MISSING.
T  INDICATES TRACE AMOUNT.




$$
