000
CDUS41 KAKQ 200628
CLIORF


CLIMATE REPORT
NATIONAL WEATHER SERVICE WAKEFIELD, VA
127 AM EST SAT JAN 20 2018


...................................

...THE NORFOLK VA CLIMATE SUMMARY FOR JANUARY 19 2018...

CLIMATE NORMAL PERIOD 1981 TO 2010
CLIMATE RECORD PERIOD 1871 TO 2018


WEATHER ITEM   OBSERVED TIME   RECORD YEAR NORMAL DEPARTURE LAST
                VALUE   (LST)  VALUE       VALUE  FROM      YEAR
                                                  NORMAL
..................................................................
TEMPERATURE (F)
 YESTERDAY
  MAXIMUM         55    339 PM  73    1907  48      7       51
  MINIMUM         24    522 AM   5    1994  33     -9       40
  AVERAGE         40                        40      0       46

PRECIPITATION (IN)
  YESTERDAY        0.00          2.34 1987   0.10  -0.10     0.00
  MONTH TO DATE    1.82                      2.09  -0.27     3.23
  SINCE DEC 1      4.22                      5.35  -1.13     5.77
  SINCE JAN 1      1.82                      2.09  -0.27     3.23

SNOWFALL (IN)
  YESTERDAY        0.0           9.8  1893   0.1   -0.1
  MONTH TO DATE   12.8                       1.6   11.2
  SINCE NOV 1     12.8                       2.8   10.0
  SINCE JUL 1     12.8                       2.8   10.0
  SNOW DEPTH       1

DEGREE DAYS
 HEATING
  YESTERDAY       25                        25      0       19
  MONTH TO DATE  622                       470    152      400
  SINCE DEC 1   1296                      1119    177     1007
  SINCE JUL 1   1722                      1649     73     1470

 COOLING
  YESTERDAY        0                         0      0        0
  MONTH TO DATE    1                         0      1        0
  SINCE DEC 1      1                         1      0        0
  SINCE JAN 1      1                         0      1        0
..................................................................


WIND (MPH)
  HIGHEST WIND SPEED    14   HIGHEST WIND DIRECTION    SW (230)
  HIGHEST GUST SPEED    17   HIGHEST GUST DIRECTION    SW (230)
  AVERAGE WIND SPEED     7.4


SKY COVER
  POSSIBLE SUNSHINE  MM
  AVERAGE SKY COVER 0.0


WEATHER CONDITIONS
 THE FOLLOWING WEATHER WAS RECORDED YESTERDAY.
  NO SIGNIFICANT WEATHER WAS OBSERVED.


RELATIVE HUMIDITY (PERCENT)
 HIGHEST    81           400 AM
 LOWEST     22           300 PM
 AVERAGE    52

..........................................................


THE NORFOLK VA CLIMATE NORMALS FOR TODAY
                         NORMAL    RECORD    YEAR
 MAXIMUM TEMPERATURE (F)   48        74      1951
 MINIMUM TEMPERATURE (F)   33         3      1985


SUNRISE AND SUNSET
JANUARY 20 2018.......SUNRISE   715 AM EST   SUNSET   517 PM EST
JANUARY 21 2018.......SUNRISE   714 AM EST   SUNSET   518 PM EST


-  INDICATES NEGATIVE NUMBERS.
R  INDICATES RECORD WAS SET OR TIED.
MM INDICATES DATA IS MISSING.
T  INDICATES TRACE AMOUNT.




$$
