000
CDUS41 KAKQ 140645
CLIORF


CLIMATE REPORT
NATIONAL WEATHER SERVICE WAKEFIELD, VA
145 AM EST SUN FEB 14 2016


...................................

...THE NORFOLK VA CLIMATE SUMMARY FOR FEBRUARY 13 2016...

CLIMATE NORMAL PERIOD 1981 TO 2010
CLIMATE RECORD PERIOD 1871 TO 2016


WEATHER ITEM   OBSERVED TIME   RECORD YEAR NORMAL DEPARTURE LAST
                VALUE   (LST)  VALUE       VALUE  FROM      YEAR
                                                  NORMAL
..................................................................
TEMPERATURE (F)
 YESTERDAY
  MAXIMUM         32    406 PM  78    1880  51    -19       29
  MINIMUM         20   1159 PM   9    1899  34    -14       19
  AVERAGE         26                        42    -16       24

PRECIPITATION (IN)
  YESTERDAY        0.00          1.56 1945   0.11  -0.11     0.00
  MONTH TO DATE    4.24                      1.41   2.83     0.68
  SINCE DEC 1     12.23                      8.07   4.16     8.02
  SINCE JAN 1      8.86                      4.81   4.05     4.32

SNOWFALL (IN)
  YESTERDAY        0.0           4.5  1899   0.1   -0.1
  MONTH TO DATE    0.9                       1.1   -0.2
  SINCE NOV 1      3.7                       4.7   -1.0
  SINCE JUL 1      3.7                       4.7   -1.0
  SNOW DEPTH       0

DEGREE DAYS
 HEATING
  YESTERDAY       39                        23     16       41
  MONTH TO DATE  303                       306     -3      345
  SINCE DEC 1   1291                      1718   -427     1716
  SINCE JUL 1   1630                      2248   -618     2279

 COOLING
  YESTERDAY        0                         0      0        0
  MONTH TO DATE    0                         0      0        0
  SINCE DEC 1     29                         1     28        0
  SINCE JAN 1      0                         0      0        0
..................................................................


WIND (MPH)
  HIGHEST WIND SPEED    20   HIGHEST WIND DIRECTION     N (350)
  HIGHEST GUST SPEED    31   HIGHEST GUST DIRECTION     N (10)
  AVERAGE WIND SPEED    10.2


SKY COVER
  POSSIBLE SUNSHINE  MM
  AVERAGE SKY COVER 0.1


WEATHER CONDITIONS
 THE FOLLOWING WEATHER WAS RECORDED YESTERDAY.
  NO SIGNIFICANT WEATHER WAS OBSERVED.


RELATIVE HUMIDITY (PERCENT)
 HIGHEST    81          1200 AM
 LOWEST     21           500 PM
 AVERAGE    51

..........................................................


THE NORFOLK VA CLIMATE NORMALS FOR TODAY
                         NORMAL    RECORD    YEAR
 MAXIMUM TEMPERATURE (F)   51        78      1951
 MINIMUM TEMPERATURE (F)   34         3      1899


SUNRISE AND SUNSET
FEBRUARY 14 2016......SUNRISE   655 AM EST   SUNSET   543 PM EST
FEBRUARY 15 2016......SUNRISE   654 AM EST   SUNSET   545 PM EST


-  INDICATES NEGATIVE NUMBERS.
R  INDICATES RECORD WAS SET OR TIED.
MM INDICATES DATA IS MISSING.
T  INDICATES TRACE AMOUNT.




$$
