000
CDUS41 KAKQ 242245
CLIORF


CLIMATE REPORT
NATIONAL WEATHER SERVICE WAKEFIELD, VA
545 PM EST FRI FEB 24 2017


...................................

...THE NORFOLK VA CLIMATE SUMMARY FOR FEBRUARY 24 2017...
VALID TODAY AS OF 0500 PM LOCAL TIME.

CLIMATE NORMAL PERIOD 1981 TO 2010
CLIMATE RECORD PERIOD 1871 TO 2017


WEATHER ITEM   OBSERVED TIME   RECORD YEAR NORMAL DEPARTURE LAST
                VALUE   (LST)  VALUE       VALUE  FROM      YEAR
                                                  NORMAL
..................................................................
TEMPERATURE (F)
 TODAY
  MAXIMUM         77    213 PM  82    2012  53     24       72
  MINIMUM         52    648 AM  16    1947  36     16       43
                                      1914
                                      1901
  AVERAGE         65

PRECIPITATION (IN)
  TODAY            0.00          1.03 1989   0.12  -0.12     0.72
                                      1952
  MONTH TO DATE    0.66                      2.67  -2.01     6.25
  SINCE DEC 1      7.61                      9.33  -1.72    14.24
  SINCE JAN 1      5.07                      6.07  -1.00    10.87

SNOWFALL (IN)
  TODAY            0.0
  MONTH TO DATE    0.0
  SINCE NOV 1      5.3
  SINCE JUL 1      5.3
  SNOW DEPTH       0

DEGREE DAYS
 HEATING
  TODAY            0                        21    -21        7
  MONTH TO DATE  343                       545   -202      511
  SINCE DEC 1   1558                      1957   -399     1499
  SINCE JUL 1   2021                      2487   -466     1838

 COOLING
  TODAY            0                         0      0        0
  MONTH TO DATE    1                         0      1        0
  SINCE DEC 1      1                         1      0       29
  SINCE JAN 1      1                         0      1        0
..................................................................


WIND (MPH)
  RESULTANT WIND SPEED   4   RESULTANT WIND DIRECTION  SE (150)
  HIGHEST WIND SPEED    17   HIGHEST WIND DIRECTION    SE (140)
  HIGHEST GUST SPEED    26   HIGHEST GUST DIRECTION    SE (130)


SKY COVER
  POSSIBLE SUNSHINE  MM
  AVERAGE SKY COVER 0.2


WEATHER CONDITIONS
 THE FOLLOWING WEATHER WAS RECORDED TODAY.
  FOG


RELATIVE HUMIDITY (PERCENT)
 HIGHEST    93
 LOWEST     50
 AVERAGE    72

..........................................................


THE NORFOLK VA CLIMATE NORMALS FOR TOMORROW
                         NORMAL    RECORD    YEAR
 MAXIMUM TEMPERATURE (F)   53        81      1930
 MINIMUM TEMPERATURE (F)   36        15      1914


SUNRISE AND SUNSET
FEBRUARY 24 2017......SUNRISE   642 AM EST   SUNSET   554 PM EST
FEBRUARY 25 2017......SUNRISE   641 AM EST   SUNSET   555 PM EST


-  INDICATES NEGATIVE NUMBERS.
R  INDICATES RECORD WAS SET OR TIED.
MM INDICATES DATA IS MISSING.
T  INDICATES TRACE AMOUNT.




$$
