000
CDUS41 KAKQ 250545
CLIORF


CLIMATE REPORT
NATIONAL WEATHER SERVICE WAKEFIELD, VA
145 AM EDT SAT MAR 25 2017


...................................

...THE NORFOLK VA CLIMATE SUMMARY FOR MARCH 24 2017...

CLIMATE NORMAL PERIOD 1981 TO 2010
CLIMATE RECORD PERIOD 1871 TO 2017


WEATHER ITEM   OBSERVED TIME   RECORD YEAR NORMAL DEPARTURE LAST
                VALUE   (LST)  VALUE       VALUE  FROM      YEAR
                                                  NORMAL
..................................................................
TEMPERATURE (F)
 YESTERDAY
  MAXIMUM         71    423 PM  86    1929  61     10       79
  MINIMUM         31    149 AM  20    1885  43    -12       54
  AVERAGE         51                        52     -1       67

PRECIPITATION (IN)
  YESTERDAY        0.00          1.64 1952   0.12  -0.12     0.00
  MONTH TO DATE    2.80                      2.84  -0.04     2.09
  SINCE MAR 1      2.80                      2.84  -0.04     2.09
  SINCE JAN 1      7.87                      9.36  -1.49    12.96

SNOWFALL (IN)
  YESTERDAY        0.0           4.0  1906   0.0    0.0
  MONTH TO DATE    0.1                       0.2   -0.1
  SINCE NOV 1      5.4                       5.8   -0.4
  SINCE JUL 1      5.4                       5.8   -0.4
  SNOW DEPTH       0

DEGREE DAYS
 HEATING
  YESTERDAY       14                        14      0        0
  MONTH TO DATE  439                       406     33      247
  SINCE MAR 1    439                       406     33      247
  SINCE JUL 1   2491                      2975   -484     2163

 COOLING
  YESTERDAY        0                         0      0        2
  MONTH TO DATE    8                         0      8       13
  SINCE MAR 1      8                         0      8       13
  SINCE JAN 1     11                         1     10       13
..................................................................


WIND (MPH)
  HIGHEST WIND SPEED    24   HIGHEST WIND DIRECTION    SW (230)
  HIGHEST GUST SPEED    35   HIGHEST GUST DIRECTION    NW (310)
  AVERAGE WIND SPEED    12.3


SKY COVER
  POSSIBLE SUNSHINE  MM
  AVERAGE SKY COVER 0.2


WEATHER CONDITIONS
 THE FOLLOWING WEATHER WAS RECORDED YESTERDAY.
  NO SIGNIFICANT WEATHER WAS OBSERVED.


RELATIVE HUMIDITY (PERCENT)
 HIGHEST    82           600 AM
 LOWEST     31           100 PM
 AVERAGE    57

..........................................................


THE NORFOLK VA CLIMATE NORMALS FOR TODAY
                         NORMAL    RECORD    YEAR
 MAXIMUM TEMPERATURE (F)   61        84      1954
                                             1939
 MINIMUM TEMPERATURE (F)   43        27      1940
                                             1880


SUNRISE AND SUNSET
MARCH 25 2017.........SUNRISE   701 AM EDT   SUNSET   721 PM EDT
MARCH 26 2017.........SUNRISE   659 AM EDT   SUNSET   722 PM EDT


-  INDICATES NEGATIVE NUMBERS.
R  INDICATES RECORD WAS SET OR TIED.
MM INDICATES DATA IS MISSING.
T  INDICATES TRACE AMOUNT.




$$
