000
CDUS41 KAKQ 230550
CLIORF


CLIMATE REPORT
NATIONAL WEATHER SERVICE WAKEFIELD, VA
150 AM EDT SAT MAY 23 2015


...................................

...THE NORFOLK VA CLIMATE SUMMARY FOR MAY 22 2015...

CLIMATE NORMAL PERIOD 1981 TO 2010
CLIMATE RECORD PERIOD 1871 TO 2015


WEATHER ITEM   OBSERVED TIME   RECORD YEAR NORMAL DEPARTURE LAST
                VALUE   (LST)  VALUE       VALUE  FROM      YEAR
                                                  NORMAL
..................................................................
TEMPERATURE (F)
 YESTERDAY
  MAXIMUM         73    434 PM  97    1941  77     -4       86
  MINIMUM         55    525 AM  44    1950  60     -5       66
  AVERAGE         64                        68     -4       76

PRECIPITATION (IN)
  YESTERDAY        0.00          1.42 1921   0.12  -0.12     0.22
  MONTH TO DATE    1.25                      2.32  -1.07     3.36
  SINCE MAR 1      8.56                      9.41  -0.85    12.05
  SINCE JAN 1     14.74                     15.93  -1.19    18.34

SNOWFALL (IN)
  YESTERDAY        0.0           0.0  2002   0.0    0.0
                                      2001
  MONTH TO DATE    0.0                       0.0    0.0
  SINCE NOV 1     12.7                       5.8    6.9
  SINCE JUL 1     12.7                       5.8    6.9
  SNOW DEPTH       0

DEGREE DAYS
 HEATING
  YESTERDAY        1                         1      0        0
  MONTH TO DATE   28                        62    -34       24
  SINCE MAR 1    761                       793    -32      829
  SINCE JUL 1   3597                      3362    235     3440

 COOLING
  YESTERDAY        0                         5     -5       11
  MONTH TO DATE  121                        70     51      124
  SINCE MAR 1    146                       113     33      151
  SINCE JAN 1    146                       114     32      151
..................................................................


WIND (MPH)
  HIGHEST WIND SPEED    16   HIGHEST WIND DIRECTION     N (350)
  HIGHEST GUST SPEED    23   HIGHEST GUST DIRECTION     N (340)
  AVERAGE WIND SPEED     7.6


SKY COVER
  POSSIBLE SUNSHINE  MM
  AVERAGE SKY COVER 0.2


WEATHER CONDITIONS
 THE FOLLOWING WEATHER WAS RECORDED YESTERDAY.
  NO SIGNIFICANT WEATHER WAS OBSERVED.


RELATIVE HUMIDITY (PERCENT)
 HIGHEST    83           300 AM
 LOWEST     29           300 PM
 AVERAGE    56

..........................................................


THE NORFOLK VA CLIMATE NORMALS FOR TODAY
                         NORMAL    RECORD    YEAR
 MAXIMUM TEMPERATURE (F)   77        95      1944
                                             1941
 MINIMUM TEMPERATURE (F)   60        45      2002


SUNRISE AND SUNSET
MAY 23 2015...........SUNRISE   551 AM EDT   SUNSET   812 PM EDT
MAY 24 2015...........SUNRISE   551 AM EDT   SUNSET   813 PM EDT


-  INDICATES NEGATIVE NUMBERS.
R  INDICATES RECORD WAS SET OR TIED.
MM INDICATES DATA IS MISSING.
T  INDICATES TRACE AMOUNT.




$$
