000
CDUS41 KAKQ 250831
CLIORF


CLIMATE REPORT
NATIONAL WEATHER SERVICE WAKEFIELD, VA
430 AM EDT FRI JUL 25 2014


...................................

...THE NORFOLK VA CLIMATE SUMMARY FOR JULY 24 2014...

CLIMATE NORMAL PERIOD 1981 TO 2010
CLIMATE RECORD PERIOD 1871 TO 2014


WEATHER ITEM   OBSERVED TIME   RECORD YEAR NORMAL DEPARTURE LAST
                VALUE   (LST)  VALUE       VALUE  FROM      YEAR
                                                  NORMAL
..................................................................
TEMPERATURE (F)
 YESTERDAY
  MAXIMUM         82    435 PM 105    2010  87     -5       93
  MINIMUM         72   1159 PM  59    1947  72      0       74
  AVERAGE         77                        80     -3       84

PRECIPITATION (IN)
  YESTERDAY        0.93          3.55 2004   0.18   0.75     0.00
  MONTH TO DATE    6.41                      3.81   2.60     7.08
  SINCE JUN 1      8.32                      8.07   0.25     9.70
  SINCE JAN 1     27.94                     25.09   2.85    27.12

SNOWFALL (IN)
  YESTERDAY        0.0           0.0  2002   0.0    0.0
                                      2001
  MONTH TO DATE    0.0                       0.0    0.0
  SINCE NOV 1     15.5                       5.8    9.7
  SINCE JUL 1      0.0                       0.0    0.0
  SNOW DEPTH       0

DEGREE DAYS
 HEATING
  YESTERDAY        0                         0      0        0
  MONTH TO DATE    0                         0      0        0
  SINCE JUN 1      3                         6     -3        0
  SINCE JUL 1      0                         0      0        0

 COOLING
  YESTERDAY       12                        15     -3       19
  MONTH TO DATE  350                       354     -4      418
  SINCE JUN 1    708                       669     39      780
  SINCE JAN 1    910                       835     75     1001
..................................................................


WIND (MPH)
  HIGHEST WIND SPEED    22   HIGHEST WIND DIRECTION     N (20)
  HIGHEST GUST SPEED    28   HIGHEST GUST DIRECTION    NE (30)
  AVERAGE WIND SPEED     7.7


SKY COVER
  POSSIBLE SUNSHINE  MM
  AVERAGE SKY COVER 0.6


WEATHER CONDITIONS
 THE FOLLOWING WEATHER WAS RECORDED YESTERDAY.
  HEAVY RAIN
  RAIN
  LIGHT RAIN
  FOG


RELATIVE HUMIDITY (PERCENT)
 HIGHEST    87           800 PM
 LOWEST     69           500 PM
 AVERAGE    78

..........................................................


THE NORFOLK VA CLIMATE NORMALS FOR TODAY
                         NORMAL    RECORD    YEAR
 MAXIMUM TEMPERATURE (F)   87       105      2010
 MINIMUM TEMPERATURE (F)   72        59      1947


SUNRISE AND SUNSET
JULY 25 2014..........SUNRISE   605 AM EDT   SUNSET   818 PM EDT
JULY 26 2014..........SUNRISE   605 AM EDT   SUNSET   817 PM EDT


-  INDICATES NEGATIVE NUMBERS.
R  INDICATES RECORD WAS SET OR TIED.
MM INDICATES DATA IS MISSING.
T  INDICATES TRACE AMOUNT.




$$
