000
CDUS41 KAKQ 270545
CLIORF


CLIMATE REPORT
NATIONAL WEATHER SERVICE WAKEFIELD, VA
145 AM EDT THU APR 27 2017


...................................

...THE NORFOLK VA CLIMATE SUMMARY FOR APRIL 26 2017...

CLIMATE NORMAL PERIOD 1981 TO 2010
CLIMATE RECORD PERIOD 1871 TO 2017


WEATHER ITEM   OBSERVED TIME   RECORD YEAR NORMAL DEPARTURE LAST
                VALUE   (LST)  VALUE       VALUE  FROM      YEAR
                                                  NORMAL
..................................................................
TEMPERATURE (F)
 YESTERDAY
  MAXIMUM         76    422 PM  97    1960  71      5       86
  MINIMUM         61    644 AM  34    1888  52      9       61
  AVERAGE         69                        61      8       74

PRECIPITATION (IN)
  YESTERDAY        0.09          1.35 1978   0.11  -0.02     0.00
  MONTH TO DATE    2.80                      2.97  -0.17     1.96
  SINCE MAR 1      7.41                      6.65   0.76     5.42
  SINCE JAN 1     12.48                     13.17  -0.69    16.29

SNOWFALL (IN)
  YESTERDAY        0.0           0.0  2002   0.0    0.0
  MONTH TO DATE    0.0                       0.0    0.0
  SINCE NOV 1      5.4                       5.8   -0.4
  SINCE JUL 1      5.4                       5.8   -0.4
  SNOW DEPTH       0

DEGREE DAYS
 HEATING
  YESTERDAY        0                         6     -6        0
  MONTH TO DATE   94                       219   -125      216
  SINCE MAR 1    566                       711   -145      511
  SINCE JUL 1   2618                      3280   -662     2427

 COOLING
  YESTERDAY        4                         2      2        9
  MONTH TO DATE   86                        32     54       30
  SINCE MAR 1    102                        38     64       48
  SINCE JAN 1    105                        39     66       48
..................................................................


WIND (MPH)
  HIGHEST WIND SPEED    10   HIGHEST WIND DIRECTION     W (250)
  HIGHEST GUST SPEED    17   HIGHEST GUST DIRECTION     W (290)
  AVERAGE WIND SPEED     5.8


SKY COVER
  POSSIBLE SUNSHINE  MM
  AVERAGE SKY COVER 0.7


WEATHER CONDITIONS
 THE FOLLOWING WEATHER WAS RECORDED YESTERDAY.
  RAIN
  LIGHT RAIN
  FOG


RELATIVE HUMIDITY (PERCENT)
 HIGHEST    97           500 AM
 LOWEST     57           200 PM
 AVERAGE    77

..........................................................


THE NORFOLK VA CLIMATE NORMALS FOR TODAY
                         NORMAL    RECORD    YEAR
 MAXIMUM TEMPERATURE (F)   71        93      1915
 MINIMUM TEMPERATURE (F)   52        37      1972


SUNRISE AND SUNSET
APRIL 27 2017.........SUNRISE   615 AM EDT   SUNSET   750 PM EDT
APRIL 28 2017.........SUNRISE   614 AM EDT   SUNSET   751 PM EDT


-  INDICATES NEGATIVE NUMBERS.
R  INDICATES RECORD WAS SET OR TIED.
MM INDICATES DATA IS MISSING.
T  INDICATES TRACE AMOUNT.




$$
