000
CDUS46 KMFR 020836
CLIOTH


CLIMATE REPORT
NATIONAL WEATHER SERVICE MEDFORD, OR
1236 AM PST FRI DEC 2 2016


...................................

...THE NORTH BEND OR CLIMATE SUMMARY FOR DECEMBER 1 2016...

CLIMATE NORMAL PERIOD 1981 TO 2010
CLIMATE RECORD PERIOD 1902 TO 2016


WEATHER ITEM   OBSERVED TIME   RECORD YEAR NORMAL DEPARTURE LAST
                VALUE   (LST)  VALUE       VALUE  FROM      YEAR
                                                  NORMAL
..................................................................
TEMPERATURE (F)
 YESTERDAY
  MAXIMUM         54        MM  65    1958  52      2       61
  MINIMUM         39        MM  28    1923  41     -2       43
  AVERAGE         47                        46      1       52

PRECIPITATION (IN)
  YESTERDAY        0.00          2.83 2014   0.39  -0.39     0.31
  MONTH TO DATE    0.00                      0.39  -0.39     0.31
  SINCE OCT 1     27.25                     15.35  11.90     7.65
  SINCE JAN 1     59.83                     54.17   5.66    27.09

SNOWFALL (IN)
  YESTERDAY        0.0
  SNOW DEPTH      MM

DEGREE DAYS
 HEATING
  YESTERDAY       18                        19     -1       13
  MONTH TO DATE   18                        19     -1       13
  SINCE DEC 1     18                        19     -1       13
  SINCE JUL 1   1014                      1471   -457     1020

 COOLING
  YESTERDAY        0                         0      0        0
  MONTH TO DATE    0                         0      0        0
  SINCE DEC 1      0                         0      0        0
  SINCE JAN 1     15                         2     13       14
..................................................................


WIND (MPH)
  HIGHEST WIND SPEED     9   HIGHEST WIND DIRECTION    SE (150)
  HIGHEST GUST SPEED    MM   HIGHEST GUST DIRECTION    MM
  AVERAGE WIND SPEED     5.6


SKY COVER
  POSSIBLE SUNSHINE  MM
  AVERAGE SKY COVER 0.0


WEATHER CONDITIONS
 THE FOLLOWING WEATHER WAS RECORDED YESTERDAY.
  NO SIGNIFICANT WEATHER WAS OBSERVED.


RELATIVE HUMIDITY (PERCENT)
 HIGHEST    MM
 LOWEST     MM

..........................................................


THE NORTH BEND OR CLIMATE NORMALS FOR TODAY
                         NORMAL    RECORD    YEAR
 MAXIMUM TEMPERATURE (F)   52        67      1907
 MINIMUM TEMPERATURE (F)   40        28      1913


SUNRISE AND SUNSET
DECEMBER  2 2016......SUNRISE   732 AM PST   SUNSET   442 PM PST
DECEMBER  3 2016......SUNRISE   733 AM PST   SUNSET   441 PM PST


-  INDICATES NEGATIVE NUMBERS.
R  INDICATES RECORD WAS SET OR TIED.
MM INDICATES DATA IS MISSING.
T  INDICATES TRACE AMOUNT.




$$
