000
CDUS46 KMFR 310036
CLIOTH


CLIMATE REPORT
NATIONAL WEATHER SERVICE MEDFORD, OR
536 PM PDT SAT AUG 30 2014


...................................

...THE NORTH BEND OR CLIMATE SUMMARY FOR AUGUST 30 2014...
VALID TODAY AS OF 0500 PM LOCAL TIME.

CLIMATE NORMAL PERIOD 1981 TO 2010
CLIMATE RECORD PERIOD 1902 TO 2014


WEATHER ITEM   OBSERVED TIME   RECORD YEAR NORMAL DEPARTURE LAST
                VALUE   (LST)  VALUE       VALUE  FROM      YEAR
                                                  NORMAL
..................................................................
TEMPERATURE (F)
 TODAY
  MAXIMUM         70        MM  91    1968  66      4       73
  MINIMUM         57        MM  32    1906  52      5       57
  AVERAGE         64                        59      5       65

PRECIPITATION (IN)
  TODAY            0.01          0.57 1983   0.03  -0.02     0.00
  MONTH TO DATE    0.02                      0.59  -0.57     0.44
  SINCE SEP 1     34.02                     64.88 -30.86    44.03
  SINCE JAN 1     22.45                     37.21 -14.76    17.93

SNOWFALL (IN)
  TODAY           MM                         0.0   MM       MM
  MONTH TO DATE   MM                         0.0   MM       MM
  SINCE JUL 1     MM                         0.0   MM       MM
  SNOW DEPTH      MM

DEGREE DAYS
 HEATING
  TODAY            1                         6     -5        0
  MONTH TO DATE  117                       180    -63       68
  SINCE JUN 1    460                       644   -184      333
  SINCE JUL 1    263                       377   -114      163

 COOLING
  TODAY            0                         0      0        0
  MONTH TO DATE    0                         0      0        8
  SINCE JUN 1      0                         0      0        8
  SINCE JAN 1     12                         0     12       12
..................................................................


WIND (MPH)
  HIGHEST WIND SPEED    10   HIGHEST WIND DIRECTION    SE (150)
  HIGHEST GUST SPEED    MM   HIGHEST GUST DIRECTION    MM
  AVERAGE WIND SPEED     7.6


SKY COVER
  POSSIBLE SUNSHINE   0 PERCENT
  AVERAGE SKY COVER 0.0


WEATHER CONDITIONS
 THE FOLLOWING WEATHER WAS RECORDED TODAY.
  NO SIGNIFICANT WEATHER WAS OBSERVED.


RELATIVE HUMIDITY (PERCENT)
 HIGHEST     0          1200 AM
 LOWEST      0          1200 AM

..........................................................


THE NORTH BEND OR CLIMATE NORMALS FOR TOMORROW
                         NORMAL    RECORD    YEAR
 MAXIMUM TEMPERATURE (F)   66        96      1918
 MINIMUM TEMPERATURE (F)   52        41      1920


SUNRISE AND SUNSET
AUGUST 30 2014........SUNRISE   639 AM PDT   SUNSET   755 PM PDT
AUGUST 31 2014........SUNRISE   640 AM PDT   SUNSET   754 PM PDT


-  INDICATES NEGATIVE NUMBERS.
R  INDICATES RECORD WAS SET OR TIED.
MM INDICATES DATA IS MISSING.
T  INDICATES TRACE AMOUNT.




$$
