000
CDUS46 KMFR 200839
CLIOTH


CLIMATE REPORT
NATIONAL WEATHER SERVICE MEDFORD, OR
138 AM PDT SAT SEP 20 2014


...................................

...THE NORTH BEND OR CLIMATE SUMMARY FOR SEPTEMBER 19 2014...

CLIMATE NORMAL PERIOD 1981 TO 2010
CLIMATE RECORD PERIOD 1902 TO 2014


WEATHER ITEM   OBSERVED TIME   RECORD YEAR NORMAL DEPARTURE LAST
                VALUE   (LST)  VALUE       VALUE  FROM      YEAR
                                                  NORMAL
..................................................................
TEMPERATURE (F)
 YESTERDAY
  MAXIMUM         73        MM  90    1942  65      8       66
  MINIMUM         54        MM  38    1928  50      4       50
  AVERAGE         64                        57      7       58

PRECIPITATION (IN)
  YESTERDAY        0.00          0.82 1973   0.06  -0.06     0.00
  MONTH TO DATE    0.00                      0.82  -0.82     0.56
  SINCE SEP 1      0.00                      0.82  -0.82     0.56
  SINCE JAN 1     22.45                     38.06 -15.61    18.49

SNOWFALL (IN)
  YESTERDAY       MM
  SNOW DEPTH      MM

DEGREE DAYS
 HEATING
  YESTERDAY        1                         8     -7        7
  MONTH TO DATE   76                       132    -56       47
  SINCE SEP 1     76                       132    -56       47
  SINCE JUL 1    341                       511   -170      214

 COOLING
  YESTERDAY        0                         0      0        0
  MONTH TO DATE    8                         0      8        1
  SINCE SEP 1      8                         0      8        1
  SINCE JAN 1     20                         1     19       13
..................................................................


WIND (MPH)
  HIGHEST WIND SPEED    23   HIGHEST WIND DIRECTION     N (350)
  HIGHEST GUST SPEED    31   HIGHEST GUST DIRECTION     N (360)
  AVERAGE WIND SPEED     8.1


SKY COVER
  POSSIBLE SUNSHINE  MM
  AVERAGE SKY COVER 0.1


WEATHER CONDITIONS
 THE FOLLOWING WEATHER WAS RECORDED YESTERDAY.
  FOG
  FOG W/VISIBILITY <= 1/4 MILE


RELATIVE HUMIDITY (PERCENT)
 HIGHEST   100          1200 AM
 LOWEST     66          1100 AM

..........................................................


THE NORTH BEND OR CLIMATE NORMALS FOR TODAY
                         NORMAL    RECORD    YEAR
 MAXIMUM TEMPERATURE (F)   65        86      1939
 MINIMUM TEMPERATURE (F)   49        39      1902


SUNRISE AND SUNSET
SEPTEMBER 20 2014.....SUNRISE   702 AM PDT   SUNSET   718 PM PDT
SEPTEMBER 21 2014.....SUNRISE   703 AM PDT   SUNSET   716 PM PDT


-  INDICATES NEGATIVE NUMBERS.
R  INDICATES RECORD WAS SET OR TIED.
MM INDICATES DATA IS MISSING.
T  INDICATES TRACE AMOUNT.




$$
