000
CDUS46 KMFR 280838
CLIOTH


CLIMATE REPORT
NATIONAL WEATHER SERVICE MEDFORD, OR
138 AM PDT FRI APR 28 2017


...................................

...THE NORTH BEND OR CLIMATE SUMMARY FOR APRIL 27 2017...

CLIMATE NORMAL PERIOD 1981 TO 2010
CLIMATE RECORD PERIOD 1902 TO 2017


WEATHER ITEM   OBSERVED TIME   RECORD YEAR NORMAL DEPARTURE LAST
                VALUE   (LST)  VALUE       VALUE  FROM      YEAR
                                                  NORMAL
..................................................................
TEMPERATURE (F)
 YESTERDAY
  MAXIMUM         55        MM  88    1935  57     -2       61
  MINIMUM         45        MM  31    1948  44      1       48
  AVERAGE         50                        50      0       55

PRECIPITATION (IN)
  YESTERDAY        0.00          1.35 1990   0.14  -0.14     0.28
  MONTH TO DATE    6.30                      4.79   1.51     3.37
  SINCE OCT 1     74.24                     56.49  17.75    55.52
  SINCE JAN 1     40.09                     30.40   9.69    29.89

SNOWFALL (IN)
  YESTERDAY       MM
  SNOW DEPTH      MM

DEGREE DAYS
 HEATING
  YESTERDAY       15                        15      0       10
  MONTH TO DATE  361                       433    -72      279
  SINCE MAR 1    792                       971   -179      702
  SINCE JUL 1   3568                      4145   -577     3027

 COOLING
  YESTERDAY        0                         0      0        0
  MONTH TO DATE    0                         0      0        6
  SINCE MAR 1      0                         0      0        6
  SINCE JAN 1      0                         0      0        8
..................................................................


WIND (MPH)
  HIGHEST WIND SPEED    14   HIGHEST WIND DIRECTION     W (290)
  HIGHEST GUST SPEED    MM   HIGHEST GUST DIRECTION    MM
  AVERAGE WIND SPEED     7.2


SKY COVER
  POSSIBLE SUNSHINE   0 PERCENT
  AVERAGE SKY COVER 0.0


WEATHER CONDITIONS
 THE FOLLOWING WEATHER WAS RECORDED YESTERDAY.
  NO SIGNIFICANT WEATHER WAS OBSERVED.


RELATIVE HUMIDITY (PERCENT)
 HIGHEST     0          1200 AM
 LOWEST      0          1200 AM

..........................................................


THE NORTH BEND OR CLIMATE NORMALS FOR TODAY
                         NORMAL    RECORD    YEAR
 MAXIMUM TEMPERATURE (F)   57        76      1992
 MINIMUM TEMPERATURE (F)   44        29      1913


SUNRISE AND SUNSET
APRIL 28 2017.........SUNRISE   614 AM PDT   SUNSET   816 PM PDT
APRIL 29 2017.........SUNRISE   612 AM PDT   SUNSET   817 PM PDT


-  INDICATES NEGATIVE NUMBERS.
R  INDICATES RECORD WAS SET OR TIED.
MM INDICATES DATA IS MISSING.
T  INDICATES TRACE AMOUNT.




$$
