000
CDUS46 KMFR 030836
CLIOTH


CLIMATE REPORT
NATIONAL WEATHER SERVICE MEDFORD, OR
136 AM PDT WED JUN 3 2015


...................................

...THE NORTH BEND OR CLIMATE SUMMARY FOR JUNE 2 2015...

CLIMATE NORMAL PERIOD 1981 TO 2010
CLIMATE RECORD PERIOD 1902 TO 2015


WEATHER ITEM   OBSERVED TIME   RECORD YEAR NORMAL DEPARTURE LAST
                VALUE   (LST)  VALUE       VALUE  FROM      YEAR
                                                  NORMAL
..................................................................
TEMPERATURE (F)
 YESTERDAY
  MAXIMUM         63        MM  88    1950  60      3       63
  MINIMUM         54        MM  36    1929  49      5       54
  AVERAGE         59                        55      4       59

PRECIPITATION (IN)
  YESTERDAY        0.01          1.40 1947   0.11  -0.10     0.00
  MONTH TO DATE    0.29                      0.21   0.08     0.00
  SINCE OCT 1     42.54                     60.47 -17.93    27.18
  SINCE JAN 1     19.24                     34.38 -15.14    21.56

SNOWFALL (IN)
  YESTERDAY       MM
  SNOW DEPTH      MM

DEGREE DAYS
 HEATING
  YESTERDAY        6                        10     -4        6
  MONTH TO DATE   16                        20     -4       12
  SINCE JUN 1     16                        20     -4       12
  SINCE JUL 1   3263                      4580  -1317     3892

 COOLING
  YESTERDAY        0                         0      0        0
  MONTH TO DATE    0                         0      0        0
  SINCE JUN 1      0                         0      0        0
  SINCE JAN 1      0                         0      0       12
..................................................................


WIND (MPH)
  HIGHEST WIND SPEED    16   HIGHEST WIND DIRECTION     W (270)
  HIGHEST GUST SPEED    MM   HIGHEST GUST DIRECTION    MM
  AVERAGE WIND SPEED     6.9


SKY COVER
  POSSIBLE SUNSHINE   0 PERCENT
  AVERAGE SKY COVER 0.0


WEATHER CONDITIONS
 THE FOLLOWING WEATHER WAS RECORDED YESTERDAY.
  NO SIGNIFICANT WEATHER WAS OBSERVED.


RELATIVE HUMIDITY (PERCENT)
 HIGHEST     0          1200 AM
 LOWEST      0          1200 AM

..........................................................


THE NORTH BEND OR CLIMATE NORMALS FOR TODAY
                         NORMAL    RECORD    YEAR
 MAXIMUM TEMPERATURE (F)   61        76      1987
 MINIMUM TEMPERATURE (F)   49        34      1903


SUNRISE AND SUNSET
JUNE  3 2015..........SUNRISE   538 AM PDT   SUNSET   852 PM PDT
JUNE  4 2015..........SUNRISE   538 AM PDT   SUNSET   853 PM PDT


-  INDICATES NEGATIVE NUMBERS.
R  INDICATES RECORD WAS SET OR TIED.
MM INDICATES DATA IS MISSING.
T  INDICATES TRACE AMOUNT.




$$
