000
CDUS46 KMFR 020836
CLIOTH


CLIMATE REPORT
NATIONAL WEATHER SERVICE MEDFORD, OR
136 AM PDT WED SEP 2 2015


...................................

...THE NORTH BEND OR CLIMATE SUMMARY FOR SEPTEMBER 1 2015...

CLIMATE NORMAL PERIOD 1981 TO 2010
CLIMATE RECORD PERIOD 1902 TO 2015


WEATHER ITEM   OBSERVED TIME   RECORD YEAR NORMAL DEPARTURE LAST
                VALUE   (LST)  VALUE       VALUE  FROM      YEAR
                                                  NORMAL
..................................................................
TEMPERATURE (F)
 YESTERDAY
  MAXIMUM         72        MM  81    1972  66      6       73
  MINIMUM         55        MM  40    1924  52      3       54
  AVERAGE         64                        59      5       64

PRECIPITATION (IN)
  YESTERDAY        0.00          0.85 1941   0.03  -0.03     0.00
  MONTH TO DATE    0.00                      0.03  -0.03     0.00
  SINCE OCT 1     42.74                     63.36 -20.62    28.07
  SINCE JAN 1     19.44                     37.27 -17.83    22.45

SNOWFALL (IN)
  YESTERDAY       MM
  SNOW DEPTH      MM

DEGREE DAYS
 HEATING
  YESTERDAY        1                         6     -5        1
  MONTH TO DATE    1                         6     -5        1
  SINCE SEP 1      1                         6     -5        1
  SINCE JUL 1    179                       385   -206      266

 COOLING
  YESTERDAY        0                         0      0        0
  MONTH TO DATE    0                         0      0        0
  SINCE SEP 1      0                         0      0        0
  SINCE JAN 1     14                         1     13       12
..................................................................


WIND (MPH)
  HIGHEST WIND SPEED    12   HIGHEST WIND DIRECTION     W (270)
  HIGHEST GUST SPEED    MM   HIGHEST GUST DIRECTION    MM
  AVERAGE WIND SPEED     6.7


SKY COVER
  POSSIBLE SUNSHINE  MM
  AVERAGE SKY COVER  MM


WEATHER CONDITIONS
 THE FOLLOWING WEATHER WAS RECORDED YESTERDAY.
  NO SIGNIFICANT WEATHER WAS OBSERVED.


RELATIVE HUMIDITY (PERCENT)
 HIGHEST    MM
 LOWEST     MM

..........................................................


THE NORTH BEND OR CLIMATE NORMALS FOR TODAY
                         NORMAL    RECORD    YEAR
 MAXIMUM TEMPERATURE (F)   66        80      1973
 MINIMUM TEMPERATURE (F)   52        40      1913


SUNRISE AND SUNSET
SEPTEMBER  2 2015.....SUNRISE   642 AM PDT   SUNSET   751 PM PDT
SEPTEMBER  3 2015.....SUNRISE   643 AM PDT   SUNSET   749 PM PDT


-  INDICATES NEGATIVE NUMBERS.
R  INDICATES RECORD WAS SET OR TIED.
MM INDICATES DATA IS MISSING.
T  INDICATES TRACE AMOUNT.




$$
