000
CDUS46 KMFR 110837
CLIOTH


CLIMATE REPORT
NATIONAL WEATHER SERVICE MEDFORD, OR
1236 AM PST MON DEC 11 2017


...................................

...THE NORTH BEND OR CLIMATE SUMMARY FOR DECEMBER 10 2017...

CLIMATE NORMAL PERIOD 1981 TO 2010
CLIMATE RECORD PERIOD 1902 TO 2017


WEATHER ITEM   OBSERVED TIME   RECORD YEAR NORMAL DEPARTURE LAST
                VALUE   (LST)  VALUE       VALUE  FROM      YEAR
                                                  NORMAL
..................................................................
TEMPERATURE (F)
 YESTERDAY
  MAXIMUM         59        MM  66    2014  51      8       54
  MINIMUM         39        MM  17    1932  40     -1       43
  AVERAGE         49                        45      4       49

PRECIPITATION (IN)
  YESTERDAY        0.00          2.20 1968   0.35  -0.35     0.26
  MONTH TO DATE    1.20                      3.72  -2.52     3.21
  SINCE OCT 1     17.03                     18.68  -1.65    30.46
  SINCE JAN 1     65.38                     57.50   7.88    63.04

SNOWFALL (IN)
  YESTERDAY       MM
  SNOW DEPTH      MM

DEGREE DAYS
 HEATING
  YESTERDAY       16                        20     -4       16
  MONTH TO DATE  174                       193    -19      193
  SINCE DEC 1    174                       193    -19      193
  SINCE JUL 1   1329                      1645   -316     1189

 COOLING
  YESTERDAY        0                         0      0        0
  MONTH TO DATE    0                         0      0        0
  SINCE DEC 1      0                         0      0        0
  SINCE JAN 1     10                         2      8       15
..................................................................


WIND (MPH)
  HIGHEST WIND SPEED    12   HIGHEST WIND DIRECTION    SE (140)
  HIGHEST GUST SPEED    MM   HIGHEST GUST DIRECTION    MM
  AVERAGE WIND SPEED     7.5


SKY COVER
  POSSIBLE SUNSHINE  MM
  AVERAGE SKY COVER 0.0


WEATHER CONDITIONS
 THE FOLLOWING WEATHER WAS RECORDED YESTERDAY.
  NO SIGNIFICANT WEATHER WAS OBSERVED.


RELATIVE HUMIDITY (PERCENT)
 HIGHEST    MM
 LOWEST     MM

..........................................................


THE NORTH BEND OR CLIMATE NORMALS FOR TODAY
                         NORMAL    RECORD    YEAR
 MAXIMUM TEMPERATURE (F)   51        69      1937
 MINIMUM TEMPERATURE (F)   40        19      1972


SUNRISE AND SUNSET
DECEMBER 11 2017......SUNRISE   740 AM PST   SUNSET   441 PM PST
DECEMBER 12 2017......SUNRISE   741 AM PST   SUNSET   441 PM PST


-  INDICATES NEGATIVE NUMBERS.
R  INDICATES RECORD WAS SET OR TIED.
MM INDICATES DATA IS MISSING.
T  INDICATES TRACE AMOUNT.




$$
