000
CDUS46 KMFR 200840
CLIOTH


CLIMATE REPORT
NATIONAL WEATHER SERVICE MEDFORD, OR
140 AM PDT SUN AUG 20 2017


...................................

...THE NORTH BEND OR CLIMATE SUMMARY FOR AUGUST 19 2017...

CLIMATE NORMAL PERIOD 1981 TO 2010
CLIMATE RECORD PERIOD 1902 TO 2017


WEATHER ITEM   OBSERVED TIME   RECORD YEAR NORMAL DEPARTURE LAST
                VALUE   (LST)  VALUE       VALUE  FROM      YEAR
                                                  NORMAL
..................................................................
TEMPERATURE (F)
 YESTERDAY
  MAXIMUM         65        MM  83    1939  66     -1       70
  MINIMUM         54        MM  40    1916  53      1       50
  AVERAGE         60                        59      1       60

PRECIPITATION (IN)
  YESTERDAY        0.00          1.60 2007   0.02  -0.02     0.00
  MONTH TO DATE    0.11                      0.30  -0.19     0.00
  SINCE OCT 1     81.31                     63.01  18.30    57.85
  SINCE JAN 1     47.16                     36.92  10.24    32.22

SNOWFALL (IN)
  YESTERDAY       MM
  SNOW DEPTH      MM

DEGREE DAYS
 HEATING
  YESTERDAY        5                         6     -1        5
  MONTH TO DATE   74                       114    -40       98
  SINCE JUN 1    440                       578   -138      404
  SINCE JUL 1    244                       311    -67      214

 COOLING
  YESTERDAY        0                         0      0        0
  MONTH TO DATE    3                         0      3        0
  SINCE JUN 1      3                         0      3        1
  SINCE JAN 1      3                         0      3        9
..................................................................


WIND (MPH)
  HIGHEST WIND SPEED    33   HIGHEST WIND DIRECTION     N (360)
  HIGHEST GUST SPEED    44   HIGHEST GUST DIRECTION     N (10)
  AVERAGE WIND SPEED    18.9


SKY COVER
  POSSIBLE SUNSHINE   0 PERCENT
  AVERAGE SKY COVER 0.0


WEATHER CONDITIONS
 THE FOLLOWING WEATHER WAS RECORDED YESTERDAY.
  NO SIGNIFICANT WEATHER WAS OBSERVED.


RELATIVE HUMIDITY (PERCENT)
 HIGHEST     0          1200 AM
 LOWEST      0          1200 AM

..........................................................


THE NORTH BEND OR CLIMATE NORMALS FOR TODAY
                         NORMAL    RECORD    YEAR
 MAXIMUM TEMPERATURE (F)   66        89      1913
 MINIMUM TEMPERATURE (F)   53        36      1913


SUNRISE AND SUNSET
AUGUST 20 2017........SUNRISE   628 AM PDT   SUNSET   812 PM PDT
AUGUST 21 2017........SUNRISE   629 AM PDT   SUNSET   810 PM PDT


-  INDICATES NEGATIVE NUMBERS.
R  INDICATES RECORD WAS SET OR TIED.
MM INDICATES DATA IS MISSING.
T  INDICATES TRACE AMOUNT.




$$
