000
CDUS46 KMFR 210907
CLIOTH


CLIMATE REPORT
NATIONAL WEATHER SERVICE MEDFORD, OR
107 AM PST WED FEB 21 2018


...................................

...THE NORTH BEND OR CLIMATE SUMMARY FOR FEBRUARY 20 2018...

CLIMATE NORMAL PERIOD 1981 TO 2010
CLIMATE RECORD PERIOD 1902 TO 2018


WEATHER ITEM   OBSERVED TIME   RECORD YEAR NORMAL DEPARTURE LAST
                VALUE   (LST)  VALUE       VALUE  FROM      YEAR
                                                  NORMAL
..................................................................
TEMPERATURE (F)
 YESTERDAY
  MAXIMUM         45        MM  69    1988  53     -8       54
  MINIMUM         32        MM  25    2006  40     -8       46
  AVERAGE         39                        47     -8       50

PRECIPITATION (IN)
  YESTERDAY        0.39          1.72 1984   0.27   0.12     0.95
  MONTH TO DATE    2.04                      5.40  -3.36    11.64
  SINCE OCT 1     28.77                     41.68 -12.91    54.67
  SINCE JAN 1      9.87                     15.59  -5.72    20.52

SNOWFALL (IN)
  YESTERDAY       MM
  SNOW DEPTH      MM

DEGREE DAYS
 HEATING
  YESTERDAY       26                        18      8       15
  MONTH TO DATE  362                       377    -15      300
  SINCE DEC 1   1341                      1580   -239     1602
  SINCE JUL 1   2496                      3032   -536     2598

 COOLING
  YESTERDAY        0                         0      0        0
  MONTH TO DATE    0                         0      0        0
  SINCE DEC 1      0                         0      0        0
  SINCE JAN 1      0                         0      0        0
..................................................................


WIND (MPH)
  HIGHEST WIND SPEED    13   HIGHEST WIND DIRECTION    SE (150)
  HIGHEST GUST SPEED    MM   HIGHEST GUST DIRECTION    MM
  AVERAGE WIND SPEED     8.6


SKY COVER
  POSSIBLE SUNSHINE  MM
  AVERAGE SKY COVER 1.0


WEATHER CONDITIONS
 THE FOLLOWING WEATHER WAS RECORDED YESTERDAY.
  RAIN
  LIGHT RAIN


RELATIVE HUMIDITY (PERCENT)
 HIGHEST    96           200 AM
 LOWEST     70           200 PM

..........................................................


THE NORTH BEND OR CLIMATE NORMALS FOR TODAY
                         NORMAL    RECORD    YEAR
 MAXIMUM TEMPERATURE (F)   53        73      1973
 MINIMUM TEMPERATURE (F)   40        25      1920


SUNRISE AND SUNSET
FEBRUARY 21 2018......SUNRISE   706 AM PST   SUNSET   556 PM PST
FEBRUARY 22 2018......SUNRISE   704 AM PST   SUNSET   557 PM PST


-  INDICATES NEGATIVE NUMBERS.
R  INDICATES RECORD WAS SET OR TIED.
MM INDICATES DATA IS MISSING.
T  INDICATES TRACE AMOUNT.




$$
