277
CDUS46 KMFR 010835
CLIOTH


CLIMATE REPORT
NATIONAL WEATHER SERVICE MEDFORD, OR
1235 AM PST WED MAR 1 2017


...................................

...THE NORTH BEND OR CLIMATE SUMMARY FOR FEBRUARY 28 2017...

CLIMATE NORMAL PERIOD 1981 TO 2010
CLIMATE RECORD PERIOD 1902 TO 2017


WEATHER ITEM   OBSERVED TIME   RECORD YEAR NORMAL DEPARTURE LAST
                VALUE   (LST)  VALUE       VALUE  FROM      YEAR
                                                  NORMAL
..................................................................
TEMPERATURE (F)
 YESTERDAY
  MAXIMUM         52        MM  70    1903  54     -2       57
  MINIMUM         41        MM  25    1960  41      0       45
  AVERAGE         47                        47      0       51

PRECIPITATION (IN)
  YESTERDAY        0.17          1.90 2006   0.27  -0.10     0.02
  MONTH TO DATE   14.77                      7.59   7.18     4.37
  SINCE OCT 1     57.80                     43.87  13.93    42.20
  SINCE JAN 1     23.65                     17.78   5.87    16.57

SNOWFALL (IN)
  YESTERDAY       MM
  SNOW DEPTH      MM

DEGREE DAYS
 HEATING
  YESTERDAY       18                        18      0       14
  MONTH TO DATE  478                       521    -43      361
  SINCE DEC 1   1780                      1722     58     1301
  SINCE JUL 1   2776                      3174   -398     2308

 COOLING
  YESTERDAY        0                         0      0        0
  MONTH TO DATE    0                         0      0        2
  SINCE DEC 1      0                         0      0        2
  SINCE JAN 1      0                         0      0        2
..................................................................


WIND (MPH)
  HIGHEST WIND SPEED    13   HIGHEST WIND DIRECTION     W (270)
  HIGHEST GUST SPEED    17   HIGHEST GUST DIRECTION     W (270)
  AVERAGE WIND SPEED     6.6


SKY COVER
  POSSIBLE SUNSHINE  MM
  AVERAGE SKY COVER 0.8


WEATHER CONDITIONS
 THE FOLLOWING WEATHER WAS RECORDED YESTERDAY.
  NO SIGNIFICANT WEATHER WAS OBSERVED.


RELATIVE HUMIDITY (PERCENT)
 HIGHEST   100           900 PM
 LOWEST     68           300 PM

..........................................................


THE NORTH BEND OR CLIMATE NORMALS FOR TODAY
                         NORMAL    RECORD    YEAR
 MAXIMUM TEMPERATURE (F)   54        72      1925
 MINIMUM TEMPERATURE (F)   41        26      1930


SUNRISE AND SUNSET
MARCH  1 2017.........SUNRISE   653 AM PST   SUNSET   606 PM PST
MARCH  2 2017.........SUNRISE   651 AM PST   SUNSET   608 PM PST


-  INDICATES NEGATIVE NUMBERS.
R  INDICATES RECORD WAS SET OR TIED.
MM INDICATES DATA IS MISSING.
T  INDICATES TRACE AMOUNT.




$$
