000
CDUS46 KMFR 280846
CLIOTH


CLIMATE REPORT
NATIONAL WEATHER SERVICE MEDFORD, OR
135 AM PDT SAT MAR 28 2015


...................................

...THE NORTH BEND OR CLIMATE SUMMARY FOR MARCH 27 2015...

CLIMATE NORMAL PERIOD 1981 TO 2010
CLIMATE RECORD PERIOD 1902 TO 2015


WEATHER ITEM   OBSERVED TIME   RECORD YEAR NORMAL DEPARTURE LAST
                VALUE   (LST)  VALUE       VALUE  FROM      YEAR
                                                  NORMAL
..................................................................
TEMPERATURE (F)
 YESTERDAY
  MAXIMUM         61        MM  82    1923  54      7       55
  MINIMUM         52        MM  18    1908  42     10       48
  AVERAGE         57                        48      9       52

PRECIPITATION (IN)
  YESTERDAY        0.14          1.64 1954   0.24  -0.10     0.51
  MONTH TO DATE    4.86                      6.92  -2.06     3.94
  SINCE OCT 1     38.37                     50.79 -12.42    20.28
  SINCE JAN 1     15.07                     24.70  -9.63    14.66

SNOWFALL (IN)
  YESTERDAY       MM
  SNOW DEPTH      MM

DEGREE DAYS
 HEATING
  YESTERDAY        8                        17     -9       13
  MONTH TO DATE  352                       468   -116      378
  SINCE MAR 1    352                       468   -116      378
  SINCE JUL 1   2456                      3642  -1186     3175

 COOLING
  YESTERDAY        0                         0      0        0
  MONTH TO DATE    0                         0      0        0
  SINCE MAR 1      0                         0      0        0
  SINCE JAN 1      0                         0      0        0
..................................................................


WIND (MPH)
  HIGHEST WIND SPEED    16   HIGHEST WIND DIRECTION     W (270)
  HIGHEST GUST SPEED    20   HIGHEST GUST DIRECTION    SW (240)
  AVERAGE WIND SPEED     6.9


SKY COVER
  POSSIBLE SUNSHINE  MM
  AVERAGE SKY COVER 0.9


WEATHER CONDITIONS
 THE FOLLOWING WEATHER WAS RECORDED YESTERDAY.
  NO SIGNIFICANT WEATHER WAS OBSERVED.


RELATIVE HUMIDITY (PERCENT)
 HIGHEST   100          1200 AM
 LOWEST     78           300 PM

..........................................................


THE NORTH BEND OR CLIMATE NORMALS FOR TODAY
                         NORMAL    RECORD    YEAR
 MAXIMUM TEMPERATURE (F)   54        86      1930
 MINIMUM TEMPERATURE (F)   42        32      1987


SUNRISE AND SUNSET
MARCH 28 2015.........SUNRISE   706 AM PDT   SUNSET   739 PM PDT
MARCH 29 2015.........SUNRISE   704 AM PDT   SUNSET   740 PM PDT


-  INDICATES NEGATIVE NUMBERS.
R  INDICATES RECORD WAS SET OR TIED.
MM INDICATES DATA IS MISSING.
T  INDICATES TRACE AMOUNT.




$$
