392
CDUS46 KMFR 090837
CLIOTH


CLIMATE REPORT
NATIONAL WEATHER SERVICE MEDFORD, OR
1237 AM PST TUE FEB 9 2016


...................................

...THE NORTH BEND OR CLIMATE SUMMARY FOR FEBRUARY 8 2016...

CLIMATE NORMAL PERIOD 1981 TO 2010
CLIMATE RECORD PERIOD 1902 TO 2016


WEATHER ITEM   OBSERVED TIME   RECORD YEAR NORMAL DEPARTURE LAST
                VALUE   (LST)  VALUE       VALUE  FROM      YEAR
                                                  NORMAL
..................................................................
TEMPERATURE (F)
 YESTERDAY
  MAXIMUM         82R       MM  69    1963  52     30       64
  MINIMUM         52        MM  23    1989  40     12       52
  AVERAGE         67                        46     21       58

PRECIPITATION (IN)
  YESTERDAY        0.00          1.95 1996   0.28  -0.28     0.07
  MONTH TO DATE    0.86                      2.22  -1.36     5.58
  SINCE OCT 1     38.69                     38.50   0.19    30.77
  SINCE JAN 1     13.06                     12.41   0.65     7.47

SNOWFALL (IN)
  YESTERDAY       MM
  SNOW DEPTH      MM

DEGREE DAYS
 HEATING
  YESTERDAY        0                        19    -19        7
  MONTH TO DATE  103                       152    -49       74
  SINCE DEC 1   1043                      1355   -312      943
  SINCE JUL 1   2050                      2807   -757     1819

 COOLING
  YESTERDAY        2                         0      2        0
  MONTH TO DATE    2                         0      2        0
  SINCE DEC 1      2                         0      2        0
  SINCE JAN 1      2                         0      2        0
..................................................................


WIND (MPH)
  HIGHEST WIND SPEED    14   HIGHEST WIND DIRECTION     W (260)
  HIGHEST GUST SPEED    MM   HIGHEST GUST DIRECTION    MM
  AVERAGE WIND SPEED     6.1


SKY COVER
  POSSIBLE SUNSHINE  MM
  AVERAGE SKY COVER  MM


WEATHER CONDITIONS
 THE FOLLOWING WEATHER WAS RECORDED YESTERDAY.
  NO SIGNIFICANT WEATHER WAS OBSERVED.


RELATIVE HUMIDITY (PERCENT)
 HIGHEST    MM
 LOWEST     MM

..........................................................


THE NORTH BEND OR CLIMATE NORMALS FOR TODAY
                         NORMAL    RECORD    YEAR
 MAXIMUM TEMPERATURE (F)   52        72      1928
 MINIMUM TEMPERATURE (F)   40        21      1929


SUNRISE AND SUNSET
FEBRUARY  9 2016......SUNRISE   724 AM PST   SUNSET   539 PM PST
FEBRUARY 10 2016......SUNRISE   723 AM PST   SUNSET   540 PM PST


-  INDICATES NEGATIVE NUMBERS.
R  INDICATES RECORD WAS SET OR TIED.
MM INDICATES DATA IS MISSING.
T  INDICATES TRACE AMOUNT.




$$
