000
CDUS43 KDMX 270630
CLIOTM

CLIMATE REPORT
NATIONAL WEATHER SERVICE DES MOINES IA
125 AM CDT SAT MAY 27 2017

...................................

...THE OTTUMWA IA CLIMATE SUMMARY FOR MAY 26 2017...

CLIMATE NORMAL PERIOD 1981 TO 2010
CLIMATE RECORD PERIOD 1920 TO 2017


WEATHER ITEM   OBSERVED TIME   RECORD YEAR NORMAL DEPARTURE LAST
                VALUE   (LST)  VALUE       VALUE  FROM      YEAR
                                                  NORMAL
..................................................................
TEMPERATURE (F)
 YESTERDAY
  MAXIMUM         76    439 PM  95    1926  75      1       82
  MINIMUM         58    553 AM  36    1925  54      4       62
  AVERAGE         67                        65      2       72

PRECIPITATION (IN)
  YESTERDAY        0.36          1.82 1937   0.16   0.20     0.10
  MONTH TO DATE    2.61                      3.91  -1.30     2.18
  SINCE MAR 1     10.87                      9.55   1.32     6.05
  SINCE JAN 1     12.46                     11.73   0.73     7.35

DEGREE DAYS
 HEATING
  YESTERDAY        0                         3     -3        0
  MONTH TO DATE  156                       153      3      188
  SINCE MAR 1   1193                      1398   -205     1210
  SINCE JUL 1   5000                      6283  -1283     5264

 COOLING
  YESTERDAY        2                         3     -1        7
  MONTH TO DATE   45                        39      6       31
  SINCE MAR 1     60                        50     10       40
  SINCE JAN 1     60                        50     10       40
..................................................................


WIND (MPH)
  HIGHEST WIND SPEED    20   HIGHEST WIND DIRECTION     E (90)
  HIGHEST GUST SPEED    24   HIGHEST GUST DIRECTION     E (90)
  AVERAGE WIND SPEED     6.9


SKY COVER
  POSSIBLE SUNSHINE  MM
  AVERAGE SKY COVER 0.3


WEATHER CONDITIONS
 THE FOLLOWING WEATHER WAS RECORDED YESTERDAY.
  THUNDERSTORM
  HEAVY RAIN
  RAIN
  LIGHT RAIN
  FOG


RELATIVE HUMIDITY (PERCENT)
 HIGHEST   100          1100 PM
 LOWEST     64           300 PM
 AVERAGE    82

..........................................................


THE OTTUMWA IA CLIMATE NORMALS FOR TODAY
                         NORMAL    RECORD    YEAR
 MAXIMUM TEMPERATURE (F)   76        93      1977
 MINIMUM TEMPERATURE (F)   54        39      1992


SUNRISE AND SUNSET
MAY 27 2017...........SUNRISE   542 AM CDT   SUNSET   832 PM CDT
MAY 28 2017...........SUNRISE   542 AM CDT   SUNSET   833 PM CDT


-  INDICATES NEGATIVE NUMBERS.
R  INDICATES RECORD WAS SET OR TIED.
MM INDICATES DATA IS MISSING.
T  INDICATES TRACE AMOUNT.

$$

ANSORGE
