000
CDUS43 KDMX 300631 RRB
CLIOTM

CLIMATE REPORT
NATIONAL WEATHER SERVICE DES MOINES IA
129 AM CDT THU OCT 30 2014


...................................

...THE OTTUMWA IA CLIMATE SUMMARY FOR OCTOBER 29 2014...

CLIMATE NORMAL PERIOD 1981 TO 2010
CLIMATE RECORD PERIOD 1920 TO 2014


WEATHER ITEM   OBSERVED TIME   RECORD YEAR NORMAL DEPARTURE LAST
                VALUE   (LST)  VALUE       VALUE  FROM      YEAR
                                                  NORMAL
..................................................................
TEMPERATURE (F)
 YESTERDAY
  MAXIMUM         52    214 PM  91    1937  58     -6       59
  MINIMUM         33   1116 PM  15    1925  37     -4       40
  AVERAGE         43                        48     -5       50

PRECIPITATION (IN)
  YESTERDAY        0.00          2.28 1896   0.09  -0.09      T
  MONTH TO DATE    3.51                      2.65   0.86     1.81
  SINCE SEP 1      7.67                      6.44   1.23     2.88
  SINCE JAN 1     38.96                     33.14   5.82    31.99

DEGREE DAYS
 HEATING
  YESTERDAY       22                        17      5       15
  MONTH TO DATE  353                       366    -13      385
  SINCE SEP 1    474                       476     -2      452
  SINCE JUL 1    487                       487      0      468

 COOLING
  YESTERDAY        0                         0      0        0
  MONTH TO DATE    1                         9     -8       33
  SINCE SEP 1     69                       102    -33      199
  SINCE JAN 1    801                       936   -135     1014
..................................................................


WIND (MPH)
  HIGHEST WIND SPEED    21   HIGHEST WIND DIRECTION    NW (310)
  HIGHEST GUST SPEED    27   HIGHEST GUST DIRECTION     W (290)
  AVERAGE WIND SPEED     7.1


SKY COVER
  POSSIBLE SUNSHINE  MM
  AVERAGE SKY COVER 0.2


WEATHER CONDITIONS
 THE FOLLOWING WEATHER WAS RECORDED YESTERDAY.
  LIGHT RAIN
  LIGHT SNOW


RELATIVE HUMIDITY (PERCENT)
 HIGHEST    89          1100 PM
 LOWEST     50           200 PM
 AVERAGE    70

..........................................................


THE OTTUMWA IA CLIMATE NORMALS FOR TODAY
                         NORMAL    RECORD    YEAR
 MAXIMUM TEMPERATURE (F)   58        86      1950
 MINIMUM TEMPERATURE (F)   37         5      1925


SUNRISE AND SUNSET
OCTOBER 30 2014.......SUNRISE   738 AM CDT   SUNSET   608 PM CDT
OCTOBER 31 2014.......SUNRISE   740 AM CDT   SUNSET   607 PM CDT


-  INDICATES NEGATIVE NUMBERS.
R  INDICATES RECORD WAS SET OR TIED.
MM INDICATES DATA IS MISSING.
T  INDICATES TRACE AMOUNT.




$$
