000
CDUS43 KDMX 220629
CLIOTM

CLIMATE REPORT
NATIONAL WEATHER SERVICE DES MOINES IA
1227 AM CST THU FEB 22 2018


...................................

...THE OTTUMWA IA CLIMATE SUMMARY FOR FEBRUARY 21 2018...

CLIMATE NORMAL PERIOD 1981 TO 2010
CLIMATE RECORD PERIOD 1920 TO 2018


WEATHER ITEM   OBSERVED TIME   RECORD YEAR NORMAL DEPARTURE LAST
                VALUE   (LST)  VALUE       VALUE  FROM      YEAR
                                                  NORMAL
..................................................................
TEMPERATURE (F)
 YESTERDAY
  MAXIMUM         28    417 PM  70    2017  38    -10       70
  MINIMUM         16    737 AM  -7    1963  20     -4       36
  AVERAGE         22                        29     -7       53

PRECIPITATION (IN)
  YESTERDAY        0.00          1.16 1997   0.06  -0.06     0.00
  MONTH TO DATE    2.04                      0.84   1.20     0.19
  SINCE DEC 1      3.06                      3.11  -0.05     2.71
  SINCE JAN 1      2.36                      1.74   0.62     1.34

DEGREE DAYS
 HEATING
  YESTERDAY       43                        36      7       12
  MONTH TO DATE  901                       821     80      566
  SINCE DEC 1   3392                      3345     47     2861
  SINCE JUL 1   4519                      4643   -124     3654

 COOLING
  YESTERDAY        0                         0      0        0
  MONTH TO DATE    0                         0      0        0
  SINCE DEC 1      0                         0      0        0
  SINCE JAN 1      0                         0      0        0
..................................................................


WIND (MPH)
  HIGHEST WIND SPEED    23   HIGHEST WIND DIRECTION    NW (330)
  HIGHEST GUST SPEED    29   HIGHEST GUST DIRECTION     N (340)
  AVERAGE WIND SPEED    13.2


SKY COVER
  POSSIBLE SUNSHINE  MM
  AVERAGE SKY COVER 0.1


WEATHER CONDITIONS
 THE FOLLOWING WEATHER WAS RECORDED YESTERDAY.
  NO SIGNIFICANT WEATHER WAS OBSERVED.


RELATIVE HUMIDITY (PERCENT)
 HIGHEST    80           700 AM
 LOWEST     63           400 PM
 AVERAGE    72

..........................................................


THE OTTUMWA IA CLIMATE NORMALS FOR TODAY
                         NORMAL    RECORD    YEAR
 MAXIMUM TEMPERATURE (F)   39        79      2017
 MINIMUM TEMPERATURE (F)   20        -4      1929


SUNRISE AND SUNSET
FEBRUARY 22 2018......SUNRISE   654 AM CST   SUNSET   553 PM CST
FEBRUARY 23 2018......SUNRISE   653 AM CST   SUNSET   554 PM CST


-  INDICATES NEGATIVE NUMBERS.
R  INDICATES RECORD WAS SET OR TIED.
MM INDICATES DATA IS MISSING.
T  INDICATES TRACE AMOUNT.




$$
