000
CDUS43 KDMX 010635 RRB
CLIOTM

CLIMATE REPORT
NATIONAL WEATHER SERVICE DES MOINES IA
133 AM CDT WED OCT 1 2014


...................................

...THE OTTUMWA IA CLIMATE SUMMARY FOR SEPTEMBER 30 2014...

CLIMATE NORMAL PERIOD 1981 TO 2010
CLIMATE RECORD PERIOD 1920 TO 2014


WEATHER ITEM   OBSERVED TIME   RECORD YEAR NORMAL DEPARTURE LAST
                VALUE   (LST)  VALUE       VALUE  FROM      YEAR
                                                  NORMAL
..................................................................
TEMPERATURE (F)
 YESTERDAY
  MAXIMUM         70    405 PM  93    1897  70      0       77
  MINIMUM         56    655 AM  26    1899  47      9       44
  AVERAGE         63                        58      5       61

PRECIPITATION (IN)
  YESTERDAY        0.00          3.87 1902   0.10  -0.10     0.00
  MONTH TO DATE    4.16                      3.79   0.37     1.07
  SINCE SEP 1      4.16                      3.79   0.37     1.07
  SINCE JAN 1     35.13                     30.49   4.64    30.18

DEGREE DAYS
 HEATING
  YESTERDAY        2                         8     -6        4
  MONTH TO DATE  121                       109     12       67
  SINCE SEP 1    121                       110     11       67
  SINCE JUL 1    134                       121     13       83

 COOLING
  YESTERDAY        0                         1     -1        0
  MONTH TO DATE   68                        93    -25      166
  SINCE SEP 1     68                        93    -25      166
  SINCE JAN 1    800                       927   -127      981
..................................................................


WIND (MPH)
  HIGHEST WIND SPEED    16   HIGHEST WIND DIRECTION     E (100)
  HIGHEST GUST SPEED    22   HIGHEST GUST DIRECTION    SE (120)
  AVERAGE WIND SPEED    11.2


SKY COVER
  POSSIBLE SUNSHINE  MM
  AVERAGE SKY COVER 0.5


WEATHER CONDITIONS
 THE FOLLOWING WEATHER WAS RECORDED YESTERDAY.
  FOG


RELATIVE HUMIDITY (PERCENT)
 HIGHEST   100           700 AM
 LOWEST     66           200 PM
 AVERAGE    83

..........................................................


THE OTTUMWA IA CLIMATE NORMALS FOR TODAY
                         NORMAL    RECORD    YEAR
 MAXIMUM TEMPERATURE (F)   70        94      1937
 MINIMUM TEMPERATURE (F)   46        32      2011
                                             1985


SUNRISE AND SUNSET
OCTOBER  1 2014.......SUNRISE   706 AM CDT   SUNSET   652 PM CDT
OCTOBER  2 2014.......SUNRISE   707 AM CDT   SUNSET   650 PM CDT


-  INDICATES NEGATIVE NUMBERS.
R  INDICATES RECORD WAS SET OR TIED.
MM INDICATES DATA IS MISSING.
T  INDICATES TRACE AMOUNT.




$$
