000
CDUS43 KDMX 060631 RRB
CLIOTM

CLIMATE REPORT
NATIONAL WEATHER SERVICE DES MOINES IA
130 AM CDT MON JUL 6 2015


...................................

...THE OTTUMWA IA CLIMATE SUMMARY FOR JULY 5 2015...

CLIMATE NORMAL PERIOD 1981 TO 2010
CLIMATE RECORD PERIOD 1920 TO 2015


WEATHER ITEM   OBSERVED TIME   RECORD YEAR NORMAL DEPARTURE LAST
                VALUE   (LST)  VALUE       VALUE  FROM      YEAR
                                                  NORMAL
..................................................................
TEMPERATURE (F)
 YESTERDAY
  MAXIMUM         85    333 PM 110    1911  86     -1       72
  MINIMUM         63    446 AM  48    1972  65     -2       61
  AVERAGE         74                        75     -1       67

PRECIPITATION (IN)
  YESTERDAY        0.00          1.76 1993   0.16  -0.16     1.41
  MONTH TO DATE    T                         0.80  -0.80     1.47
  SINCE JUN 1      7.79                      5.89   1.90     9.49
  SINCE JAN 1     16.70                     18.42  -1.72    22.60

DEGREE DAYS
 HEATING
  YESTERDAY        0                         0      0        0
  MONTH TO DATE    0                         0      0        7
  SINCE JUN 1     10                        21    -11       16
  SINCE JUL 1      0                         0      0        7

 COOLING
  YESTERDAY        9                        10     -1        2
  MONTH TO DATE   19                        50    -31        9
  SINCE JUN 1    223                       251    -28      223
  SINCE JAN 1    284                       315    -31      334
..................................................................


WIND (MPH)
  HIGHEST WIND SPEED    15   HIGHEST WIND DIRECTION     S (170)
  HIGHEST GUST SPEED    19   HIGHEST GUST DIRECTION    SE (150)
  AVERAGE WIND SPEED     9.0


SKY COVER
  POSSIBLE SUNSHINE  MM
  AVERAGE SKY COVER 0.1


WEATHER CONDITIONS
 THE FOLLOWING WEATHER WAS RECORDED YESTERDAY.
  FOG
  HAZE


RELATIVE HUMIDITY (PERCENT)
 HIGHEST   100           400 AM
 LOWEST     61           200 PM
 AVERAGE    81

..........................................................


THE OTTUMWA IA CLIMATE NORMALS FOR TODAY
                         NORMAL    RECORD    YEAR
 MAXIMUM TEMPERATURE (F)   86       104      1936
 MINIMUM TEMPERATURE (F)   65        52      2006


SUNRISE AND SUNSET
JULY  6 2015..........SUNRISE   544 AM CDT   SUNSET   845 PM CDT
JULY  7 2015..........SUNRISE   544 AM CDT   SUNSET   845 PM CDT


-  INDICATES NEGATIVE NUMBERS.
R  INDICATES RECORD WAS SET OR TIED.
MM INDICATES DATA IS MISSING.
T  INDICATES TRACE AMOUNT.




$$
