000
CDUS46 KOTX 270830
CLIOTX


CLIMATE REPORT
NATIONAL WEATHER SERVICE SPOKANE, WA
1229 AM PST MON FEB 27 2017


...................................

...THE SPOKANE  WA WFO CLIMATE SUMMARY FOR FEBRUARY 26 2017...

CLIMATE NORMAL PERIOD 1981 TO 2010
CLIMATE RECORD PERIOD 1881 TO 2017


WEATHER ITEM   OBSERVED TIME   RECORD YEAR NORMAL DEPARTURE LAST
                VALUE   (LST)  VALUE       VALUE  FROM      YEAR
                                                  NORMAL
..................................................................
TEMPERATURE (F)
 YESTERDAY
  MAXIMUM         30        MM  MM      MM  42    -12       54
  MINIMUM         15        MM  MM      MM  25    -10       28
  AVERAGE         23                        34    -11       41

PRECIPITATION (IN)
  YESTERDAY        0.18         MM      MM   0.05   0.13      T
  MONTH TO DATE    3.75                      1.36   2.39     0.71
  SINCE OCT 1     15.78                      9.26   6.52    10.08
  SINCE JAN 1      5.41                      3.23   2.18     3.33

SNOWFALL (IN)
  YESTERDAY        0.9          MM      MM   0.2    0.7      0.0
  MONTH TO DATE   13.1                       5.7    7.4      1.1
  SINCE DEC 1     44.6                      38.2    6.4     31.1
  SINCE JUL 1     46.8                      46.1    0.7     32.6
  SNOW DEPTH       5

DEGREE DAYS
 HEATING
  YESTERDAY       42                        31     11       24
  MONTH TO DATE  968                       878     90      730
  SINCE DEC 1   3732                      3253    479     2931
  SINCE JUL 1   5288                      5135    153     4591

 COOLING
  YESTERDAY        0                         0      0        0
  MONTH TO DATE    0                         0      0        0
  SINCE DEC 1      0                         0      0        0
  SINCE JAN 1      0                         0      0        0
..................................................................


WIND (MPH)
  HIGHEST WIND SPEED    MM   HIGHEST WIND DIRECTION    MM
  HIGHEST GUST SPEED    MM   HIGHEST GUST DIRECTION    MM
  AVERAGE WIND SPEED    MM


SKY COVER
  POSSIBLE SUNSHINE  MM
  AVERAGE SKY COVER  MM


WEATHER CONDITIONS
 THE FOLLOWING WEATHER WAS RECORDED YESTERDAY.
  MIXED PRECIP
  LIGHT RAIN
  LIGHT SNOW
  FOG
  FOG W/VISIBILITY <= 1/4 MILE


RELATIVE HUMIDITY (PERCENT)
 HIGHEST    MM
 LOWEST     MM
 AVERAGE    MM

..........................................................


THE SPOKANE  WA WFO CLIMATE NORMALS FOR TODAY
                         NORMAL    RECORD    YEAR
 MAXIMUM TEMPERATURE (F)   43        MM        MM
 MINIMUM TEMPERATURE (F)   25        MM        MM


SUNRISE AND SUNSET
FEBRUARY 27 2017......SUNRISE   634 AM PST   SUNSET   533 PM PST
FEBRUARY 28 2017......SUNRISE   632 AM PST   SUNSET   534 PM PST


-  INDICATES NEGATIVE NUMBERS.
R  INDICATES RECORD WAS SET OR TIED.
MM INDICATES DATA IS MISSING.
T  INDICATES TRACE AMOUNT.




$$
