000
CDUS46 KOTX 180829
CLIOTX


CLIMATE REPORT
NATIONAL WEATHER SERVICE SPOKANE, WA
124 AM PDT FRI APR 18 2014


...................................

...THE SPOKANE  WA WFO CLIMATE SUMMARY FOR APRIL 17 2014...

CLIMATE NORMAL PERIOD 1981 TO 2010
CLIMATE RECORD PERIOD 1881 TO 2014


WEATHER ITEM   OBSERVED TIME   RECORD YEAR NORMAL DEPARTURE LAST
                VALUE   (LST)  VALUE       VALUE  FROM      YEAR
                                                  NORMAL
..................................................................
TEMPERATURE (F)
 YESTERDAY
  MAXIMUM         50     MM     MM     MM   58     -8       53
  MINIMUM         43     MM     MM     MM   35      8       18
  AVERAGE         47                        46      1       36

PRECIPITATION (IN)
  YESTERDAY        0.37         MM     MM   0.04   0.33     0.00
  MONTH TO DATE    0.62                     0.76  -0.14     0.62
  SINCE OCT 1      8.35                    11.83  -3.48    11.42
  SINCE JAN 1      5.84                     5.80   0.04     3.38

SNOWFALL (IN)
  YESTERDAY        0.0          MM     MM   0.0    0.0      0.0
  MONTH TO DATE    T                        1.6   -1.6       T
  SINCE MAR 1      4.8                      6.9   -2.1      1.0
  SINCE JUL 1     31.0                     53.3  -22.3     48.2
  SNOW DEPTH       0

DEGREE DAYS
 HEATING
  YESTERDAY       18                        19     -1       29
  MONTH TO DATE  333                       346    -13      366
  SINCE MAR 1   1144                      1155    -11     1156
  SINCE JUL 1   6475                      6354    121     6064

 COOLING
  YESTERDAY        0                         0      0        0
  MONTH TO DATE    0                         0      0        0
  SINCE MAR 1      0                         0      0        0
  SINCE JAN 1      0                         0      0        0
..................................................................


WIND (MPH)
  HIGHEST WIND SPEED    MM   HIGHEST WIND DIRECTION    MM
  HIGHEST GUST SPEED    MM   HIGHEST GUST DIRECTION    MM
  AVERAGE WIND SPEED    MM


SKY COVER
  POSSIBLE SUNSHINE   0 PERCENT
  AVERAGE SKY COVER  MM


WEATHER CONDITIONS
 THE FOLLOWING WEATHER WAS RECORDED YESTERDAY.
  LIGHT RAIN


RELATIVE HUMIDITY (PERCENT)
 HIGHEST    MM
 LOWEST     MM
 AVERAGE    MM

..........................................................


THE SPOKANE  WA WFO CLIMATE NORMALS FOR TODAY
                         NORMAL    RECORD    YEAR
 MAXIMUM TEMPERATURE (F)   58        MM        MM
 MINIMUM TEMPERATURE (F)   35        MM        MM


SUNRISE AND SUNSET
APRIL 18 2014.........SUNRISE   556 AM PDT   SUNSET   745 PM PDT
APRIL 19 2014.........SUNRISE   554 AM PDT   SUNSET   746 PM PDT


-  INDICATES NEGATIVE NUMBERS.
R  INDICATES RECORD WAS SET OR TIED.
MM INDICATES DATA IS MISSING.
T  INDICATES TRACE AMOUNT.

$$
