000
CDUS46 KOTX 300827
CLIOTX


CLIMATE REPORT
NATIONAL WEATHER SERVICE SPOKANE, WA
125 AM PDT SUN AUG 30 2015


...................................

...THE SPOKANE  WA WFO CLIMATE SUMMARY FOR AUGUST 29 2015...

CLIMATE NORMAL PERIOD 1981 TO 2010
CLIMATE RECORD PERIOD 1881 TO 2015


WEATHER ITEM   OBSERVED TIME   RECORD YEAR NORMAL DEPARTURE LAST
                VALUE   (LST)  VALUE       VALUE  FROM      YEAR
                                                  NORMAL
..................................................................
TEMPERATURE (F)
 YESTERDAY
  MAXIMUM         83        MM  MM      MM  80      3       82
  MINIMUM         54        MM  MM      MM  47      7       50
  AVERAGE         69                        63      6       66

PRECIPITATION (IN)
  YESTERDAY        0.04         MM      MM   0.02   0.02     0.00
  MONTH TO DATE    0.11                      0.43  -0.32     0.37
  SINCE OCT 1     12.15                     16.41  -4.26    14.27
  SINCE JAN 1      7.44                     10.38  -2.94    11.76

SNOWFALL (IN)
  YESTERDAY        0.0          MM      MM   0.0    0.0      0.0
  MONTH TO DATE    0.0                       0.0    0.0      0.0
  SINCE JUN 1      0.0                       0.0    0.0      0.0
  SINCE JUL 1      0.0                       0.0    0.0      0.0
  SNOW DEPTH       0

DEGREE DAYS
 HEATING
  YESTERDAY        0                         4     -4        0
  MONTH TO DATE   16                        50    -34        8
  SINCE JUN 1     90                       289   -199      211
  SINCE JUL 1     32                       102    -70       20

 COOLING
  YESTERDAY        4                         2      2        1
  MONTH TO DATE  154                       101     53      153
  SINCE JUN 1    493                       225    268      397
  SINCE JAN 1    510                       230    280      397
..................................................................


WIND (MPH)
  HIGHEST WIND SPEED    MM   HIGHEST WIND DIRECTION    MM
  HIGHEST GUST SPEED    MM   HIGHEST GUST DIRECTION    MM
  AVERAGE WIND SPEED    MM


SKY COVER
  POSSIBLE SUNSHINE  MM
  AVERAGE SKY COVER  MM


WEATHER CONDITIONS
 THE FOLLOWING WEATHER WAS RECORDED YESTERDAY.
  LIGHT RAIN
  HAZE


RELATIVE HUMIDITY (PERCENT)
 HIGHEST    MM
 LOWEST     MM
 AVERAGE    MM

..........................................................


THE SPOKANE  WA WFO CLIMATE NORMALS FOR TODAY
                         NORMAL    RECORD    YEAR
 MAXIMUM TEMPERATURE (F)   79        MM        MM
 MINIMUM TEMPERATURE (F)   47        MM        MM


SUNRISE AND SUNSET
AUGUST 30 2015........SUNRISE   606 AM PDT   SUNSET   735 PM PDT
AUGUST 31 2015........SUNRISE   607 AM PDT   SUNSET   733 PM PDT


-  INDICATES NEGATIVE NUMBERS.
R  INDICATES RECORD WAS SET OR TIED.
MM INDICATES DATA IS MISSING.
T  INDICATES TRACE AMOUNT.




$$
