826
CDUS46 KOTX 200831
CLIOTX


CLIMATE REPORT
NATIONAL WEATHER SERVICE SPOKANE, WA
1231 AM PST FRI JAN 20 2017


...................................

...THE SPOKANE  WA WFO CLIMATE SUMMARY FOR JANUARY 19 2017...

CLIMATE NORMAL PERIOD 1981 TO 2010
CLIMATE RECORD PERIOD 1881 TO 2017


WEATHER ITEM   OBSERVED TIME   RECORD YEAR NORMAL DEPARTURE LAST
                VALUE   (LST)  VALUE       VALUE  FROM      YEAR
                                                  NORMAL
..................................................................
TEMPERATURE (F)
 YESTERDAY
  MAXIMUM         39        MM  MM      MM  33      6       37
  MINIMUM         25        MM  MM      MM  23      2       31
  AVERAGE         32                        28      4       34

PRECIPITATION (IN)
  YESTERDAY        0.00         MM      MM   0.06  -0.06     0.40
  MONTH TO DATE    1.37                      1.26   0.11     1.51
  SINCE OCT 1     11.74                      7.29   4.45     8.26
  SINCE JAN 1      1.37                      1.26   0.11     1.51

SNOWFALL (IN)
  YESTERDAY        0.0          MM      MM   0.5   -0.5       T
  MONTH TO DATE   11.5                      10.7    0.8      4.7
  SINCE DEC 1     30.4                      27.7    2.7     28.9
  SINCE JUL 1     32.6                      35.6   -3.0     30.4
  SNOW DEPTH      10

DEGREE DAYS
 HEATING
  YESTERDAY       33                        37     -4       31
  MONTH TO DATE  976                       726    250      731
  SINCE DEC 1   2320                      1942    378     1822
  SINCE JUL 1   3876                      3824     52     3482

 COOLING
  YESTERDAY        0                         0      0        0
  MONTH TO DATE    0                         0      0        0
  SINCE DEC 1      0                         0      0        0
  SINCE JAN 1      0                         0      0        0
..................................................................


WIND (MPH)
  HIGHEST WIND SPEED    15   HIGHEST WIND DIRECTION    MM
  HIGHEST GUST SPEED    20   HIGHEST GUST DIRECTION    MM
  AVERAGE WIND SPEED     6.0


SKY COVER
  POSSIBLE SUNSHINE  MM
  AVERAGE SKY COVER  MM


WEATHER CONDITIONS
 THE FOLLOWING WEATHER WAS RECORDED YESTERDAY.
  NO SIGNIFICANT WEATHER WAS OBSERVED.


RELATIVE HUMIDITY (PERCENT)
 HIGHEST   100
 LOWEST     81
 AVERAGE    91

..........................................................


THE SPOKANE  WA WFO CLIMATE NORMALS FOR TODAY
                         NORMAL    RECORD    YEAR
 MAXIMUM TEMPERATURE (F)   34        MM        MM
 MINIMUM TEMPERATURE (F)   23        MM        MM


SUNRISE AND SUNSET
JANUARY 20 2017.......SUNRISE   730 AM PST   SUNSET   434 PM PST
JANUARY 21 2017.......SUNRISE   729 AM PST   SUNSET   435 PM PST


-  INDICATES NEGATIVE NUMBERS.
R  INDICATES RECORD WAS SET OR TIED.
MM INDICATES DATA IS MISSING.
T  INDICATES TRACE AMOUNT.




$$
