000
CDUS46 KOTX 150839
CLIOTX


CLIMATE REPORT
NATIONAL WEATHER SERVICE SPOKANE, WA
1239 AM PST FRI DEC 15 2017


...................................

...THE SPOKANE  WA WFO CLIMATE SUMMARY FOR DECEMBER 14 2017...

CLIMATE NORMAL PERIOD 1981 TO 2010
CLIMATE RECORD PERIOD 1881 TO 2017


WEATHER ITEM   OBSERVED TIME   RECORD YEAR NORMAL DEPARTURE LAST
                VALUE   (LST)  VALUE       VALUE  FROM      YEAR
                                                  NORMAL
..................................................................
TEMPERATURE (F)
 YESTERDAY
  MAXIMUM         30        MM  MM      MM  31     -1       17
  MINIMUM         28        MM  MM      MM  20      8        2
  AVERAGE         29                        25      4       10

PRECIPITATION (IN)
  YESTERDAY        T            MM      MM   0.08  -0.08     0.01
  MONTH TO DATE    0.15                      1.16  -1.01     0.47
  SINCE OCT 1      4.55                      4.66  -0.11     9.24
  SINCE JAN 1     18.92                     15.71   3.21    19.65

SNOWFALL (IN)
  YESTERDAY        0.0          MM      MM   0.5   -0.5      0.2
  MONTH TO DATE    T                         6.8   -6.8      5.0
  SINCE DEC 1      T                         6.8   -6.8      5.0
  SINCE JUL 1      5.7                      14.7   -9.0      7.2
  SNOW DEPTH       0

DEGREE DAYS
 HEATING
  YESTERDAY       36                        40     -4       55
  MONTH TO DATE  512                       537    -25      583
  SINCE DEC 1    512                       537    -25      583
  SINCE JUL 1   2276                      2419   -143     2139

 COOLING
  YESTERDAY        0                         0      0        0
  MONTH TO DATE    0                         0      0        0
  SINCE DEC 1      0                         0      0        0
  SINCE JAN 1    413                       249    164      229
..................................................................


WIND (MPH)
  HIGHEST WIND SPEED    MM   HIGHEST WIND DIRECTION    MM
  HIGHEST GUST SPEED    MM   HIGHEST GUST DIRECTION    MM
  AVERAGE WIND SPEED    MM


SKY COVER
  POSSIBLE SUNSHINE  MM
  AVERAGE SKY COVER  MM


WEATHER CONDITIONS
 THE FOLLOWING WEATHER WAS RECORDED YESTERDAY.
  LT FREEZING RAIN


RELATIVE HUMIDITY (PERCENT)
 HIGHEST    MM
 LOWEST     MM
 AVERAGE    MM

..........................................................


THE SPOKANE  WA WFO CLIMATE NORMALS FOR TODAY
                         NORMAL    RECORD    YEAR
 MAXIMUM TEMPERATURE (F)   31        MM        MM
 MINIMUM TEMPERATURE (F)   20        MM        MM


SUNRISE AND SUNSET
DECEMBER 15 2017......SUNRISE   733 AM PST   SUNSET   359 PM PST
DECEMBER 16 2017......SUNRISE   733 AM PST   SUNSET   359 PM PST


-  INDICATES NEGATIVE NUMBERS.
R  INDICATES RECORD WAS SET OR TIED.
MM INDICATES DATA IS MISSING.
T  INDICATES TRACE AMOUNT.




$$
