000
CDUS43 KDDC 230713
CLIP28


CLIMATE REPORT
NATIONAL WEATHER SERVICE DODGE CITY KS
206 AM CDT SUN JUL 23 2017


...................................

...THE MEDICINE LODGE KS CLIMATE SUMMARY FOR JULY 22 2017...

CLIMATE NORMAL PERIOD 1981 TO 2010
CLIMATE RECORD PERIOD 1893 TO 2017


WEATHER ITEM   OBSERVED TIME   RECORD YEAR NORMAL DEPARTURE LAST
                VALUE   (LST)  VALUE       VALUE  FROM      YEAR
                                                  NORMAL
..................................................................
TEMPERATURE (F)
 YESTERDAY
  MAXIMUM        106    417 PM 110    1954  95     11      106
  MINIMUM         74    543 AM  52    1970  70      4       75
  AVERAGE         90                        83      7       91

PRECIPITATION (IN)
  YESTERDAY        0.00          1.40 1995   0.11  -0.11     0.00
  MONTH TO DATE    0.79                      2.54  -1.75     1.56
  SINCE JUN 1      2.78                      6.65  -3.87     3.46
  SINCE JAN 1     18.33                     16.39   1.94    12.24

SNOWFALL (IN)
  YESTERDAY        0.0          MM      MM   0.0             0.0
  MONTH TO DATE    0.0                       0.0             0.0
  SINCE JUN 1      0.0                       0.0             0.0
  SINCE JUL 1      0.0                       0.0             0.0
  SNOW DEPTH       0

DEGREE DAYS
 HEATING
  YESTERDAY        0                         0      0        0
  MONTH TO DATE    0                         0      0        0
  SINCE JUN 1      0                         3     -3        0
  SINCE JUL 1      0                         0      0        0

 COOLING
  YESTERDAY       25                        18      7       26
  MONTH TO DATE  399                       370     29      408
  SINCE JUN 1    771                       723     48      867
  SINCE JAN 1    869                       879    -10     1004
..................................................................


WIND (MPH)
  HIGHEST WIND SPEED    33   HIGHEST WIND DIRECTION    NE (50)
  HIGHEST GUST SPEED    43   HIGHEST GUST DIRECTION    NE (40)
  AVERAGE WIND SPEED     9.6




RELATIVE HUMIDITY (PERCENT)
 HIGHEST    69           600 AM
 LOWEST     17           400 PM
 AVERAGE    43

..........................................................


THE MEDICINE LODGE KS CLIMATE NORMALS FOR TODAY
                         NORMAL    RECORD    YEAR
 MAXIMUM TEMPERATURE (F)   95       113      1936
 MINIMUM TEMPERATURE (F)   70        51      1970


SUNRISE AND SUNSET
JULY 23 2017..........SUNRISE   632 AM CDT   SUNSET   849 PM CDT
JULY 24 2017..........SUNRISE   633 AM CDT   SUNSET   849 PM CDT


-  INDICATES NEGATIVE NUMBERS.
R  INDICATES RECORD WAS SET OR TIED.
MM INDICATES DATA IS MISSING.
T  INDICATES TRACE AMOUNT.




$$
