000
CDUS43 KDDC 272325
CLIP28


CLIMATE REPORT
NATIONAL WEATHER SERVICE DODGE CITY KS
625 PM CDT SAT MAY 27 2017


...................................

...THE MEDICINE LODGE KS CLIMATE SUMMARY FOR MAY 27 2017...
VALID TODAY AS OF 0500 PM LOCAL TIME.

CLIMATE NORMAL PERIOD 1981 TO 2010
CLIMATE RECORD PERIOD 1893 TO 2017


WEATHER ITEM   OBSERVED TIME   RECORD YEAR NORMAL DEPARTURE LAST
                VALUE   (LST)  VALUE       VALUE  FROM      YEAR
                                                  NORMAL
..................................................................
TEMPERATURE (F)
 TODAY
  MAXIMUM         84    325 PM 100    1896  83      1       82
                                      1953
  MINIMUM         62    444 AM  44    1992  59      3       60
  AVERAGE         73                        71      2       71

PRECIPITATION (IN)
  TODAY            0.00          2.90 1900   0.11  -0.11     0.00
  MONTH TO DATE    4.93                      2.77   2.16     1.84
  SINCE MAR 1     11.38                      7.46   3.92     7.45
  SINCE JAN 1     15.30                      9.21   6.09     8.34

DEGREE DAYS
 HEATING
  TODAY            0                         1     -1        0
  MONTH TO DATE   37                        69    -32      109
  SINCE MAR 1    710                       925   -215      712
  SINCE JUL 1   3711                      4454   -743     3601

 COOLING
  TODAY            8                         7      1        6
  MONTH TO DATE   32                       104    -72       79
  SINCE MAR 1     72                       128    -56      115
  SINCE JAN 1     72                       128    -56      115
..................................................................


WIND (MPH)
  HIGHEST WIND SPEED    26   HIGHEST WIND DIRECTION    NE (60)
  HIGHEST GUST SPEED    35   HIGHEST GUST DIRECTION    NE (30)
  AVERAGE WIND SPEED    11.7




RELATIVE HUMIDITY (PERCENT)
 HIGHEST    87           300 AM
 LOWEST     47           200 PM
 AVERAGE    67

..........................................................


THE MEDICINE LODGE KS CLIMATE NORMALS FOR TOMORROW
                         NORMAL    RECORD    YEAR
 MAXIMUM TEMPERATURE (F)   83        98      2006
                                             1959
 MINIMUM TEMPERATURE (F)   59        42      1906


SUNRISE AND SUNSET
MAY 27 2017...........SUNRISE   617 AM CDT   SUNSET   846 PM CDT
MAY 28 2017...........SUNRISE   617 AM CDT   SUNSET   847 PM CDT


-  INDICATES NEGATIVE NUMBERS.
R  INDICATES RECORD WAS SET OR TIED.
MM INDICATES DATA IS MISSING.
T  INDICATES TRACE AMOUNT.




$$
