887
CDUS43 KDDC 221007
CLIP28


CLIMATE REPORT
NATIONAL WEATHER SERVICE DODGE CITY KS
506 AM CDT FRI MAY 22 2015


...................................

...THE MEDICINE LODGE KS CLIMATE SUMMARY FOR MAY 21 2015...

CLIMATE NORMAL PERIOD 1981 TO 2010
CLIMATE RECORD PERIOD 1893 TO 2015


WEATHER ITEM   OBSERVED TIME   RECORD YEAR NORMAL DEPARTURE LAST
                VALUE   (LST)  VALUE       VALUE  FROM      YEAR
                                                  NORMAL
..................................................................
TEMPERATURE (F)
 YESTERDAY
  MAXIMUM         65    331 PM 104    1948  81    -16       97
  MINIMUM         40    521 AM  39    1915  57    -17       66
  AVERAGE         53                        69    -16       82

PRECIPITATION (IN)
  YESTERDAY        0.00          3.26 1902   0.11  -0.11     0.00
  MONTH TO DATE    4.39                      2.10   2.29     0.08
  SINCE MAR 1      8.25                      6.79   1.46     1.20
  SINCE JAN 1      9.56                      8.54   1.02     2.15

SNOWFALL (IN)
  YESTERDAY        0.0          MM      MM   0.0             0.0
  MONTH TO DATE    0.0                       0.0             0.0
  SINCE MAR 1      0.3                       0.1             5.5
  SINCE JUL 1     13.2                       8.5            28.5
  SNOW DEPTH       0

DEGREE DAYS
 HEATING
  YESTERDAY       12                         1     11        0
  MONTH TO DATE   82                        63     19       84
  SINCE MAR 1    725                       919   -194     1072
  SINCE JUL 1   4299                      4448   -149     5023

 COOLING
  YESTERDAY        0                         5     -5       17
  MONTH TO DATE   49                        68    -19      147
  SINCE MAR 1     81                        92    -11      176
  SINCE JAN 1     81                        92    -11      176
..................................................................


WIND (MPH)
  HIGHEST WIND SPEED    13   HIGHEST WIND DIRECTION    NE (40)
  HIGHEST GUST SPEED    17   HIGHEST GUST DIRECTION     E (70)
  AVERAGE WIND SPEED     6.4




RELATIVE HUMIDITY (PERCENT)
 HIGHEST   100           200 AM
 LOWEST     48           100 PM
 AVERAGE    74

..........................................................


THE MEDICINE LODGE KS CLIMATE NORMALS FOR TODAY
                         NORMAL    RECORD    YEAR
 MAXIMUM TEMPERATURE (F)   81       103      1948
 MINIMUM TEMPERATURE (F)   57        35      1931


SUNRISE AND SUNSET
MAY 22 2015...........SUNRISE   621 AM CDT   SUNSET   842 PM CDT
MAY 23 2015...........SUNRISE   620 AM CDT   SUNSET   843 PM CDT


-  INDICATES NEGATIVE NUMBERS.
R  INDICATES RECORD WAS SET OR TIED.
MM INDICATES DATA IS MISSING.
T  INDICATES TRACE AMOUNT.




$$
