000
CDUS43 KDDC 202349
CLIP28


CLIMATE REPORT
NATIONAL WEATHER SERVICE DODGE CITY KS
646 PM CDT SAT SEP 20 2014


...................................

...THE MEDICINE LODGE KS CLIMATE SUMMARY FOR SEPTEMBER 20 2014...
VALID TODAY AS OF 0500 PM LOCAL TIME.

CLIMATE NORMAL PERIOD 1981 TO 2010
CLIMATE RECORD PERIOD 1893 TO 2014


WEATHER ITEM   OBSERVED TIME   RECORD YEAR NORMAL DEPARTURE LAST
                VALUE   (LST)  VALUE       VALUE  FROM      YEAR
                                                  NORMAL
..................................................................
TEMPERATURE (F)
 TODAY
  MAXIMUM         92    352 PM  98    1998  82     10       77
  MINIMUM         63    501 AM  34    1918  57      6       52
  AVERAGE         78                        69      9       65

PRECIPITATION (IN)
  TODAY            0.00          1.59 1978   0.07  -0.07     0.00
  MONTH TO DATE    0.54                      1.42  -0.88     0.17
  SINCE SEP 1      0.54                      1.42  -0.88     0.17
  SINCE JAN 1     18.05                     21.77  -3.72    21.81

DEGREE DAYS
 HEATING
  TODAY            0                         1     -1        0
  MONTH TO DATE   19                         8     11        0
  SINCE SEP 1     19                         8     11        0
  SINCE JUL 1     24                         8     16        0

 COOLING
  TODAY           13                         6      7        0
  MONTH TO DATE  184                       176      8      250
  SINCE SEP 1    184                       176      8      250
  SINCE JAN 1   1668                      1687    -19     1699
..................................................................


WIND (MPH)
  HIGHEST WIND SPEED    18   HIGHEST WIND DIRECTION     S (190)
  HIGHEST GUST SPEED    23   HIGHEST GUST DIRECTION     S (190)
  AVERAGE WIND SPEED     7.4




RELATIVE HUMIDITY (PERCENT)
 HIGHEST    93           500 AM
 LOWEST     36           500 PM
 AVERAGE    65

..........................................................


THE MEDICINE LODGE KS CLIMATE NORMALS FOR TOMORROW
                         NORMAL    RECORD    YEAR
 MAXIMUM TEMPERATURE (F)   82       102      1956
 MINIMUM TEMPERATURE (F)   56        29      1983


SUNRISE AND SUNSET
SEPTEMBER 20 2014.....SUNRISE   720 AM CDT   SUNSET   734 PM CDT
SEPTEMBER 21 2014.....SUNRISE   721 AM CDT   SUNSET   733 PM CDT


-  INDICATES NEGATIVE NUMBERS.
R  INDICATES RECORD WAS SET OR TIED.
MM INDICATES DATA IS MISSING.
T  INDICATES TRACE AMOUNT.




$$
