000
CDUS43 KDDC 260713
CLIP28


CLIMATE REPORT
NATIONAL WEATHER SERVICE DODGE CITY KS
212 AM CDT WED APR 26 2017


...................................

...THE MEDICINE LODGE KS CLIMATE SUMMARY FOR APRIL 25 2017...

CLIMATE NORMAL PERIOD 1981 TO 2010
CLIMATE RECORD PERIOD 1893 TO 2017


WEATHER ITEM   OBSERVED TIME   RECORD YEAR NORMAL DEPARTURE LAST
                VALUE   (LST)  VALUE       VALUE  FROM      YEAR
                                                  NORMAL
..................................................................
TEMPERATURE (F)
 YESTERDAY
  MAXIMUM         73   1018 AM  96    2012  72      1       80
  MINIMUM         46   1159 PM  29    1910  47     -1       60
  AVERAGE         60                        59      1       70

PRECIPITATION (IN)
  YESTERDAY        0.03          1.55 1965   0.09  -0.06     0.00
  MONTH TO DATE    2.35                      1.93   0.42     3.78
  SINCE MAR 1      4.58                      4.19   0.39     4.45
  SINCE JAN 1      8.50                      5.94   2.56     5.34

SNOWFALL (IN)
  YESTERDAY       MM            MM      MM   0.0             0.0
  MONTH TO DATE    0.0                       0.0             0.0
  SINCE MAR 1      0.0                       0.1             1.0
  SINCE JUL 1      1.4                       8.5             2.0
  SNOW DEPTH       0

DEGREE DAYS
 HEATING
  YESTERDAY        5                         7     -2        0
  MONTH TO DATE  175                       260    -85      150
  SINCE MAR 1    619                       828   -209      561
  SINCE JUL 1   3620                      4357   -737     3450

 COOLING
  YESTERDAY        0                         1     -1        5
  MONTH TO DATE   28                        17     11       19
  SINCE MAR 1     40                        19     21       29
  SINCE JAN 1     40                        19     21       29
..................................................................


WIND (MPH)
  HIGHEST WIND SPEED    29   HIGHEST WIND DIRECTION     N (360)
  HIGHEST GUST SPEED    40   HIGHEST GUST DIRECTION     N (10)
  AVERAGE WIND SPEED    12.2




RELATIVE HUMIDITY (PERCENT)
 HIGHEST    89           700 AM
 LOWEST     57          1000 AM
 AVERAGE    73

..........................................................


THE MEDICINE LODGE KS CLIMATE NORMALS FOR TODAY
                         NORMAL    RECORD    YEAR
 MAXIMUM TEMPERATURE (F)   72        97      1899
                                             1956
 MINIMUM TEMPERATURE (F)   48        26      1907


SUNRISE AND SUNSET
APRIL 26 2017.........SUNRISE   645 AM CDT   SUNSET   820 PM CDT
APRIL 27 2017.........SUNRISE   644 AM CDT   SUNSET   821 PM CDT


-  INDICATES NEGATIVE NUMBERS.
R  INDICATES RECORD WAS SET OR TIED.
MM INDICATES DATA IS MISSING.
T  INDICATES TRACE AMOUNT.




$$
