000
CDUS43 KDDC 252326
CLIP28


CLIMATE REPORT
NATIONAL WEATHER SERVICE DODGE CITY KS
626 PM CDT SAT OCT 25 2014


...................................

...THE MEDICINE LODGE KS CLIMATE SUMMARY FOR OCTOBER 25 2014...
VALID TODAY AS OF 0500 PM LOCAL TIME.

CLIMATE NORMAL PERIOD 1981 TO 2010
CLIMATE RECORD PERIOD 1893 TO 2014


WEATHER ITEM   OBSERVED TIME   RECORD YEAR NORMAL DEPARTURE LAST
                VALUE   (LST)  VALUE       VALUE  FROM      YEAR
                                                  NORMAL
..................................................................
TEMPERATURE (F)
 TODAY
  MAXIMUM         89    200 PM  90    1939  68     21       58
  MINIMUM         50    731 AM  21    1898  43      7       33
  AVERAGE         70                        55     15       46

PRECIPITATION (IN)
  TODAY            0.00          1.30 1899   0.08  -0.08     0.00
  MONTH TO DATE    0.70                      2.37  -1.67     0.79
  SINCE SEP 1      1.55                      4.47  -2.92     1.88
  SINCE JAN 1     19.06                     24.82  -5.76    23.52

DEGREE DAYS
 HEATING
  TODAY            0                        10    -10       19
  MONTH TO DATE  101                       167    -66      210
  SINCE SEP 1    120                       201    -81      220
  SINCE JUL 1    125                       201    -76      220

 COOLING
  TODAY            5                         0      5        0
  MONTH TO DATE   55                        37     18       45
  SINCE SEP 1    308                       257     51      337
  SINCE JAN 1   1792                      1768     24     1786
..................................................................


WIND (MPH)
  HIGHEST WIND SPEED    14   HIGHEST WIND DIRECTION     S (180)
  HIGHEST GUST SPEED    18   HIGHEST GUST DIRECTION     S (170)
  AVERAGE WIND SPEED     4.0




RELATIVE HUMIDITY (PERCENT)
 HIGHEST   100          1200 AM
 LOWEST     24           200 PM
 AVERAGE    62

..........................................................


THE MEDICINE LODGE KS CLIMATE NORMALS FOR TOMORROW
                         NORMAL    RECORD    YEAR
 MAXIMUM TEMPERATURE (F)   67        95      1922
 MINIMUM TEMPERATURE (F)   42        24      1957


SUNRISE AND SUNSET
OCTOBER 25 2014.......SUNRISE   752 AM CDT   SUNSET   644 PM CDT
OCTOBER 26 2014.......SUNRISE   753 AM CDT   SUNSET   643 PM CDT


-  INDICATES NEGATIVE NUMBERS.
R  INDICATES RECORD WAS SET OR TIED.
MM INDICATES DATA IS MISSING.
T  INDICATES TRACE AMOUNT.




$$
