000
CDUS43 KDDC 231021
CLIP28


CLIMATE REPORT
NATIONAL WEATHER SERVICE DODGE CITY KS
518 AM CDT SAT AUG 23 2014


...................................

...THE MEDICINE LODGE KS CLIMATE SUMMARY FOR AUGUST 22 2014...

CLIMATE NORMAL PERIOD 1981 TO 2010
CLIMATE RECORD PERIOD 1893 TO 2014


WEATHER ITEM   OBSERVED TIME   RECORD YEAR NORMAL DEPARTURE LAST
                VALUE   (LST)  VALUE       VALUE  FROM      YEAR
                                                  NORMAL
..................................................................
TEMPERATURE (F)
 YESTERDAY
  MAXIMUM        103    404 PM 108    1922  92     11       93
  MINIMUM         77    702 AM  52    1896  67     10       65
  AVERAGE         90                        79     11       79

PRECIPITATION (IN)
  YESTERDAY        0.00          2.00 1974   0.11  -0.11     0.00
  MONTH TO DATE    1.13                      2.15  -1.02     6.29
  SINCE JUN 1     13.74                      9.64   4.10    11.29
  SINCE JAN 1     16.63                     19.38  -2.75    21.64

SNOWFALL (IN)
  YESTERDAY        0.0          MM      MM   0.0             0.0
  MONTH TO DATE    0.0                       0.0             0.0
  SINCE JUN 1      0.0                       0.0             0.0
  SINCE JUL 1      0.0                       0.0             0.0
  SNOW DEPTH       0

DEGREE DAYS
 HEATING
  YESTERDAY        0                         0      0
  MONTH TO DATE    0                         0      0
  SINCE JUN 1      5                         3      2
  SINCE JUL 1      5                         0      5

 COOLING
  YESTERDAY       25                        14     11       14
  MONTH TO DATE  351                       355     -4      262
  SINCE JUN 1   1062                      1236   -174     1141
  SINCE JAN 1   1331                      1392    -61     1284
..................................................................


WIND (MPH)
  HIGHEST WIND SPEED    21   HIGHEST WIND DIRECTION     S (180)
  HIGHEST GUST SPEED    28   HIGHEST GUST DIRECTION     S (190)
  AVERAGE WIND SPEED    10.5




RELATIVE HUMIDITY (PERCENT)
 HIGHEST    71           400 AM
 LOWEST     25           300 PM
 AVERAGE    48

..........................................................


THE MEDICINE LODGE KS CLIMATE NORMALS FOR TODAY
                         NORMAL    RECORD    YEAR
 MAXIMUM TEMPERATURE (F)   92       112      1922
 MINIMUM TEMPERATURE (F)   67        48      1896
                                             1939


SUNRISE AND SUNSET
AUGUST 23 2014........SUNRISE   657 AM CDT   SUNSET   816 PM CDT
AUGUST 24 2014........SUNRISE   658 AM CDT   SUNSET   814 PM CDT


-  INDICATES NEGATIVE NUMBERS.
R  INDICATES RECORD WAS SET OR TIED.
MM INDICATES DATA IS MISSING.
T  INDICATES TRACE AMOUNT.




$$
