000
CDUS43 KDDC 250707
CLIP28


CLIMATE REPORT
NATIONAL WEATHER SERVICE DODGE CITY KS
106 AM CST SUN FEB 25 2018


...................................

...THE MEDICINE LODGE KS CLIMATE SUMMARY FOR FEBRUARY 24 2018...

CLIMATE NORMAL PERIOD 1981 TO 2010
CLIMATE RECORD PERIOD 1893 TO 2018


WEATHER ITEM   OBSERVED TIME   RECORD YEAR NORMAL DEPARTURE LAST
                VALUE   (LST)  VALUE       VALUE  FROM      YEAR
                                                  NORMAL
..................................................................
TEMPERATURE (F)
 YESTERDAY
  MAXIMUM         46    543 PM  84    1930  53     -7       42
  MINIMUM         25   1133 PM  -6    1913  28     -3       19
  AVERAGE         36                        41     -5       31

PRECIPITATION (IN)
  YESTERDAY        0.01          1.40 2001   0.04  -0.03     0.00
  MONTH TO DATE    0.30                      0.85  -0.55     0.22
  SINCE DEC 1      0.38                      2.48  -2.10     4.62
  SINCE JAN 1      0.38                      1.56  -1.18     3.92

SNOWFALL (IN)
  YESTERDAY       MM            MM      MM   0.0             0.0
  MONTH TO DATE    0.0                       2.0             0.0
  SINCE DEC 1      T                         8.0             1.4
  SINCE JUL 1      T                         8.2             1.4
  SNOW DEPTH       0

DEGREE DAYS
 HEATING
  YESTERDAY       29                        24      5       34
  MONTH TO DATE  745                       658     87      459
  SINCE DEC 1   2546                      2577    -31     2383
  SINCE JUL 1   3306                      3435   -129     2919

 COOLING
  YESTERDAY        0                         0      0        0
  MONTH TO DATE    0                         0      0        0
  SINCE DEC 1      0                         0      0        0
  SINCE JAN 1      0                         0      0        0
..................................................................


WIND (MPH)
  HIGHEST WIND SPEED    16   HIGHEST WIND DIRECTION     W (270)
  HIGHEST GUST SPEED    22   HIGHEST GUST DIRECTION     W (260)
  AVERAGE WIND SPEED     6.6




RELATIVE HUMIDITY (PERCENT)
 HIGHEST   100          1200 AM
 LOWEST     53           500 PM
 AVERAGE    77

..........................................................


THE MEDICINE LODGE KS CLIMATE NORMALS FOR TODAY
                         NORMAL    RECORD    YEAR
 MAXIMUM TEMPERATURE (F)   53        86      1904
 MINIMUM TEMPERATURE (F)   29        -2      1960


SUNRISE AND SUNSET
FEBRUARY 25 2018......SUNRISE   711 AM CST   SUNSET   624 PM CST
FEBRUARY 26 2018......SUNRISE   709 AM CST   SUNSET   625 PM CST


-  INDICATES NEGATIVE NUMBERS.
R  INDICATES RECORD WAS SET OR TIED.
MM INDICATES DATA IS MISSING.
T  INDICATES TRACE AMOUNT.




$$
