000
CDUS43 KDDC 192326
CLIP28


CLIMATE REPORT
NATIONAL WEATHER SERVICE DODGE CITY KS
525 PM CST THU JAN 19 2017


...................................

...THE MEDICINE LODGE KS CLIMATE SUMMARY FOR JANUARY 19 2017...
VALID TODAY AS OF 0500 PM LOCAL TIME.

CLIMATE NORMAL PERIOD 1981 TO 2010
CLIMATE RECORD PERIOD 1893 TO 2017


WEATHER ITEM   OBSERVED TIME   RECORD YEAR NORMAL DEPARTURE LAST
                VALUE   (LST)  VALUE       VALUE  FROM      YEAR
                                                  NORMAL
..................................................................
TEMPERATURE (F)
 TODAY
  MAXIMUM         48    359 PM  74    2015  46      2       29
                                      1951
  MINIMUM         43    333 AM -13    1984  22     21       22
  AVERAGE         46                        34     12       26

PRECIPITATION (IN)
  TODAY            0.00          0.78 1980   0.03  -0.03     0.00
  MONTH TO DATE    3.46                      0.37   3.09     0.50
  SINCE DEC 1      4.16                      1.29   2.87     2.87
  SINCE JAN 1      3.46                      0.37   3.09     0.50

DEGREE DAYS
 HEATING
  TODAY           19                        32    -13       39
  MONTH TO DATE  608                       608      0      619
  SINCE DEC 1   1629                      1549     80     1359
  SINCE JUL 1   2165                      2407   -242     1954

 COOLING
  TODAY            0                         0      0        0
  MONTH TO DATE    0                         0      0        0
  SINCE DEC 1      0                         0      0        0
  SINCE JAN 1      0                         0      0        0
..................................................................


WIND (MPH)
  HIGHEST WIND SPEED    16   HIGHEST WIND DIRECTION     S (170)
  HIGHEST GUST SPEED    25   HIGHEST GUST DIRECTION    SE (140)
  AVERAGE WIND SPEED     9.1




RELATIVE HUMIDITY (PERCENT)
 HIGHEST   100           700 AM
 LOWEST     77           300 PM
 AVERAGE    89

..........................................................


THE MEDICINE LODGE KS CLIMATE NORMALS FOR TOMORROW
                         NORMAL    RECORD    YEAR
 MAXIMUM TEMPERATURE (F)   46        72      1906
 MINIMUM TEMPERATURE (F)   22       -15      1985


SUNRISE AND SUNSET
JANUARY 19 2017.......SUNRISE   746 AM CST   SUNSET   545 PM CST
JANUARY 20 2017.......SUNRISE   745 AM CST   SUNSET   546 PM CST


-  INDICATES NEGATIVE NUMBERS.
R  INDICATES RECORD WAS SET OR TIED.
MM INDICATES DATA IS MISSING.
T  INDICATES TRACE AMOUNT.




$$
