000
CDUS45 KRIW 300734
CLIP60


CLIMATE REPORT
NATIONAL WEATHER SERVICE RIVERTON WY
127 AM MDT THU OCT 30 2014


...................................

...THE LAKE YELLOWSTONE WY CLIMATE SUMMARY FOR OCTOBER 29 2014...

CLIMATE NORMAL PERIOD 1981 TO 2010
CLIMATE RECORD PERIOD 1998 TO 2014


WEATHER ITEM   OBSERVED TIME   RECORD YEAR NORMAL DEPARTURE LAST
                VALUE   (LST)  VALUE       VALUE  FROM      YEAR
                                                  NORMAL
..................................................................
TEMPERATURE (F)
 YESTERDAY
  MAXIMUM         43    323 PM  54    2007  42      1       34
  MINIMUM         17    250 AM  -1    2009  19     -2       22
  AVERAGE         30                        31     -1       28

PRECIPITATION (IN)
  YESTERDAY        0.00          0.24 2005   0.05  -0.05     0.09
  MONTH TO DATE    1.33                      1.25   0.08     1.49
  SINCE SEP 1      3.50                      2.55   0.95     5.57
  SINCE JAN 1     26.62                     16.62  10.00    17.74

DEGREE DAYS
 HEATING
  YESTERDAY       35                        34      1       37
  MONTH TO DATE  776                       842    -66      939
  SINCE SEP 1   1314                      1390    -76     1468
  SINCE JUL 1   1976                      1977     -1     1892

 COOLING
  YESTERDAY        0                         0      0        0
  MONTH TO DATE    0                         0      0        0
  SINCE SEP 1      0                         0      0        0
  SINCE JAN 1      0                         0      0        0
..................................................................


WIND (MPH)
  HIGHEST WIND SPEED     9   HIGHEST WIND DIRECTION     W (250)
  HIGHEST GUST SPEED    18   HIGHEST GUST DIRECTION     W (280)
  AVERAGE WIND SPEED     2.2


SKY COVER
  POSSIBLE SUNSHINE  MM
  AVERAGE SKY COVER 0.0


WEATHER CONDITIONS
 THE FOLLOWING WEATHER WAS RECORDED YESTERDAY.
  NO SIGNIFICANT WEATHER WAS OBSERVED.


RELATIVE HUMIDITY (PERCENT)
 HIGHEST    92           100 AM
 LOWEST     48          1100 AM
 AVERAGE    70

..........................................................


THE LAKE YELLOWSTONE WY CLIMATE NORMALS FOR TODAY
                         NORMAL    RECORD    YEAR
 MAXIMUM TEMPERATURE (F)   42        56      2008
 MINIMUM TEMPERATURE (F)   19         3      2006


SUNRISE AND SUNSET
OCTOBER 30 2014.......SUNRISE   757 AM MDT   SUNSET   613 PM MDT
OCTOBER 31 2014.......SUNRISE   758 AM MDT   SUNSET   612 PM MDT


-  INDICATES NEGATIVE NUMBERS.
R  INDICATES RECORD WAS SET OR TIED.
MM INDICATES DATA IS MISSING.
T  INDICATES TRACE AMOUNT.




$$
