000
CDUS45 KRIW 230746
CLIP60


CLIMATE REPORT
NATIONAL WEATHER SERVICE RIVERTON WY
1246 AM MST SUN NOV 23 2014


...................................

...THE LAKE YELLOWSTONE WY CLIMATE SUMMARY FOR NOVEMBER 22 2014...

CLIMATE NORMAL PERIOD 1981 TO 2010
CLIMATE RECORD PERIOD 1998 TO 2014


WEATHER ITEM   OBSERVED TIME   RECORD YEAR NORMAL DEPARTURE LAST
                VALUE   (LST)  VALUE       VALUE  FROM      YEAR
                                                  NORMAL
..................................................................
TEMPERATURE (F)
 YESTERDAY
  MAXIMUM         33    206 PM  44    2002  30      3       27
  MINIMUM          7   1114 PM -15    2003   9     -2       -8
  AVERAGE         20                        20      0       10

PRECIPITATION (IN)
  YESTERDAY        0.22          0.24 2010   0.07   0.15     0.00
  MONTH TO DATE    1.15                      1.53  -0.38     1.01
  SINCE SEP 1      4.65                      4.18   0.47     6.70
  SINCE JAN 1     27.77                     18.25   9.52    18.87

DEGREE DAYS
 HEATING
  YESTERDAY       45                        45      0       55
  MONTH TO DATE  986                       893     93      913
  SINCE SEP 1   2352                      2354     -2     2455
  SINCE JUL 1   3014                      2941     73     2879

 COOLING
  YESTERDAY        0                         0      0        0
  MONTH TO DATE    0                         0      0        0
  SINCE SEP 1      0                         0      0        0
  SINCE JAN 1      0                         0      0        0
..................................................................


WIND (MPH)
  HIGHEST WIND SPEED    18   HIGHEST WIND DIRECTION     W (290)
  HIGHEST GUST SPEED    30   HIGHEST GUST DIRECTION     W (290)
  AVERAGE WIND SPEED     5.0


SKY COVER
  POSSIBLE SUNSHINE  MM
  AVERAGE SKY COVER 0.0


WEATHER CONDITIONS
 THE FOLLOWING WEATHER WAS RECORDED YESTERDAY.
  NO SIGNIFICANT WEATHER WAS OBSERVED.


RELATIVE HUMIDITY (PERCENT)
 HIGHEST    92           200 AM
 LOWEST     68           400 PM
 AVERAGE    80

..........................................................


THE LAKE YELLOWSTONE WY CLIMATE NORMALS FOR TODAY
                         NORMAL    RECORD    YEAR
 MAXIMUM TEMPERATURE (F)   29        39      2011
 MINIMUM TEMPERATURE (F)    9       -16      2003


SUNRISE AND SUNSET
NOVEMBER 23 2014......SUNRISE   729 AM MST   SUNSET   447 PM MST
NOVEMBER 24 2014......SUNRISE   730 AM MST   SUNSET   447 PM MST


-  INDICATES NEGATIVE NUMBERS.
R  INDICATES RECORD WAS SET OR TIED.
MM INDICATES DATA IS MISSING.
T  INDICATES TRACE AMOUNT.




$$
