000
CDUS45 KRIW 250042
CLIP60


CLIMATE REPORT
NATIONAL WEATHER SERVICE RIVERTON WY
540 PM MST SAT FEB 24 2018


...................................

...THE LAKE YELLOWSTONE WY CLIMATE SUMMARY FOR FEBRUARY 24 2018...
VALID TODAY AS OF 0500 PM LOCAL TIME.

CLIMATE NORMAL PERIOD 1981 TO 2010
CLIMATE RECORD PERIOD 1998 TO 2018


WEATHER ITEM   OBSERVED TIME   RECORD YEAR NORMAL DEPARTURE LAST
                VALUE   (LST)  VALUE       VALUE  FROM      YEAR
                                                  NORMAL
..................................................................
TEMPERATURE (F)
 TODAY
  MAXIMUM         13        MM  43    2012  30    -17       18
  MINIMUM         -7   1200 AM -38    2003   4    -11        1
  AVERAGE          3

PRECIPITATION (IN)
  TODAY            0.00          0.35 2009   0.05  -0.05     0.09
  MONTH TO DATE    3.27                      1.20   2.07     7.20
  SINCE DEC 1      7.63                      4.81   2.82    12.99
  SINCE JAN 1      5.38                      3.31   2.07     9.89

DEGREE DAYS
 HEATING
  TODAY           62                        48     14       55
  MONTH TO DATE 1279                      1215     64     1098
  SINCE DEC 1   4387                      4426    -39     4686
  SINCE JUL 1   7756                      7746     10     7830

 COOLING
  TODAY            0                         0      0        0
  MONTH TO DATE    0                         0      0        0
  SINCE DEC 1      0                         0      0        0
  SINCE JAN 1      0                         0      0        0
..................................................................


WIND (MPH)
  HIGHEST WIND SPEED    14   HIGHEST WIND DIRECTION     W (260)
  HIGHEST GUST SPEED    21   HIGHEST GUST DIRECTION     W (260)
  AVERAGE WIND SPEED     4.6


SKY COVER
  POSSIBLE SUNSHINE  MM
  AVERAGE SKY COVER 0.0


WEATHER CONDITIONS
 THE FOLLOWING WEATHER WAS RECORDED TODAY.
  NO SIGNIFICANT WEATHER WAS OBSERVED.


RELATIVE HUMIDITY (PERCENT)
 HIGHEST    87           400 AM
 LOWEST     61           200 PM
 AVERAGE    74

..........................................................


THE LAKE YELLOWSTONE WY CLIMATE NORMALS FOR TOMORROW
                         NORMAL    RECORD    YEAR
 MAXIMUM TEMPERATURE (F)   30        41      1999
 MINIMUM TEMPERATURE (F)    4       -31      2003


SUNRISE AND SUNSET
FEBRUARY 24 2018......SUNRISE   707 AM MST   SUNSET   603 PM MST
FEBRUARY 25 2018......SUNRISE   706 AM MST   SUNSET   604 PM MST


-  INDICATES NEGATIVE NUMBERS.
R  INDICATES RECORD WAS SET OR TIED.
MM INDICATES DATA IS MISSING.
T  INDICATES TRACE AMOUNT.




$$
