000
CDUS45 KLKN 280026
CLIP68


CLIMATE REPORT
NATIONAL WEATHER SERVICE ELKO NV
526 PM PDT SAT AUG 27 2016


...................................

...THE EUREKA AIRPORT NV CLIMATE SUMMARY FOR AUGUST 27 2016...
VALID TODAY AS OF 0500 PM LOCAL TIME.

CLIMATE NORMAL PERIOD 1981 TO 2010
CLIMATE RECORD PERIOD 1963 TO 2016


WEATHER ITEM   OBSERVED TIME   RECORD YEAR NORMAL DEPARTURE LAST
                VALUE   (LST)  VALUE       VALUE  FROM      YEAR
                                                  NORMAL
..................................................................
TEMPERATURE (F)
 TODAY
  MAXIMUM         87    321 PM  95    2001  85      2       87
  MINIMUM         41    451 AM  28    1992  45     -4       54
  AVERAGE         64                        65     -1       71

PRECIPITATION (IN)
  TODAY            0.00          0.13 1999   0.02  -0.02     0.00
  MONTH TO DATE    0.00                      0.50  -0.50     0.72
  SINCE OCT 1     12.11                      8.34   3.77     6.74
  SINCE JAN 1      7.84                      6.21   1.63     5.62

DEGREE DAYS
 HEATING
  TODAY            1                         2     -1        0
  MONTH TO DATE   11                        24    -13        7
  SINCE JUN 1     78                       197   -119       67
  SINCE JUL 1     24                        37    -13       28

 COOLING
  TODAY            0                         2     -2        6
  MONTH TO DATE  110                        95     15      167
  SINCE JUN 1    400                       267    133      445
  SINCE JAN 1    400                       270    130      453
..................................................................


WIND (MPH)
  HIGHEST WIND SPEED    18   HIGHEST WIND DIRECTION     W (250)
  HIGHEST GUST SPEED    26   HIGHEST GUST DIRECTION     W (270)




RELATIVE HUMIDITY (PERCENT)
 HIGHEST    37           200 AM
 LOWEST      8           300 PM
 AVERAGE    23

..........................................................


THE EUREKA AIRPORT NV CLIMATE NORMALS FOR TOMORROW
                         NORMAL    RECORD    YEAR
 MAXIMUM TEMPERATURE (F)   84        94      2009
                                             2001
 MINIMUM TEMPERATURE (F)   45        32      1963


SUNRISE AND SUNSET
AUGUST 27 2016........SUNRISE   608 AM PDT   SUNSET   722 PM PDT
AUGUST 28 2016........SUNRISE   609 AM PDT   SUNSET   720 PM PDT


-  INDICATES NEGATIVE NUMBERS.
R  INDICATES RECORD WAS SET OR TIED.
MM INDICATES DATA IS MISSING.
T  INDICATES TRACE AMOUNT.




$$
