000
CDUS45 KLKN 230951
CLIP68


CLIMATE REPORT
NATIONAL WEATHER SERVICE ELKO NV
250 AM PDT THU MAR 23 2017


...................................

...THE EUREKA AIRPORT NV CLIMATE SUMMARY FOR MARCH 22 2017...

CLIMATE NORMAL PERIOD 1981 TO 2010
CLIMATE RECORD PERIOD 1963 TO 2017


WEATHER ITEM   OBSERVED TIME   RECORD YEAR NORMAL DEPARTURE LAST
                VALUE   (LST)  VALUE       VALUE  FROM      YEAR
                                                  NORMAL
..................................................................
TEMPERATURE (F)
 YESTERDAY
  MAXIMUM         53   1231 PM  75    2004  52      1       41
  MINIMUM         33   1159 PM   6    1966  24      9       20
  AVERAGE         43                        38      5       31

PRECIPITATION (IN)
  YESTERDAY        0.53R         0.43 2009   0.04   0.49     0.17
  MONTH TO DATE    0.72                      0.64   0.08     0.35
  SINCE OCT 1      5.72                      4.37   1.35     6.59
  SINCE JAN 1      3.63                      2.24   1.39     2.32

DEGREE DAYS
 HEATING
  YESTERDAY       22                        27     -5       34
  MONTH TO DATE  455                       640   -185      486
  SINCE MAR 1    455                       640   -185      486
  SINCE JUL 1   5315                      5925   -610     5589

 COOLING
  YESTERDAY        0                         0      0        0
  MONTH TO DATE    0                         0      0        0
  SINCE MAR 1      0                         0      0        0
  SINCE JAN 1      0                         0      0        0
..................................................................


WIND (MPH)
  HIGHEST WIND SPEED    16   HIGHEST WIND DIRECTION     N (350)
  HIGHEST GUST SPEED    30   HIGHEST GUST DIRECTION     W (280)
  AVERAGE WIND SPEED     5.4




RELATIVE HUMIDITY (PERCENT)
 HIGHEST    92          1200 AM
 LOWEST     44           100 PM
 AVERAGE    68

..........................................................


THE EUREKA AIRPORT NV CLIMATE NORMALS FOR TODAY
                         NORMAL    RECORD    YEAR
 MAXIMUM TEMPERATURE (F)   53        72      2004
                                             1998
 MINIMUM TEMPERATURE (F)   24         8      1994
                                             1966


SUNRISE AND SUNSET
MARCH 23 2017.........SUNRISE   642 AM PDT   SUNSET   659 PM PDT
MARCH 24 2017.........SUNRISE   640 AM PDT   SUNSET   700 PM PDT


-  INDICATES NEGATIVE NUMBERS.
R  INDICATES RECORD WAS SET OR TIED.
MM INDICATES DATA IS MISSING.
T  INDICATES TRACE AMOUNT.




$$
