000
CDUS45 KLKN 190929
CLIP68


CLIMATE REPORT
NATIONAL WEATHER SERVICE ELKO NV
128 AM PST SUN FEB 19 2017


...................................

...THE EUREKA AIRPORT NV CLIMATE SUMMARY FOR FEBRUARY 18 2017...

CLIMATE NORMAL PERIOD 1981 TO 2010
CLIMATE RECORD PERIOD 1963 TO 2017


WEATHER ITEM   OBSERVED TIME   RECORD YEAR NORMAL DEPARTURE LAST
                VALUE   (LST)  VALUE       VALUE  FROM      YEAR
                                                  NORMAL
..................................................................
TEMPERATURE (F)
 YESTERDAY
  MAXIMUM         47    100 PM  64    2015  43      4       41
  MINIMUM         31   1159 PM  -7    1984  17     14       19
  AVERAGE         39                        30      9       30

PRECIPITATION (IN)
  YESTERDAY        0.00          0.30 2007   0.03  -0.03     0.28
  MONTH TO DATE    0.20                      0.54  -0.34     0.33
  SINCE OCT 1      4.74                      3.41   1.33     6.24
  SINCE JAN 1      2.65                      1.28   1.37     1.97

DEGREE DAYS
 HEATING
  YESTERDAY       26                        35     -9       35
  MONTH TO DATE  507                       670   -163      767
  SINCE DEC 1   3089                      3194   -105     3302
  SINCE JUL 1   4502                      4953   -451     4788

 COOLING
  YESTERDAY        0                         0      0        0
  MONTH TO DATE    0                         0      0        0
  SINCE DEC 1      0                         0      0        0
  SINCE JAN 1      0                         0      0        0
..................................................................


WIND (MPH)
  HIGHEST WIND SPEED    25   HIGHEST WIND DIRECTION     S (160)
  HIGHEST GUST SPEED    34   HIGHEST GUST DIRECTION     S (160)
  AVERAGE WIND SPEED    12.8




RELATIVE HUMIDITY (PERCENT)
 HIGHEST    85          1000 PM
 LOWEST     58          1200 PM
 AVERAGE    72

..........................................................


THE EUREKA AIRPORT NV CLIMATE NORMALS FOR TODAY
                         NORMAL    RECORD    YEAR
 MAXIMUM TEMPERATURE (F)   44        65      2015
 MINIMUM TEMPERATURE (F)   17        -9      2006


SUNRISE AND SUNSET
FEBRUARY 19 2017......SUNRISE   630 AM PST   SUNSET   525 PM PST
FEBRUARY 20 2017......SUNRISE   629 AM PST   SUNSET   527 PM PST


-  INDICATES NEGATIVE NUMBERS.
R  INDICATES RECORD WAS SET OR TIED.
MM INDICATES DATA IS MISSING.
T  INDICATES TRACE AMOUNT.




$$
