425
CDUS45 KLKN 050937
CLIP68


CLIMATE REPORT
NATIONAL WEATHER SERVICE ELKO NV
133 AM PST MON DEC 5 2016


...................................

...THE EUREKA AIRPORT NV CLIMATE SUMMARY FOR DECEMBER 4 2016...

CLIMATE NORMAL PERIOD 1981 TO 2010
CLIMATE RECORD PERIOD 1963 TO 2016


WEATHER ITEM   OBSERVED TIME   RECORD YEAR NORMAL DEPARTURE LAST
                VALUE   (LST)  VALUE       VALUE  FROM      YEAR
                                                  NORMAL
..................................................................
TEMPERATURE (F)
 YESTERDAY
  MAXIMUM         49    256 PM  58    2007  41      8       46
  MINIMUM         13    635 AM -15    2013  14     -1       17
  AVERAGE         31                        27      4       32

PRECIPITATION (IN)
  YESTERDAY        0.00          0.23 2001   0.02  -0.02     0.00
  MONTH TO DATE    0.01                      0.07  -0.06     0.00
  SINCE OCT 1      1.12                      1.59  -0.47     2.58
  SINCE JAN 1     10.03                      8.46   1.57     9.66

DEGREE DAYS
 HEATING
  YESTERDAY       34                        38     -4       33
  MONTH TO DATE  165                       149     16      147
  SINCE DEC 1    165                       149     16      147
  SINCE JUL 1   1578                      1908   -330     1633

 COOLING
  YESTERDAY        0                         0      0        0
  MONTH TO DATE    0                         0      0        0
  SINCE DEC 1      0                         0      0        0
  SINCE JAN 1    424                       288    136      516
..................................................................


WIND (MPH)
  HIGHEST WIND SPEED    25   HIGHEST WIND DIRECTION     W (270)
  HIGHEST GUST SPEED    34   HIGHEST GUST DIRECTION     W (270)
  AVERAGE WIND SPEED     8.2




RELATIVE HUMIDITY (PERCENT)
 HIGHEST    73           200 AM
 LOWEST     31           300 PM
 AVERAGE    52

..........................................................


THE EUREKA AIRPORT NV CLIMATE NORMALS FOR TODAY
                         NORMAL    RECORD    YEAR
 MAXIMUM TEMPERATURE (F)   41        61      1995
 MINIMUM TEMPERATURE (F)   13       -13      2013


SUNRISE AND SUNSET
DECEMBER  5 2016......SUNRISE   649 AM PST   SUNSET   420 PM PST
DECEMBER  6 2016......SUNRISE   650 AM PST   SUNSET   420 PM PST


-  INDICATES NEGATIVE NUMBERS.
R  INDICATES RECORD WAS SET OR TIED.
MM INDICATES DATA IS MISSING.
T  INDICATES TRACE AMOUNT.




$$
