000
CDUS45 KLKN 220946
CLIP68


CLIMATE REPORT
NATIONAL WEATHER SERVICE ELKO NV
138 AM PST SUN JAN 22 2017


...................................

...THE EUREKA AIRPORT NV CLIMATE SUMMARY FOR JANUARY 21 2017...

CLIMATE NORMAL PERIOD 1981 TO 2010
CLIMATE RECORD PERIOD 1963 TO 2017


WEATHER ITEM   OBSERVED TIME   RECORD YEAR NORMAL DEPARTURE LAST
                VALUE   (LST)  VALUE       VALUE  FROM      YEAR
                                                  NORMAL
..................................................................
TEMPERATURE (F)
 YESTERDAY
  MAXIMUM         37        MM  60    1994  38     -1       36
  MINIMUM         11        MM -12    1966  11      0        7
  AVERAGE         24                        24      0       22

PRECIPITATION (IN)
  YESTERDAY        0.00          0.13 2010   0.03  -0.03     0.00
  MONTH TO DATE    1.94                      0.50   1.44     0.68
  SINCE OCT 1      4.03                      2.63   1.40     4.95
  SINCE JAN 1      1.94                      0.50   1.44     0.68

DEGREE DAYS
 HEATING
  YESTERDAY       41                        41      0       43
  MONTH TO DATE  886                       876     10      902
  SINCE DEC 1   2111                      2123    -12     2128
  SINCE JUL 1   3524                      3882   -358     3614

 COOLING
  YESTERDAY        0                         0      0        0
  MONTH TO DATE    0                         0      0        0
  SINCE DEC 1      0                         0      0        0
  SINCE JAN 1      0                         0      0        0
..................................................................


WIND (MPH)
  HIGHEST WIND SPEED    15   HIGHEST WIND DIRECTION     W (250)
  HIGHEST GUST SPEED    24   HIGHEST GUST DIRECTION     W (260)
  AVERAGE WIND SPEED     7.7




RELATIVE HUMIDITY (PERCENT)
 HIGHEST    92           100 AM
 LOWEST     38           400 PM
 AVERAGE    65

..........................................................


THE EUREKA AIRPORT NV CLIMATE NORMALS FOR TODAY
                         NORMAL    RECORD    YEAR
 MAXIMUM TEMPERATURE (F)   38        61      1994
 MINIMUM TEMPERATURE (F)   11       -13      2008
                                             2004


SUNRISE AND SUNSET
JANUARY 22 2017.......SUNRISE   659 AM PST   SUNSET   453 PM PST
JANUARY 23 2017.......SUNRISE   658 AM PST   SUNSET   454 PM PST


-  INDICATES NEGATIVE NUMBERS.
R  INDICATES RECORD WAS SET OR TIED.
MM INDICATES DATA IS MISSING.
T  INDICATES TRACE AMOUNT.




$$
