000
CDUS45 KLKN 010937
CLIP68


CLIMATE REPORT
NATIONAL WEATHER SERVICE ELKO NV
232 AM PDT SAT OCT 1 2016


...................................

...THE EUREKA AIRPORT NV CLIMATE SUMMARY FOR SEPTEMBER 30 2016...

CLIMATE NORMAL PERIOD 1981 TO 2010
CLIMATE RECORD PERIOD 1963 TO 2016


WEATHER ITEM   OBSERVED TIME   RECORD YEAR NORMAL DEPARTURE LAST
                VALUE   (LST)  VALUE       VALUE  FROM      YEAR
                                                  NORMAL
..................................................................
TEMPERATURE (F)
 YESTERDAY
  MAXIMUM         79    146 PM  91    2010  72      7       81
  MINIMUM         49    622 AM  19    1995  33     16       55
  AVERAGE         64                        52     12       68

PRECIPITATION (IN)
  YESTERDAY        0.00          0.27 1982   0.02  -0.02     0.00
  MONTH TO DATE    1.07                      0.58   0.49     1.46
  SINCE OCT 1     13.18                      9.00   4.18     8.20
  SINCE JAN 1      8.91                      6.87   2.04     7.08

DEGREE DAYS
 HEATING
  YESTERDAY        1                        13    -12        0
  MONTH TO DATE  189                       217    -28       82
  SINCE SEP 1    189                       217    -28       82
  SINCE JUL 1    213                       264    -51      110

 COOLING
  YESTERDAY        0                         0      0        3
  MONTH TO DATE    9                        11     -2       42
  SINCE SEP 1      9                        11     -2       42
  SINCE JAN 1    424                       288    136      515
..................................................................


WIND (MPH)
  HIGHEST WIND SPEED    29   HIGHEST WIND DIRECTION     S (200)
  HIGHEST GUST SPEED    35   HIGHEST GUST DIRECTION     S (190)
  AVERAGE WIND SPEED     7.9




RELATIVE HUMIDITY (PERCENT)
 HIGHEST    77           700 AM
 LOWEST     19           200 PM
 AVERAGE    48

..........................................................


THE EUREKA AIRPORT NV CLIMATE NORMALS FOR TODAY
                         NORMAL    RECORD    YEAR
 MAXIMUM TEMPERATURE (F)   71        89      2010
                                             1980
 MINIMUM TEMPERATURE (F)   33        18      2009


SUNRISE AND SUNSET
OCTOBER  1 2016.......SUNRISE   641 AM PDT   SUNSET   625 PM PDT
OCTOBER  2 2016.......SUNRISE   641 AM PDT   SUNSET   624 PM PDT


-  INDICATES NEGATIVE NUMBERS.
R  INDICATES RECORD WAS SET OR TIED.
MM INDICATES DATA IS MISSING.
T  INDICATES TRACE AMOUNT.




$$
