000
CDUS45 KLKN 210030
CLIP68


CLIMATE REPORT
NATIONAL WEATHER SERVICE ELKO NV
528 PM PDT SUN AUG 20 2017


...................................

...THE EUREKA AIRPORT NV CLIMATE SUMMARY FOR AUGUST 20 2017...
VALID TODAY AS OF 0500 PM LOCAL TIME.

CLIMATE NORMAL PERIOD 1981 TO 2010
CLIMATE RECORD PERIOD 1963 TO 2017


WEATHER ITEM   OBSERVED TIME   RECORD YEAR NORMAL DEPARTURE LAST
                VALUE   (LST)  VALUE       VALUE  FROM      YEAR
                                                  NORMAL
..................................................................
TEMPERATURE (F)
 TODAY
  MAXIMUM         90    203 PM  97    2009  86      4       91
  MINIMUM         47    528 AM  33    1980  47      0       44
  AVERAGE         69                        66      3       68

PRECIPITATION (IN)
  TODAY            0.00          0.30 1990   0.02  -0.02     0.00
  MONTH TO DATE    0.48                      0.37   0.11     0.00
  SINCE OCT 1     10.00                      8.21   1.79    12.11
  SINCE JAN 1      7.91                      6.08   1.83     7.84

DEGREE DAYS
 HEATING
  TODAY            0                         1     -1        0
  MONTH TO DATE    4                        13     -9        1
  SINCE JUN 1     78                       186   -108       68
  SINCE JUL 1      4                        26    -22       14

 COOLING
  TODAY            4                         3      1        3
  MONTH TO DATE  117                        81     36       95
  SINCE JUN 1    449                       253    196      385
  SINCE JAN 1    449                       256    193      385
..................................................................


WIND (MPH)
  HIGHEST WIND SPEED    16   HIGHEST WIND DIRECTION    SE (140)
  HIGHEST GUST SPEED    19   HIGHEST GUST DIRECTION     S (180)




RELATIVE HUMIDITY (PERCENT)
 HIGHEST    54           500 AM
 LOWEST     10           200 PM
 AVERAGE    32

..........................................................


THE EUREKA AIRPORT NV CLIMATE NORMALS FOR TOMORROW
                         NORMAL    RECORD    YEAR
 MAXIMUM TEMPERATURE (F)   86        98      2009
 MINIMUM TEMPERATURE (F)   47        34      1980
                                             1968


SUNRISE AND SUNSET
AUGUST 20 2017........SUNRISE   601 AM PDT   SUNSET   732 PM PDT
AUGUST 21 2017........SUNRISE   602 AM PDT   SUNSET   731 PM PDT


-  INDICATES NEGATIVE NUMBERS.
R  INDICATES RECORD WAS SET OR TIED.
MM INDICATES DATA IS MISSING.
T  INDICATES TRACE AMOUNT.




$$
