096
CDUS45 KLKN 250932
CLIP68


CLIMATE REPORT
NATIONAL WEATHER SERVICE ELKO NV
231 AM PDT MON JUL 25 2016


...................................

...THE EUREKA AIRPORT NV CLIMATE SUMMARY FOR JULY 24 2016...

CLIMATE NORMAL PERIOD 1981 TO 2010
CLIMATE RECORD PERIOD 1963 TO 2016


WEATHER ITEM   OBSERVED TIME   RECORD YEAR NORMAL DEPARTURE LAST
                VALUE   (LST)  VALUE       VALUE  FROM      YEAR
                                                  NORMAL
..................................................................
TEMPERATURE (F)
 YESTERDAY
  MAXIMUM         97R   303 PM  97    2010  91      6       87
  MINIMUM         43    502 AM  37    1993  50     -7       45
  AVERAGE         70                        70      0       66

PRECIPITATION (IN)
  YESTERDAY        0.00          0.57 2002   0.03  -0.03     0.00
  MONTH TO DATE    0.00                      0.46  -0.46     0.88
  SINCE OCT 1     12.05                      7.67   4.38     6.02
  SINCE JAN 1      7.78                      5.54   2.24     4.90

DEGREE DAYS
 HEATING
  YESTERDAY        0                         0      0        0
  MONTH TO DATE   13                         8      5       13
  SINCE JUN 1     67                       168   -101       52
  SINCE JUL 1     13                         8      5       13

 COOLING
  YESTERDAY        5                         6     -1        1
  MONTH TO DATE  118                       105     13       98
  SINCE JUN 1    209                       134     75      255
  SINCE JAN 1    209                       137     72      263
..................................................................


WIND (MPH)
  HIGHEST WIND SPEED    18   HIGHEST WIND DIRECTION     W (290)
  HIGHEST GUST SPEED    25   HIGHEST GUST DIRECTION     W (290)
  AVERAGE WIND SPEED     6.4




RELATIVE HUMIDITY (PERCENT)
 HIGHEST    43           500 AM
 LOWEST      5           500 PM
 AVERAGE    24

..........................................................


THE EUREKA AIRPORT NV CLIMATE NORMALS FOR TODAY
                         NORMAL    RECORD    YEAR
 MAXIMUM TEMPERATURE (F)   91        98      2008
 MINIMUM TEMPERATURE (F)   50        34      1999


SUNRISE AND SUNSET
JULY 25 2016..........SUNRISE   538 AM PDT   SUNSET   803 PM PDT
JULY 26 2016..........SUNRISE   539 AM PDT   SUNSET   802 PM PDT


-  INDICATES NEGATIVE NUMBERS.
R  INDICATES RECORD WAS SET OR TIED.
MM INDICATES DATA IS MISSING.
T  INDICATES TRACE AMOUNT.




$$
