000
CDUS45 KLKN 250927
CLIP68


CLIMATE REPORT
NATIONAL WEATHER SERVICE ELKO NV
227 AM PDT FRI JUL 25 2014


...................................

...THE EUREKA AIRPORT NV CLIMATE SUMMARY FOR JULY 24 2014...

CLIMATE NORMAL PERIOD 1981 TO 2010
CLIMATE RECORD PERIOD 1963 TO 2014


WEATHER ITEM   OBSERVED TIME   RECORD YEAR NORMAL DEPARTURE LAST
                VALUE   (LST)  VALUE       VALUE  FROM      YEAR
                                                  NORMAL
..................................................................
TEMPERATURE (F)
 YESTERDAY
  MAXIMUM         93    227 PM  97    2010  91      2       87
  MINIMUM         46    334 AM  37    1993  50     -4       57
  AVERAGE         70                        70      0       72

PRECIPITATION (IN)
  YESTERDAY        0.00          0.57 2002   0.03  -0.03     0.20
  MONTH TO DATE    0.24                      0.46  -0.22     0.74
  SINCE OCT 1      7.31                      7.67  -0.36     5.31
  SINCE JAN 1      4.91                      5.54  -0.63     3.87

DEGREE DAYS
 HEATING
  YESTERDAY        0                         0      0        0
  MONTH TO DATE    0                         8     -8        1
  SINCE JUN 1    103                       168    -65       81
  SINCE JUL 1      0                         8     -8        1

 COOLING
  YESTERDAY        5                         6     -1        7
  MONTH TO DATE  214                       105    109      225
  SINCE JUN 1    255                       134    121      317
  SINCE JAN 1    257                       137    120      318
..................................................................


WIND (MPH)
  HIGHEST WIND SPEED    21   HIGHEST WIND DIRECTION     N (20)
  HIGHEST GUST SPEED    25   HIGHEST GUST DIRECTION     N (20)
  AVERAGE WIND SPEED     5.6




RELATIVE HUMIDITY (PERCENT)
 HIGHEST    42           400 AM
 LOWEST      9           200 PM
 AVERAGE    26

..........................................................


THE EUREKA AIRPORT NV CLIMATE NORMALS FOR TODAY
                         NORMAL    RECORD    YEAR
 MAXIMUM TEMPERATURE (F)   91        98      2008
 MINIMUM TEMPERATURE (F)   50        34      1999


SUNRISE AND SUNSET
JULY 25 2014..........SUNRISE   537 AM PDT   SUNSET   803 PM PDT
JULY 26 2014..........SUNRISE   538 AM PDT   SUNSET   802 PM PDT


-  INDICATES NEGATIVE NUMBERS.
R  INDICATES RECORD WAS SET OR TIED.
MM INDICATES DATA IS MISSING.
T  INDICATES TRACE AMOUNT.




$$
