000
CDUS45 KLKN 300944
CLIP68


CLIMATE REPORT
NATIONAL WEATHER SERVICE ELKO NV
228 AM PDT SUN AUG 30 2015


...................................

...THE EUREKA AIRPORT NV CLIMATE SUMMARY FOR AUGUST 29 2015...

CLIMATE NORMAL PERIOD 1981 TO 2010
CLIMATE RECORD PERIOD 1963 TO 2015


WEATHER ITEM   OBSERVED TIME   RECORD YEAR NORMAL DEPARTURE LAST
                VALUE   (LST)  VALUE       VALUE  FROM      YEAR
                                                  NORMAL
..................................................................
TEMPERATURE (F)
 YESTERDAY
  MAXIMUM         93    252 PM  95    1998  84      9       90
  MINIMUM         61   1159 PM  31    1969  44     17       49
  AVERAGE         77                        64     13       70

PRECIPITATION (IN)
  YESTERDAY        0.00          0.38 2000   0.02  -0.02     0.00
  MONTH TO DATE    0.72                      0.54   0.18     1.84
  SINCE OCT 1      6.74                      8.38  -1.64     9.21
  SINCE JAN 1      5.62                      6.25  -0.63     6.81

DEGREE DAYS
 HEATING
  YESTERDAY        0                         2     -2        0
  MONTH TO DATE    7                        28    -21       23
  SINCE JUN 1     67                       201   -134      126
  SINCE JUL 1     28                        41    -13       23

 COOLING
  YESTERDAY       12                         2     10        5
  MONTH TO DATE  186                        99     87       89
  SINCE JUN 1    464                       271    193      390
  SINCE JAN 1    472                       274    198      392
..................................................................


WIND (MPH)
  HIGHEST WIND SPEED    31   HIGHEST WIND DIRECTION     S (180)
  HIGHEST GUST SPEED    36   HIGHEST GUST DIRECTION     S (200)
  AVERAGE WIND SPEED    13.4




RELATIVE HUMIDITY (PERCENT)
 HIGHEST    44           500 AM
 LOWEST      9           200 PM
 AVERAGE    27

..........................................................


THE EUREKA AIRPORT NV CLIMATE NORMALS FOR TODAY
                         NORMAL    RECORD    YEAR
 MAXIMUM TEMPERATURE (F)   84        93      2011
                                             1998
 MINIMUM TEMPERATURE (F)   44        30      1968


SUNRISE AND SUNSET
AUGUST 30 2015........SUNRISE   610 AM PDT   SUNSET   718 PM PDT
AUGUST 31 2015........SUNRISE   611 AM PDT   SUNSET   717 PM PDT


-  INDICATES NEGATIVE NUMBERS.
R  INDICATES RECORD WAS SET OR TIED.
MM INDICATES DATA IS MISSING.
T  INDICATES TRACE AMOUNT.




$$
