000
CDUS45 KLKN 030035
CLIP68


CLIMATE REPORT
NATIONAL WEATHER SERVICE ELKO NV
534 PM PDT TUE SEP 2 2014


...................................

...THE EUREKA AIRPORT NV CLIMATE SUMMARY FOR SEPTEMBER 2 2014...
VALID TODAY AS OF 0500 PM LOCAL TIME.

CLIMATE NORMAL PERIOD 1981 TO 2010
CLIMATE RECORD PERIOD 1963 TO 2014


WEATHER ITEM   OBSERVED TIME   RECORD YEAR NORMAL DEPARTURE LAST
                VALUE   (LST)  VALUE       VALUE  FROM      YEAR
                                                  NORMAL
..................................................................
TEMPERATURE (F)
 TODAY
  MAXIMUM         92R   353 PM  91    1995  83      9       84
  MINIMUM         47    539 AM  27    2008  43      4       54
  AVERAGE         70                        63      7       69

PRECIPITATION (IN)
  TODAY            0.00          0.51 1997   0.02  -0.02     0.04
  MONTH TO DATE    0.00                      0.04  -0.04     0.07
  SINCE OCT 1      9.21                      8.46   0.75     6.46
  SINCE JAN 1      6.81                      6.33   0.48     5.02

DEGREE DAYS
 HEATING
  TODAY            0                         3     -3        0
  MONTH TO DATE    0                         6     -6        0
  SINCE SEP 1      0                         6     -6        0
  SINCE JUL 1     25                        53    -28        1

 COOLING
  TODAY            5                         1      4        4
  MONTH TO DATE    5                         2      3       11
  SINCE SEP 1      5                         2      3       11
  SINCE JAN 1    404                       279    125      552
..................................................................


WIND (MPH)
  HIGHEST WIND SPEED    17   HIGHEST WIND DIRECTION     W (270)
  HIGHEST GUST SPEED    22   HIGHEST GUST DIRECTION    SW (230)




RELATIVE HUMIDITY (PERCENT)
 HIGHEST    46           400 AM
 LOWEST      8           400 PM
 AVERAGE    27

..........................................................


THE EUREKA AIRPORT NV CLIMATE NORMALS FOR TOMORROW
                         NORMAL    RECORD    YEAR
 MAXIMUM TEMPERATURE (F)   82        94      2007
 MINIMUM TEMPERATURE (F)   43        24      1971


SUNRISE AND SUNSET
SEPTEMBER  2 2014.....SUNRISE   613 AM PDT   SUNSET   713 PM PDT
SEPTEMBER  3 2014.....SUNRISE   614 AM PDT   SUNSET   712 PM PDT


-  INDICATES NEGATIVE NUMBERS.
R  INDICATES RECORD WAS SET OR TIED.
MM INDICATES DATA IS MISSING.
T  INDICATES TRACE AMOUNT.




$$
