000
CDUS44 KLZK 292059
CLIPBF


CLIMATE REPORT
NATIONAL WEATHER SERVICE LITTLE ROCK AR
358 PM CDT SUN MAY 29 2016


...................................

...THE PINE BLUFF CLIMATE SUMMARY FOR MAY 29 2016...
VALID TODAY AS OF 0300 PM LOCAL TIME.

CLIMATE NORMAL PERIOD 1981 TO 2010
CLIMATE RECORD PERIOD 1883 TO 2016


WEATHER ITEM   OBSERVED TIME   RECORD YEAR NORMAL DEPARTURE LAST
                VALUE   (LST)  VALUE       VALUE  FROM      YEAR
                                                  NORMAL
..................................................................
TEMPERATURE (F)
 TODAY
  MAXIMUM         89    156 PM 100    1926  85      4       88
  MINIMUM         65    253 AM  45    1984  65      0       66
  AVERAGE         77                        75      2       77

PRECIPITATION (IN)
  TODAY            0.00          3.05 1899   0.16  -0.16     0.15
  MONTH TO DATE    2.88                      4.73  -1.85     3.88
  SINCE MAR 1     23.39                     15.06   8.33    19.59
  SINCE JAN 1     29.44                     22.88   6.56    26.52

SNOWFALL (IN)
  TODAY            0.0          MM      MM   0.0    0.0      0.0
  MONTH TO DATE    0.0                       0.0    0.0      0.0
  SINCE MAR 1      0.0                       0.0    0.0      2.0
  SINCE JUL 1      3.6                       3.1    0.5      9.2
  SNOW DEPTH       0

DEGREE DAYS
 HEATING
  TODAY            0                         0      0        0
  MONTH TO DATE   28                        15     13       13
  SINCE MAR 1    327                       491   -164      515
  SINCE JUL 1   2234                      2879   -645     3249

 COOLING
  TODAY           12                        10      2       12
  MONTH TO DATE  140                       200    -60      227
  SINCE MAR 1    223                       284    -61      312
  SINCE JAN 1    227                       287    -60      312
..................................................................


WIND (MPH)
  HIGHEST WIND SPEED     6   HIGHEST WIND DIRECTION    SE (150)
  HIGHEST GUST SPEED     8   HIGHEST GUST DIRECTION     E (100)
  AVERAGE WIND SPEED     1.5


SKY COVER
  POSSIBLE SUNSHINE  MM
  AVERAGE SKY COVER 0.3


WEATHER CONDITIONS
 THE FOLLOWING WEATHER WAS RECORDED TODAY.
  FOG


RELATIVE HUMIDITY (PERCENT)
 HIGHEST   100           300 AM
 LOWEST     52           200 PM
 AVERAGE    76

..........................................................


THE PINE BLUFF CLIMATE NORMALS FOR TOMORROW
                         NORMAL    RECORD    YEAR
 MAXIMUM TEMPERATURE (F)   86        98      1921
 MINIMUM TEMPERATURE (F)   65        42      1984


SUNRISE AND SUNSET
MAY 29 2016...........SUNRISE   558 AM CDT   SUNSET   813 PM CDT
MAY 30 2016...........SUNRISE   558 AM CDT   SUNSET   813 PM CDT


-  INDICATES NEGATIVE NUMBERS.
R  INDICATES RECORD WAS SET OR TIED.
MM INDICATES DATA IS MISSING.
T  INDICATES TRACE AMOUNT.




$$
