000
CDUS44 KLZK 290634
CLIPBF


CLIMATE REPORT
NATIONAL WEATHER SERVICE LITTLE ROCK AR
131 AM CDT THU SEP 29 2016


...................................

...THE PINE BLUFF CLIMATE SUMMARY FOR SEPTEMBER 28 2016...

CLIMATE NORMAL PERIOD 1981 TO 2010
CLIMATE RECORD PERIOD 1883 TO 2016


WEATHER ITEM   OBSERVED TIME   RECORD YEAR NORMAL DEPARTURE LAST
                VALUE   (LST)  VALUE       VALUE  FROM      YEAR
                                                  NORMAL
..................................................................
TEMPERATURE (F)
 YESTERDAY
  MAXIMUM         87    331 PM 101    1953  81      6       84
  MINIMUM         53    556 AM  42    1985  58     -5       67
                                      1909
                                      1908
  AVERAGE         70                        70      0       76

PRECIPITATION (IN)
  YESTERDAY        0.00          2.50 1980   0.12  -0.12     0.00
  MONTH TO DATE    1.32                      2.43  -1.11     0.03
  SINCE SEP 1      1.32                      2.43  -1.11     0.03
  SINCE JAN 1     45.27                     35.62   9.65    34.34

SNOWFALL (IN)
  YESTERDAY        0.0          MM      MM   0.0    0.0      0.0
  MONTH TO DATE    0.0                       0.0    0.0      0.0
  SINCE SEP 1      0.0                       0.0    0.0      0.0
  SINCE JUL 1      0.0                       0.0    0.0      0.0
  SNOW DEPTH       0

DEGREE DAYS
 HEATING
  YESTERDAY        0                         1     -1        0
  MONTH TO DATE    0                         8     -8        0
  SINCE SEP 1      0                         8     -8        0
  SINCE JUL 1      0                         8     -8        0

 COOLING
  YESTERDAY        5                         6     -1       11
  MONTH TO DATE  371                       275     96      326
  SINCE SEP 1    371                       275     96      326
  SINCE JAN 1   2179                      2033    146     2173
..................................................................


WIND (MPH)
  HIGHEST WIND SPEED    18   HIGHEST WIND DIRECTION     N (20)
  HIGHEST GUST SPEED    28   HIGHEST GUST DIRECTION     N (360)
  AVERAGE WIND SPEED     8.2


SKY COVER
  POSSIBLE SUNSHINE  MM
  AVERAGE SKY COVER 0.0


WEATHER CONDITIONS
 THE FOLLOWING WEATHER WAS RECORDED YESTERDAY.
  HAZE


RELATIVE HUMIDITY (PERCENT)
 HIGHEST    93           600 AM
 LOWEST     32           200 PM
 AVERAGE    63

..........................................................


THE PINE BLUFF CLIMATE NORMALS FOR TODAY
                         NORMAL    RECORD    YEAR
 MAXIMUM TEMPERATURE (F)   81       100      1953
                                             1928
 MINIMUM TEMPERATURE (F)   57        38      1967


SUNRISE AND SUNSET
SEPTEMBER 29 2016.....SUNRISE   701 AM CDT   SUNSET   654 PM CDT
SEPTEMBER 30 2016.....SUNRISE   702 AM CDT   SUNSET   653 PM CDT


-  INDICATES NEGATIVE NUMBERS.
R  INDICATES RECORD WAS SET OR TIED.
MM INDICATES DATA IS MISSING.
T  INDICATES TRACE AMOUNT.




$$
