000
CDUS44 KLZK 042115
CLIPBF


CLIMATE REPORT
NATIONAL WEATHER SERVICE LITTLE ROCK AR
415 PM CDT FRI SEP 4 2015


...................................

...THE PINE BLUFF CLIMATE SUMMARY FOR SEPTEMBER 4 2015...
VALID TODAY AS OF 0400 PM LOCAL TIME.

CLIMATE NORMAL PERIOD 1981 TO 2010
CLIMATE RECORD PERIOD 1883 TO 2015


WEATHER ITEM   OBSERVED TIME   RECORD YEAR NORMAL DEPARTURE LAST
                VALUE   (LST)  VALUE       VALUE  FROM      YEAR
                                                  NORMAL
..................................................................
TEMPERATURE (F)
 TODAY
  MAXIMUM         97    113 PM 109    1925  89      8       93
  MINIMUM         69    552 AM  52    1974  67      2       70
  AVERAGE         83                        78      5       82

PRECIPITATION (IN)
  TODAY            0.00          1.45 1976   0.07  -0.07     0.00
  MONTH TO DATE    T                         0.28  -0.28     0.08
  SINCE SEP 1      T                         0.28  -0.28     0.08
  SINCE JAN 1     34.31                     33.47   0.84    29.99

SNOWFALL (IN)
  TODAY            0.0          MM      MM   0.0    0.0      0.0
  MONTH TO DATE    0.0                       0.0    0.0      0.0
  SINCE SEP 1      0.0                       0.0    0.0      0.0
  SINCE JUL 1      0.0                       0.0    0.0      0.0
  SNOW DEPTH       0

DEGREE DAYS
 HEATING
  TODAY            0                         0      0        0
  MONTH TO DATE    0                         0      0        0
  SINCE SEP 1      0                         0      0        0
  SINCE JUL 1      0                         0      0        1

 COOLING
  TODAY           18                        13      5       17
  MONTH TO DATE   67                        54     13       62
  SINCE SEP 1     67                        54     13       62
  SINCE JAN 1   1914                      1812    102     1563
..................................................................


WIND (MPH)
  HIGHEST WIND SPEED     9   HIGHEST WIND DIRECTION     E (80)
  HIGHEST GUST SPEED    13   HIGHEST GUST DIRECTION     E (80)
  AVERAGE WIND SPEED     1.5


SKY COVER
  POSSIBLE SUNSHINE  MM
  AVERAGE SKY COVER 0.0


WEATHER CONDITIONS
 THE FOLLOWING WEATHER WAS RECORDED TODAY.
  FOG


RELATIVE HUMIDITY (PERCENT)
 HIGHEST    97           600 AM
 LOWEST     41          1200 PM
 AVERAGE    69

..........................................................


THE PINE BLUFF CLIMATE NORMALS FOR TOMORROW
                         NORMAL    RECORD    YEAR
 MAXIMUM TEMPERATURE (F)   89       110      1925
 MINIMUM TEMPERATURE (F)   67        50      1891


SUNRISE AND SUNSET
SEPTEMBER  4 2015.....SUNRISE   643 AM CDT   SUNSET   730 PM CDT
SEPTEMBER  5 2015.....SUNRISE   644 AM CDT   SUNSET   729 PM CDT


-  INDICATES NEGATIVE NUMBERS.
R  INDICATES RECORD WAS SET OR TIED.
MM INDICATES DATA IS MISSING.
T  INDICATES TRACE AMOUNT.




$$
