000
CDUS44 KLZK 230634
CLIPBF


CLIMATE REPORT
NATIONAL WEATHER SERVICE LITTLE ROCK AR
1234 AM CST THU FEB 23 2017


...................................

...THE PINE BLUFF CLIMATE SUMMARY FOR FEBRUARY 22 2017...

CLIMATE NORMAL PERIOD 1981 TO 2010
CLIMATE RECORD PERIOD 1883 TO 2017


WEATHER ITEM   OBSERVED TIME   RECORD YEAR NORMAL DEPARTURE LAST
                VALUE   (LST)  VALUE       VALUE  FROM      YEAR
                                                  NORMAL
..................................................................
TEMPERATURE (F)
 YESTERDAY
  MAXIMUM         63    525 PM  82    1980  58      5       63
  MINIMUM         50   1159 PM  16    1963  38     12       48
  AVERAGE         57                        48      9       56

PRECIPITATION (IN)
  YESTERDAY        0.00          2.02 1994   0.16  -0.16     0.07
  MONTH TO DATE    2.38                      3.06  -0.68     3.02
  SINCE DEC 1      9.83                     12.26  -2.43    10.29
  SINCE JAN 1      5.25                      6.82  -1.57     4.95

SNOWFALL (IN)
  YESTERDAY        0.0           1.6  1901   0.0    0.0      0.0
  MONTH TO DATE    0.0                       0.6   -0.6      0.0
  SINCE DEC 1      1.5                       3.1   -1.6      3.6
  SINCE JUL 1      1.5                       3.1   -1.6      3.6
  SNOW DEPTH       0

DEGREE DAYS
 HEATING
  YESTERDAY        8                        17     -9        9
  MONTH TO DATE  248                       430   -182      352
  SINCE DEC 1   1360                      1784   -424     1456
  SINCE JUL 1   1657                      2288   -631     1795

 COOLING
  YESTERDAY        0                         0      0        0
  MONTH TO DATE   12                         0     12        2
  SINCE DEC 1     22                         2     20       14
  SINCE JAN 1     17                         1     16        4
..................................................................


WIND (MPH)
  HIGHEST WIND SPEED     9   HIGHEST WIND DIRECTION     N (20)
  HIGHEST GUST SPEED    12   HIGHEST GUST DIRECTION    NW (320)
  AVERAGE WIND SPEED     4.0


SKY COVER
  POSSIBLE SUNSHINE  MM
  AVERAGE SKY COVER 0.7


WEATHER CONDITIONS
 THE FOLLOWING WEATHER WAS RECORDED YESTERDAY.
  FOG
  FOG W/VISIBILITY <= 1/4 MILE


RELATIVE HUMIDITY (PERCENT)
 HIGHEST   100          1200 AM
 LOWEST     78           300 PM
 AVERAGE    89

..........................................................


THE PINE BLUFF CLIMATE NORMALS FOR TODAY
                         NORMAL    RECORD    YEAR
 MAXIMUM TEMPERATURE (F)   58        84      1930
 MINIMUM TEMPERATURE (F)   38        19      1989
                                             1978
                                             1901


SUNRISE AND SUNSET
FEBRUARY 23 2017......SUNRISE   643 AM CST   SUNSET   559 PM CST
FEBRUARY 24 2017......SUNRISE   642 AM CST   SUNSET   600 PM CST


-  INDICATES NEGATIVE NUMBERS.
R  INDICATES RECORD WAS SET OR TIED.
MM INDICATES DATA IS MISSING.
T  INDICATES TRACE AMOUNT.




$$
