000
CDUS44 KLZK 251006
CLIPBF


CLIMATE REPORT
NATIONAL WEATHER SERVICE LITTLE ROCK AR
406 AM CST SUN JAN 25 2015


...................................

...THE PINE BLUFF CLIMATE SUMMARY FOR JANUARY 24 2015...

CLIMATE NORMAL PERIOD 1981 TO 2010
CLIMATE RECORD PERIOD 1883 TO 2015


WEATHER ITEM   OBSERVED TIME   RECORD YEAR NORMAL DEPARTURE LAST
                VALUE   (LST)  VALUE       VALUE  FROM      YEAR
                                                  NORMAL
..................................................................
TEMPERATURE (F)
 YESTERDAY
  MAXIMUM         60    406 PM  81    1972  52      8       37
  MINIMUM         29    626 AM   6    1963  33     -4       14
  AVERAGE         45                        43      2       26

PRECIPITATION (IN)
  YESTERDAY        0.00          3.44 2004   0.12  -0.12     0.00
  MONTH TO DATE    3.61                      2.88   0.73     1.67
  SINCE DEC 1      4.81                      8.32  -3.51     9.40
  SINCE JAN 1      3.61                      2.88   0.73     1.67

SNOWFALL (IN)
  YESTERDAY        0.0           4.0  1966   0.1   -0.1      0.0
  MONTH TO DATE    T                         1.4   -1.4      0.0
  SINCE DEC 1      T                         1.6   -1.6      0.2
  SINCE JUL 1      0.1                       1.6   -1.5      0.2
  SNOW DEPTH       0

DEGREE DAYS
 HEATING
  YESTERDAY       20                        22     -2       39
  MONTH TO DATE  637                       551     86      628
  SINCE DEC 1   1236                      1200     36     1304
  SINCE JUL 1   1840                      1704    136     1904

 COOLING
  YESTERDAY        0                         0      0        0
  MONTH TO DATE    0                         0      0        0
  SINCE DEC 1      0                         1     -1        3
  SINCE JAN 1      0                         0      0        0
..................................................................


WIND (MPH)
  HIGHEST WIND SPEED    15   HIGHEST WIND DIRECTION     W (260)
  HIGHEST GUST SPEED    19   HIGHEST GUST DIRECTION     W (280)
  AVERAGE WIND SPEED     7.0


SKY COVER
  POSSIBLE SUNSHINE  MM
  AVERAGE SKY COVER 0.0


WEATHER CONDITIONS
 THE FOLLOWING WEATHER WAS RECORDED YESTERDAY.
  NO SIGNIFICANT WEATHER WAS OBSERVED.


RELATIVE HUMIDITY (PERCENT)
 HIGHEST    89          1200 AM
 LOWEST     27           300 PM
 AVERAGE    58

..........................................................


THE PINE BLUFF CLIMATE NORMALS FOR TODAY
                         NORMAL    RECORD    YEAR
 MAXIMUM TEMPERATURE (F)   52        82      1950
                                             1909
 MINIMUM TEMPERATURE (F)   33        10      1905


SUNRISE AND SUNSET
JANUARY 25 2015.......SUNRISE   710 AM CST   SUNSET   531 PM CST
JANUARY 26 2015.......SUNRISE   709 AM CST   SUNSET   532 PM CST


-  INDICATES NEGATIVE NUMBERS.
R  INDICATES RECORD WAS SET OR TIED.
MM INDICATES DATA IS MISSING.
T  INDICATES TRACE AMOUNT.




$$
