000
CDUS44 KLZK 260721
CLIPBF


CLIMATE REPORT
NATIONAL WEATHER SERVICE LITTLE ROCK AR
221 AM CDT FRI AUG 26 2016


...................................

...THE PINE BLUFF CLIMATE SUMMARY FOR AUGUST 25 2016...

CLIMATE NORMAL PERIOD 1981 TO 2010
CLIMATE RECORD PERIOD 1883 TO 2016


WEATHER ITEM   OBSERVED TIME   RECORD YEAR NORMAL DEPARTURE LAST
                VALUE   (LST)  VALUE       VALUE  FROM      YEAR
                                                  NORMAL
..................................................................
TEMPERATURE (F)
 YESTERDAY
  MAXIMUM         93   1240 PM 105    1943  91      2       85
  MINIMUM         74   1159 PM  58    1923  70      4       63
                                      1891
  AVERAGE         84                        80      4       74

PRECIPITATION (IN)
  YESTERDAY        0.37          2.47 1950   0.08   0.29     0.00
  MONTH TO DATE    6.63                      2.09   4.54     1.96
  SINCE JUN 1     12.52                      9.60   2.92     6.66
  SINCE JAN 1     43.52                     32.80  10.72    34.31

SNOWFALL (IN)
  YESTERDAY        0.0          MM      MM   0.0    0.0      0.0
  MONTH TO DATE    0.0                       0.0    0.0      0.0
  SINCE JUN 1      0.0                       0.0    0.0      0.0
  SINCE JUL 1      0.0                       0.0    0.0      0.0
  SNOW DEPTH       0

DEGREE DAYS
 HEATING
  YESTERDAY        0                         0      0        0
  MONTH TO DATE    0                         0      0        0
  SINCE JUN 1      0                         0      0        0
  SINCE JUL 1      0                         0      0        0

 COOLING
  YESTERDAY       19                        15      4        9
  MONTH TO DATE  417                       413      4      411
  SINCE JUN 1   1448                      1363     85     1451
  SINCE JAN 1   1696                      1670     26     1780
..................................................................


WIND (MPH)
  HIGHEST WIND SPEED    18   HIGHEST WIND DIRECTION    NW (310)
  HIGHEST GUST SPEED    26   HIGHEST GUST DIRECTION     S (180)
  AVERAGE WIND SPEED     3.9


SKY COVER
  POSSIBLE SUNSHINE  MM
  AVERAGE SKY COVER 0.2


WEATHER CONDITIONS
 THE FOLLOWING WEATHER WAS RECORDED YESTERDAY.
  THUNDERSTORM
  HEAVY RAIN
  RAIN
  LIGHT RAIN
  FOG


RELATIVE HUMIDITY (PERCENT)
 HIGHEST   100           300 AM
 LOWEST     60          1100 AM
 AVERAGE    80

..........................................................


THE PINE BLUFF CLIMATE NORMALS FOR TODAY
                         NORMAL    RECORD    YEAR
 MAXIMUM TEMPERATURE (F)   91       108      1943
 MINIMUM TEMPERATURE (F)   69        56      1891


SUNRISE AND SUNSET
AUGUST 26 2016........SUNRISE   637 AM CDT   SUNSET   741 PM CDT
AUGUST 27 2016........SUNRISE   638 AM CDT   SUNSET   740 PM CDT


-  INDICATES NEGATIVE NUMBERS.
R  INDICATES RECORD WAS SET OR TIED.
MM INDICATES DATA IS MISSING.
T  INDICATES TRACE AMOUNT.




$$
