000
CDUS44 KLZK 012108
CLIPBF


CLIMATE REPORT
NATIONAL WEATHER SERVICE LITTLE ROCK AR
408 PM CDT SAT AUG 1 2015


...................................

...THE PINE BLUFF CLIMATE SUMMARY FOR AUGUST 1 2015...
VALID TODAY AS OF 0400 PM LOCAL TIME.

CLIMATE NORMAL PERIOD 1981 TO 2010
CLIMATE RECORD PERIOD 1883 TO 2015


WEATHER ITEM   OBSERVED TIME   RECORD YEAR NORMAL DEPARTURE LAST
                VALUE   (LST)  VALUE       VALUE  FROM      YEAR
                                                  NORMAL
..................................................................
TEMPERATURE (F)
 TODAY
  MAXIMUM         96    124 PM 108    1896  93      3       75
  MINIMUM         68    332 AM  60    1971  72     -4       68
  AVERAGE         82                        82      0       72

PRECIPITATION (IN)
  TODAY            0.00          1.80 1909   0.11  -0.11     0.06
  MONTH TO DATE    0.00                      0.11  -0.11     0.06
  SINCE JUN 1      4.70                      7.62  -2.92     5.44
  SINCE JAN 1     32.35                     30.82   1.53    27.71

SNOWFALL (IN)
  TODAY            0.0          MM      MM   0.0    0.0      0.0
  MONTH TO DATE    0.0                       0.0    0.0      0.0
  SINCE JUN 1      0.0                       0.0    0.0      0.0
  SINCE JUL 1      0.0                       0.0    0.0      0.0
  SNOW DEPTH       0

DEGREE DAYS
 HEATING
  TODAY            0                         0      0        0
  MONTH TO DATE    0                         0      0        0
  SINCE JUN 1      0                         0      0        1
  SINCE JUL 1      0                         0      0        1

 COOLING
  TODAY           17                        17      0        7
  MONTH TO DATE   17                        17      0        7
  SINCE JUN 1   1057                       967     90      786
  SINCE JAN 1   1386                      1274    112     1049
..................................................................


WIND (MPH)
  HIGHEST WIND SPEED     9   HIGHEST WIND DIRECTION    NE (50)
  HIGHEST GUST SPEED    12   HIGHEST GUST DIRECTION    NE (50)
  AVERAGE WIND SPEED     4.8


SKY COVER
  POSSIBLE SUNSHINE  MM
  AVERAGE SKY COVER 0.0


WEATHER CONDITIONS
 THE FOLLOWING WEATHER WAS RECORDED TODAY.
  NO SIGNIFICANT WEATHER WAS OBSERVED.


RELATIVE HUMIDITY (PERCENT)
 HIGHEST    90           300 AM
 LOWEST     30           200 PM
 AVERAGE    60

..........................................................


THE PINE BLUFF CLIMATE NORMALS FOR TOMORROW
                         NORMAL    RECORD    YEAR
 MAXIMUM TEMPERATURE (F)   93       107      1943
                                             1918
 MINIMUM TEMPERATURE (F)   72        61      1949
                                             1918


SUNRISE AND SUNSET
AUGUST  1 2015........SUNRISE   619 AM CDT   SUNSET   809 PM CDT
AUGUST  2 2015........SUNRISE   619 AM CDT   SUNSET   808 PM CDT


-  INDICATES NEGATIVE NUMBERS.
R  INDICATES RECORD WAS SET OR TIED.
MM INDICATES DATA IS MISSING.
T  INDICATES TRACE AMOUNT.




$$
