000
CDUS44 KLZK 290905
CLIPBF


CLIMATE REPORT
NATIONAL WEATHER SERVICE LITTLE ROCK AR
404 AM CDT FRI MAY 29 2015


...................................

...THE PINE BLUFF CLIMATE SUMMARY FOR MAY 28 2015...

CLIMATE NORMAL PERIOD 1981 TO 2010
CLIMATE RECORD PERIOD 1883 TO 2015


WEATHER ITEM   OBSERVED TIME   RECORD YEAR NORMAL DEPARTURE LAST
                VALUE   (LST)  VALUE       VALUE  FROM      YEAR
                                                  NORMAL
..................................................................
TEMPERATURE (F)
 YESTERDAY
  MAXIMUM         85    213 PM  99    1926  85      0       78
  MINIMUM         68   1159 PM  47    1961  65      3       68
  AVERAGE         77                        75      2       73

PRECIPITATION (IN)
  YESTERDAY        0.14          2.50 1888   0.15  -0.01     0.29
  MONTH TO DATE    3.73                      4.57  -0.84     3.85
  SINCE MAR 1     19.44                     14.90   4.54    13.54
  SINCE JAN 1     26.37                     22.72   3.65    18.97

SNOWFALL (IN)
  YESTERDAY        0.0          MM      MM   0.0    0.0      0.0
  MONTH TO DATE    0.0                       0.0    0.0      0.0
  SINCE MAR 1      2.0                       0.0    2.0       T
  SINCE JUL 1      9.2                       3.1    6.1      3.7
  SNOW DEPTH       0

DEGREE DAYS
 HEATING
  YESTERDAY        0                         0      0        0
  MONTH TO DATE   13                        15     -2       46
  SINCE MAR 1    515                       491     24      684
  SINCE JUL 1   3249                      2879    370     3453

 COOLING
  YESTERDAY       12                        10      2        8
  MONTH TO DATE  215                       190     25      178
  SINCE MAR 1    300                       274     26      232
  SINCE JAN 1    300                       277     23      232
..................................................................


WIND (MPH)
  HIGHEST WIND SPEED    22   HIGHEST WIND DIRECTION     W (270)
  HIGHEST GUST SPEED    29   HIGHEST GUST DIRECTION     W (290)
  AVERAGE WIND SPEED     4.9


SKY COVER
  POSSIBLE SUNSHINE  MM
  AVERAGE SKY COVER 0.5


WEATHER CONDITIONS
 THE FOLLOWING WEATHER WAS RECORDED YESTERDAY.
  THUNDERSTORM
  HEAVY RAIN
  RAIN
  LIGHT RAIN
  FOG


RELATIVE HUMIDITY (PERCENT)
 HIGHEST   100          1200 AM
 LOWEST     55           200 PM
 AVERAGE    78

..........................................................


THE PINE BLUFF CLIMATE NORMALS FOR TODAY
                         NORMAL    RECORD    YEAR
 MAXIMUM TEMPERATURE (F)   85       100      1926
 MINIMUM TEMPERATURE (F)   65        45      1984


SUNRISE AND SUNSET
MAY 29 2015...........SUNRISE   558 AM CDT   SUNSET   812 PM CDT
MAY 30 2015...........SUNRISE   558 AM CDT   SUNSET   813 PM CDT


-  INDICATES NEGATIVE NUMBERS.
R  INDICATES RECORD WAS SET OR TIED.
MM INDICATES DATA IS MISSING.
T  INDICATES TRACE AMOUNT.




$$
