000
CDUS44 KLZK 260651
CLIPBF


CLIMATE REPORT
NATIONAL WEATHER SERVICE LITTLE ROCK AR
150 AM CDT SUN MAR 26 2017


...................................

...THE PINE BLUFF CLIMATE SUMMARY FOR MARCH 25 2017...

CLIMATE NORMAL PERIOD 1981 TO 2010
CLIMATE RECORD PERIOD 1883 TO 2017


WEATHER ITEM   OBSERVED TIME   RECORD YEAR NORMAL DEPARTURE LAST
                VALUE   (LST)  VALUE       VALUE  FROM      YEAR
                                                  NORMAL
..................................................................
TEMPERATURE (F)
 YESTERDAY
  MAXIMUM         72    131 PM  90    1929  68      4       58
                                      1907
  MINIMUM         53   1159 PM  27    1955  46      7       38
  AVERAGE         63                        57      6       48

PRECIPITATION (IN)
  YESTERDAY        0.60          1.91 1965   0.17   0.43     0.00
  MONTH TO DATE    3.09                      4.40  -1.31    10.41
  SINCE MAR 1      3.09                      4.40  -1.31    10.41
  SINCE JAN 1      9.39                     12.22  -2.83    16.46

SNOWFALL (IN)
  YESTERDAY        0.0           T    1971   0.0    0.0      0.0
  MONTH TO DATE    0.0                       0.0    0.0      0.0
  SINCE MAR 1      0.0                       0.0    0.0      0.0
  SINCE JUL 1      1.5                       3.1   -1.6      3.6
  SNOW DEPTH       0

DEGREE DAYS
 HEATING
  YESTERDAY        2                         9     -7       17
  MONTH TO DATE  238                       300    -62      198
  SINCE MAR 1    238                       300    -62      198
  SINCE JUL 1   1949                      2688   -739     2105

 COOLING
  YESTERDAY        0                         1     -1        0
  MONTH TO DATE   22                        10     12       15
  SINCE MAR 1     22                        10     12       15
  SINCE JAN 1     43                        13     30       19
..................................................................


WIND (MPH)
  HIGHEST WIND SPEED    21   HIGHEST WIND DIRECTION    SW (220)
  HIGHEST GUST SPEED    26   HIGHEST GUST DIRECTION    SW (220)
  AVERAGE WIND SPEED    10.4


SKY COVER
  POSSIBLE SUNSHINE  MM
  AVERAGE SKY COVER 0.4


WEATHER CONDITIONS
 THE FOLLOWING WEATHER WAS RECORDED YESTERDAY.
  THUNDERSTORM
  HEAVY RAIN
  RAIN
  LIGHT RAIN
  FOG
  HAZE


RELATIVE HUMIDITY (PERCENT)
 HIGHEST   100           300 AM
 LOWEST     47           400 PM
 AVERAGE    74

..........................................................


THE PINE BLUFF CLIMATE NORMALS FOR TODAY
                         NORMAL    RECORD    YEAR
 MAXIMUM TEMPERATURE (F)   68        89      1928
 MINIMUM TEMPERATURE (F)   46        20      1955


SUNRISE AND SUNSET
MARCH 26 2017.........SUNRISE   703 AM CDT   SUNSET   724 PM CDT
MARCH 27 2017.........SUNRISE   701 AM CDT   SUNSET   725 PM CDT


-  INDICATES NEGATIVE NUMBERS.
R  INDICATES RECORD WAS SET OR TIED.
MM INDICATES DATA IS MISSING.
T  INDICATES TRACE AMOUNT.




$$
