000
CDUS44 KLZK 272102
CLIPBF


CLIMATE REPORT
NATIONAL WEATHER SERVICE LITTLE ROCK AR
402 PM CDT FRI MAR 27 2015


...................................

...THE PINE BLUFF CLIMATE SUMMARY FOR MARCH 27 2015...
VALID TODAY AS OF 0400 PM LOCAL TIME.

CLIMATE NORMAL PERIOD 1981 TO 2010
CLIMATE RECORD PERIOD 1883 TO 2015


WEATHER ITEM   OBSERVED TIME   RECORD YEAR NORMAL DEPARTURE LAST
                VALUE   (LST)  VALUE       VALUE  FROM      YEAR
                                                  NORMAL
..................................................................
TEMPERATURE (F)
 TODAY
  MAXIMUM         55   1235 PM  88    1935  69    -14       68
                                      1918
  MINIMUM         38    637 AM  20    1955  46     -8       50
  AVERAGE         47                        58    -11       59

PRECIPITATION (IN)
  TODAY            0.00          2.96 1977   0.16  -0.16     0.20
  MONTH TO DATE    8.04                      4.72   3.32     3.76
  SINCE MAR 1      8.04                      4.72   3.32     3.76
  SINCE JAN 1     14.97                     12.54   2.43     9.19

SNOWFALL (IN)
  TODAY            0.0           T    1937   0.0    0.0      0.0
  MONTH TO DATE    2.0                       0.0    2.0       T
  SINCE MAR 1      2.0                       0.0    2.0       T
  SINCE JUL 1      9.2                       3.1    6.1      3.7
  SNOW DEPTH       0

DEGREE DAYS
 HEATING
  TODAY           18                         8     10        6
  MONTH TO DATE  387                       317     70      455
  SINCE MAR 1    387                       317     70      455
  SINCE JUL 1   3121                      2705    416     3224

 COOLING
  TODAY            0                         1     -1        0
  MONTH TO DATE    5                        12     -7        0
  SINCE MAR 1      5                        12     -7        0
  SINCE JAN 1      5                        15    -10        0
..................................................................


WIND (MPH)
  HIGHEST WIND SPEED    22   HIGHEST WIND DIRECTION     N (10)
  HIGHEST GUST SPEED    28   HIGHEST GUST DIRECTION     N (360)
  AVERAGE WIND SPEED     5.0


SKY COVER
  POSSIBLE SUNSHINE  MM
  AVERAGE SKY COVER 0.5


WEATHER CONDITIONS
 THE FOLLOWING WEATHER WAS RECORDED TODAY.
  FOG


RELATIVE HUMIDITY (PERCENT)
 HIGHEST   100           100 AM
 LOWEST     59           200 PM
 AVERAGE    80

..........................................................


THE PINE BLUFF CLIMATE NORMALS FOR TOMORROW
                         NORMAL    RECORD    YEAR
 MAXIMUM TEMPERATURE (F)   69        92      1918
 MINIMUM TEMPERATURE (F)   47        27      1937


SUNRISE AND SUNSET
MARCH 27 2015.........SUNRISE   702 AM CDT   SUNSET   725 PM CDT
MARCH 28 2015.........SUNRISE   701 AM CDT   SUNSET   725 PM CDT


-  INDICATES NEGATIVE NUMBERS.
R  INDICATES RECORD WAS SET OR TIED.
MM INDICATES DATA IS MISSING.
T  INDICATES TRACE AMOUNT.




$$
