000
CDUS42 KFFC 240819
CLIPDK


CLIMATE REPORT
NATIONAL WEATHER SERVICE PEACHTREE CITY GA
419 AM EDT WED AUG 24 2016


...................................

...THE DEKALB PEACHTREE AIRPORT CLIMATE SUMMARY FOR AUGUST 23 2016...

CLIMATE NORMAL PERIOD 1981 TO 2010
CLIMATE RECORD PERIOD 9999 TO 9999


WEATHER ITEM   OBSERVED TIME   RECORD YEAR NORMAL DEPARTURE LAST
                VALUE   (LST)  VALUE       VALUE  FROM      YEAR
                                                  NORMAL
..................................................................
TEMPERATURE (F)
 YESTERDAY
  MAXIMUM         92    327 PM  MM      MM  88      4       85
  MINIMUM         67    525 AM  MM      MM  69     -2       69
  AVERAGE         80                        79      1       77

PRECIPITATION (IN)
  YESTERDAY        0.00         MM      MM   0.11  -0.11     1.62
  MONTH TO DATE    4.01                      3.44   0.57     6.82
  SINCE JUN 1      7.70                     13.22  -5.52    10.79
  SINCE JAN 1     24.23                     35.71 -11.48    29.34

DEGREE DAYS
 COOLING
  YESTERDAY       15                        14      1       12
  MONTH TO DATE  408                       333     75      375
  SINCE JUN 1   1449                      1145    304     1343
  SINCE JAN 1   1730                      1356    374     1620
..................................................................


WIND (MPH)
  RESULTANT WIND SPEED   1   RESULTANT WIND DIRECTION   E (90)
  HIGHEST WIND SPEED     7   HIGHEST WIND DIRECTION     E (90)
  HIGHEST GUST SPEED    11   HIGHEST GUST DIRECTION     N (10)
  AVERAGE WIND SPEED     1.3


SKY COVER
  AVERAGE SKY COVER 0.2


WEATHER CONDITIONS
 THE FOLLOWING WEATHER WAS RECORDED YESTERDAY.
  NO SIGNIFICANT WEATHER WAS OBSERVED.


RELATIVE HUMIDITY (PERCENT)
 HIGHEST    90           100 AM
 LOWEST     41           100 PM
 AVERAGE    66

..........................................................


THE DEKALB PEACHTREE AIRPORT CLIMATE NORMALS FOR TODAY
                         NORMAL    RECORD    YEAR
 MAXIMUM TEMPERATURE (F)   88        MM        MM
 MINIMUM TEMPERATURE (F)   69        MM        MM


SUNRISE AND SUNSET
AUGUST 24 2016........SUNRISE   706 AM EDT   SUNSET   813 PM EDT
AUGUST 25 2016........SUNRISE   706 AM EDT   SUNSET   811 PM EDT


-  INDICATES NEGATIVE NUMBERS.
R  INDICATES RECORD WAS SET OR TIED.
MM INDICATES DATA IS MISSING.
T  INDICATES TRACE AMOUNT.




$$
