000
CDUS42 KFFC 230825
CLIPDK


CLIMATE REPORT
NATIONAL WEATHER SERVICE PEACHTREE CITY GA
424 AM EDT TUE MAY 23 2017


...................................

...THE DEKALB PEACHTREE AIRPORT CLIMATE SUMMARY FOR MAY 22 2017...

CLIMATE NORMAL PERIOD 1981 TO 2010
CLIMATE RECORD PERIOD 9999 TO 9999


WEATHER ITEM   OBSERVED TIME   RECORD YEAR NORMAL DEPARTURE LAST
                VALUE   (LST)  VALUE       VALUE  FROM      YEAR
                                                  NORMAL
..................................................................
TEMPERATURE (F)
 YESTERDAY
  MAXIMUM         80   1139 AM  MM      MM  81     -1       79
  MINIMUM         66    525 AM  MM      MM  61      5       57
  AVERAGE         73                        71      2       68

PRECIPITATION (IN)
  YESTERDAY        0.30         MM      MM   0.10   0.20     0.00
  MONTH TO DATE    2.69                      2.90  -0.21     1.63
  SINCE MAR 1     11.99                     11.53   0.46     6.43
  SINCE JAN 1     19.30                     21.34  -2.04    16.52

DEGREE DAYS
 COOLING
  YESTERDAY        8                         6      2        3
  MONTH TO DATE  134                        94     40      105
  SINCE MAR 1    260                       143    117      185
  SINCE JAN 1    260                       143    117      185
..................................................................


WIND (MPH)
  RESULTANT WIND SPEED   0   RESULTANT WIND DIRECTION  SW (240)
  HIGHEST WIND SPEED    12   HIGHEST WIND DIRECTION     W (260)
  HIGHEST GUST SPEED    14   HIGHEST GUST DIRECTION    SE (140)
  AVERAGE WIND SPEED     2.4


SKY COVER
  AVERAGE SKY COVER 0.5


WEATHER CONDITIONS
 THE FOLLOWING WEATHER WAS RECORDED YESTERDAY.
  THUNDERSTORM
  RAIN
  LIGHT RAIN
  FOG


RELATIVE HUMIDITY (PERCENT)
 HIGHEST    97           700 AM
 LOWEST     67           900 AM
 AVERAGE    82

..........................................................


THE DEKALB PEACHTREE AIRPORT CLIMATE NORMALS FOR TODAY
                         NORMAL    RECORD    YEAR
 MAXIMUM TEMPERATURE (F)   82        MM        MM
 MINIMUM TEMPERATURE (F)   61        MM        MM


SUNRISE AND SUNSET
MAY 23 2017...........SUNRISE   631 AM EDT   SUNSET   837 PM EDT
MAY 24 2017...........SUNRISE   630 AM EDT   SUNSET   838 PM EDT


-  INDICATES NEGATIVE NUMBERS.
R  INDICATES RECORD WAS SET OR TIED.
MM INDICATES DATA IS MISSING.
T  INDICATES TRACE AMOUNT.




$$
