000
CDUS42 KFFC 250818
CLIPDK


CLIMATE REPORT
NATIONAL WEATHER SERVICE PEACHTREE CITY GA
418 AM EDT SUN JUN 25 2017


...................................

...THE DEKALB PEACHTREE AIRPORT CLIMATE SUMMARY FOR JUNE 24 2017...

CLIMATE NORMAL PERIOD 1981 TO 2010
CLIMATE RECORD PERIOD 9999 TO 9999


WEATHER ITEM   OBSERVED TIME   RECORD YEAR NORMAL DEPARTURE LAST
                VALUE   (LST)  VALUE       VALUE  FROM      YEAR
                                                  NORMAL
..................................................................
TEMPERATURE (F)
 YESTERDAY
  MAXIMUM         87    309 PM  MM      MM  88     -1       96
  MINIMUM         71   1159 PM  MM      MM  68      3       76
  AVERAGE         79                        78      1       86

PRECIPITATION (IN)
  YESTERDAY        0.04         MM      MM   0.18  -0.14     0.00
  MONTH TO DATE    8.44                      3.65   4.79     1.44
  SINCE JUN 1      8.44                      3.65   4.79     1.44
  SINCE JAN 1     29.72                     26.14   3.58    17.97

DEGREE DAYS
 COOLING
  YESTERDAY       14                        13      1       21
  MONTH TO DATE  283                       269     14      358
  SINCE JUN 1    283                       269     14      358
  SINCE JAN 1    603                       480    123      639
..................................................................


WIND (MPH)
  RESULTANT WIND SPEED   4   RESULTANT WIND DIRECTION  SW (230)
  HIGHEST WIND SPEED    14   HIGHEST WIND DIRECTION    NW (330)
  HIGHEST GUST SPEED    17   HIGHEST GUST DIRECTION     N (350)
  AVERAGE WIND SPEED     5.8


SKY COVER
  AVERAGE SKY COVER 0.8


WEATHER CONDITIONS
 THE FOLLOWING WEATHER WAS RECORDED YESTERDAY.
  LIGHT RAIN
  FOG


RELATIVE HUMIDITY (PERCENT)
 HIGHEST    93           100 AM
 LOWEST     61           400 PM
 AVERAGE    77

..........................................................


THE DEKALB PEACHTREE AIRPORT CLIMATE NORMALS FOR TODAY
                         NORMAL    RECORD    YEAR
 MAXIMUM TEMPERATURE (F)   89        MM        MM
 MINIMUM TEMPERATURE (F)   69        MM        MM


SUNRISE AND SUNSET
JUNE 25 2017..........SUNRISE   628 AM EDT   SUNSET   852 PM EDT
JUNE 26 2017..........SUNRISE   628 AM EDT   SUNSET   852 PM EDT


-  INDICATES NEGATIVE NUMBERS.
R  INDICATES RECORD WAS SET OR TIED.
MM INDICATES DATA IS MISSING.
T  INDICATES TRACE AMOUNT.




$$
