000
CDUS46 KPDT 170912
CLIPDT

CLIMATE REPORT
NATIONAL WEATHER SERVICE PENDLETON OR
112 AM PST SUN DEC 17 2017


...................................

...THE PENDLETON OR CLIMATE SUMMARY FOR DECEMBER 16 2017...

CLIMATE NORMAL PERIOD 1981 TO 2010
CLIMATE RECORD PERIOD 1890 TO 2017


WEATHER ITEM   OBSERVED TIME   RECORD YEAR NORMAL DEPARTURE LAST
                VALUE   (LST)  VALUE       VALUE  FROM      YEAR
                                                  NORMAL
..................................................................
TEMPERATURE (F)
 YESTERDAY
  MAXIMUM         40    310 PM  62    1942  39      1       18
  MINIMUM         28   1042 PM -12    1964  26      2       -5
  AVERAGE         34                        33      1        7

PRECIPITATION (IN)
  YESTERDAY        0.00          0.53 1941   0.05  -0.05     0.04
  MONTH TO DATE    0.17                      0.77  -0.60     1.33
  SINCE OCT 1      3.14                      3.30  -0.16     4.56
  SINCE JAN 1     15.43                     11.96   3.47    12.63

SNOWFALL (IN)
  YESTERDAY        0.0           3.7  1945   0.2   -0.2      1.7
  MONTH TO DATE    0.1                       2.8   -2.7     15.1
  SINCE JAN 1     26.0                      12.0   14.0     15.1
  SINCE JUL 1      0.1                       4.3   -4.2     15.1
  SNOW DEPTH       0

DEGREE DAYS
 HEATING
  YESTERDAY       31                        32     -1       58
  MONTH TO DATE  532                       496     36      624
  SINCE DEC 1    532                       496     36      624
  SINCE JUL 1   1740                      1749     -9     1648

 COOLING
  YESTERDAY        0                         0      0        0
  MONTH TO DATE    0                         0      0        0
  SINCE DEC 1      0                         0      0        0
  SINCE JAN 1    894                       636    258      605
..................................................................


WIND (MPH)
  HIGHEST WIND SPEED    13   HIGHEST WIND DIRECTION     W (290)
  HIGHEST GUST SPEED    17   HIGHEST GUST DIRECTION     W (260)
  AVERAGE WIND SPEED     5.4


SKY COVER
  POSSIBLE SUNSHINE  MM
  AVERAGE SKY COVER 0.3


WEATHER CONDITIONS
 THE FOLLOWING WEATHER WAS RECORDED YESTERDAY.
  NO SIGNIFICANT WEATHER WAS OBSERVED.


RELATIVE HUMIDITY (PERCENT)
 HIGHEST    92           100 AM
 LOWEST     78          1000 PM
 AVERAGE    85

..........................................................


THE PENDLETON OR CLIMATE NORMALS FOR TODAY
                         NORMAL    RECORD    YEAR
 MAXIMUM TEMPERATURE (F)   39        62      1917
 MINIMUM TEMPERATURE (F)   26       -12      1964


SUNRISE AND SUNSET
DECEMBER 17 2017......SUNRISE   731 AM PST   SUNSET   412 PM PST
DECEMBER 18 2017......SUNRISE   732 AM PST   SUNSET   413 PM PST


-  INDICATES NEGATIVE NUMBERS.
R  INDICATES RECORD WAS SET OR TIED.
MM INDICATES DATA IS MISSING.
T  INDICATES TRACE AMOUNT.

$$
