000
CDUS46 KPDT 220834
CLIPDT

CLIMATE REPORT
NATIONAL WEATHER SERVICE PENDLETON OR
133 AM PDT TUE AUG 22 2017


...................................

...THE PENDLETON OR CLIMATE SUMMARY FOR AUGUST 21 2017...

CLIMATE NORMAL PERIOD 1981 TO 2010
CLIMATE RECORD PERIOD 1890 TO 2017


WEATHER ITEM   OBSERVED TIME   RECORD YEAR NORMAL DEPARTURE LAST
                VALUE   (LST)  VALUE       VALUE  FROM      YEAR
                                                  NORMAL
..................................................................
TEMPERATURE (F)
 YESTERDAY
  MAXIMUM         89    422 PM 106    1897  86      3       96
  MINIMUM         52    521 AM  37    1904  56     -4       64
  AVERAGE         71                        71      0       80

PRECIPITATION (IN)
  YESTERDAY        0.00          0.47 1990   0.01  -0.01     0.00
  MONTH TO DATE    0.07                      0.24  -0.17     0.07
  SINCE OCT 1     16.89                     11.95   4.94    11.66
  SINCE JAN 1     11.37                      7.95   3.42     7.39

SNOWFALL (IN)
  YESTERDAY        0.0           0.0  2002   0.0    0.0      0.0
                                      2001
                                      1999
  MONTH TO DATE    0.0                       0.0    0.0      0.0
  SINCE JAN 1     25.9                       7.7   18.2       T
  SINCE JUL 1      0.0                       0.0    0.0      0.0
  SNOW DEPTH       0

DEGREE DAYS
 HEATING
  YESTERDAY        0                         0      0        0
  MONTH TO DATE    1                         0      1        1
  SINCE JUN 1     76                        94    -18       70
  SINCE JUL 1      1                        11    -10        1

 COOLING
  YESTERDAY        6                         6      0       15
  MONTH TO DATE  242                       170     72      175
  SINCE JUN 1    664                       495    169      518
  SINCE JAN 1    692                       518    174      536
..................................................................


WIND (MPH)
  HIGHEST WIND SPEED    14   HIGHEST WIND DIRECTION    NE (60)
  HIGHEST GUST SPEED    18   HIGHEST GUST DIRECTION    NE (60)
  AVERAGE WIND SPEED     6.1


SKY COVER
  POSSIBLE SUNSHINE  MM
  AVERAGE SKY COVER 0.0


WEATHER CONDITIONS
 THE FOLLOWING WEATHER WAS RECORDED YESTERDAY.
  NO SIGNIFICANT WEATHER WAS OBSERVED.


RELATIVE HUMIDITY (PERCENT)
 HIGHEST    54           300 AM
 LOWEST     17           200 PM
 AVERAGE    36

..........................................................


THE PENDLETON OR CLIMATE NORMALS FOR TODAY
                         NORMAL    RECORD    YEAR
 MAXIMUM TEMPERATURE (F)   85       103      1897
 MINIMUM TEMPERATURE (F)   56        37      1904


SUNRISE AND SUNSET
AUGUST 22 2017........SUNRISE   605 AM PDT   SUNSET   751 PM PDT
AUGUST 23 2017........SUNRISE   606 AM PDT   SUNSET   749 PM PDT


-  INDICATES NEGATIVE NUMBERS.
R  INDICATES RECORD WAS SET OR TIED.
MM INDICATES DATA IS MISSING.
T  INDICATES TRACE AMOUNT.




$$
