000
CDUS46 KPDT 190026
CLIPDT

CLIMATE REPORT
NATIONAL WEATHER SERVICE PENDLETON OR
426 PM PST WED JAN 18 2017


...................................

...THE PENDLETON OR CLIMATE SUMMARY FOR JANUARY 18 2017...
VALID TODAY AS OF 0400 PM LOCAL TIME.

CLIMATE NORMAL PERIOD 1981 TO 2010
CLIMATE RECORD PERIOD 1890 TO 2017


WEATHER ITEM   OBSERVED TIME   RECORD YEAR NORMAL DEPARTURE LAST
                VALUE   (LST)  VALUE       VALUE  FROM      YEAR
                                                  NORMAL
..................................................................
TEMPERATURE (F)
 TODAY
  MAXIMUM         48    924 AM  63    2005  42      6       54
                                      1986
  MINIMUM         21    629 AM -20    1922  29     -8       33
  AVERAGE         35                        36     -1       44

PRECIPITATION (IN)
  TODAY            0.05          0.56 1953   0.05   0.00     0.01
  MONTH TO DATE    1.25                      0.88   0.37     0.95
  SINCE OCT 1      6.77                      4.88   1.89     5.22
  SINCE JAN 1      1.25                      0.88   0.37     0.95

SNOWFALL (IN)
  TODAY           MM             3.5  1937   0.1   MM        0.0
  MONTH TO DATE   13.3                       2.4   10.9       T
  SINCE JAN 1     13.3                       2.4   10.9       T
  SINCE JUL 1     31.8                       9.9   21.9      4.1
  SNOW DEPTH      MM

DEGREE DAYS
 HEATING
  TODAY           30                        29      1       21
  MONTH TO DATE  904                       550    354      605
  SINCE DEC 1   2041                      1534    507     1465
  SINCE JUL 1   3065                      2787    278     2665

 COOLING
  TODAY            0                         0      0        0
  MONTH TO DATE    0                         0      0        0
  SINCE DEC 1      0                         0      0        0
  SINCE JAN 1      0                         0      0        0
..................................................................


WIND (MPH)
  HIGHEST WIND SPEED    29   HIGHEST WIND DIRECTION    SE (140)
  HIGHEST GUST SPEED    36   HIGHEST GUST DIRECTION    SE (120)
  AVERAGE WIND SPEED    12.9


SKY COVER
  POSSIBLE SUNSHINE  MM
  AVERAGE SKY COVER 0.7


WEATHER CONDITIONS
 THE FOLLOWING WEATHER WAS RECORDED TODAY.
  FREEZING RAIN
  LT FREEZING RAIN
  FOG
  HAZE


RELATIVE HUMIDITY (PERCENT)
 HIGHEST   100           500 AM
 LOWEST     58          1200 PM
 AVERAGE    79

..........................................................


THE PENDLETON OR CLIMATE NORMALS FOR TOMORROW
                         NORMAL    RECORD    YEAR
 MAXIMUM TEMPERATURE (F)   42        67      1968
 MINIMUM TEMPERATURE (F)   29       -13      1922
                                             1916


SUNRISE AND SUNSET
JANUARY 18 2017.......SUNRISE   730 AM PST   SUNSET   442 PM PST
JANUARY 19 2017.......SUNRISE   729 AM PST   SUNSET   444 PM PST


-  INDICATES NEGATIVE NUMBERS.
R  INDICATES RECORD WAS SET OR TIED.
MM INDICATES DATA IS MISSING.
T  INDICATES TRACE AMOUNT.




$$
