000
CDUS46 KPDT 230849
CLIPDT

CLIMATE REPORT
NATIONAL WEATHER SERVICE PENDLETON OR
149 AM PDT SAT JUL 23 2016


...................................

...THE PENDLETON OR CLIMATE SUMMARY FOR JULY 22 2016...

CLIMATE NORMAL PERIOD 1981 TO 2010
CLIMATE RECORD PERIOD 1890 TO 2016


WEATHER ITEM   OBSERVED TIME   RECORD YEAR NORMAL DEPARTURE LAST
                VALUE   (LST)  VALUE       VALUE  FROM      YEAR
                                                  NORMAL
..................................................................
TEMPERATURE (F)
 YESTERDAY
  MAXIMUM         82    420 PM 111    1905  90     -8       81
  MINIMUM         58   1159 PM  41    1897  58      0       57
  AVERAGE         70                        74     -4       69

PRECIPITATION (IN)
  YESTERDAY        0.00          0.43 1992   0.01  -0.01     0.00
  MONTH TO DATE    0.80                      0.25   0.55      T
  SINCE OCT 1     11.59                     11.64  -0.05     9.70
  SINCE JAN 1      7.32                      7.64  -0.32     5.00

SNOWFALL (IN)
  YESTERDAY        0.0           0.0  2002   0.0    0.0      0.0
                                      2001
                                      2000
  MONTH TO DATE    0.0                       0.0    0.0      0.0
  SINCE JAN 1      T                         7.7   -7.7      0.4
  SINCE JUL 1      0.0                       0.0    0.0      0.0
  SNOW DEPTH       0

DEGREE DAYS
 HEATING
  YESTERDAY        0                         0      0        0
  MONTH TO DATE    0                         7     -7        0
  SINCE JUN 1     69                        90    -21       10
  SINCE JUL 1      0                         7     -7        0

 COOLING
  YESTERDAY        5                         9     -4        4
  MONTH TO DATE   99                       161    -62      285
  SINCE JUN 1    236                       240     -4      538
  SINCE JAN 1    254                       263     -9      565
..................................................................


WIND (MPH)
  HIGHEST WIND SPEED    26   HIGHEST WIND DIRECTION     W (260)
  HIGHEST GUST SPEED    35   HIGHEST GUST DIRECTION     W (270)
  AVERAGE WIND SPEED    18.2


SKY COVER
  POSSIBLE SUNSHINE  MM
  AVERAGE SKY COVER 0.2


WEATHER CONDITIONS
 THE FOLLOWING WEATHER WAS RECORDED YESTERDAY.
  NO SIGNIFICANT WEATHER WAS OBSERVED.


RELATIVE HUMIDITY (PERCENT)
 HIGHEST    65           500 AM
 LOWEST     21           300 PM
 AVERAGE    43

..........................................................


THE PENDLETON OR CLIMATE NORMALS FOR TODAY
                         NORMAL    RECORD    YEAR
 MAXIMUM TEMPERATURE (F)   90       109      1905
 MINIMUM TEMPERATURE (F)   59        41      1924


SUNRISE AND SUNSET
JULY 23 2016..........SUNRISE   529 AM PDT   SUNSET   834 PM PDT
JULY 24 2016..........SUNRISE   530 AM PDT   SUNSET   833 PM PDT


-  INDICATES NEGATIVE NUMBERS.
R  INDICATES RECORD WAS SET OR TIED.
MM INDICATES DATA IS MISSING.
T  INDICATES TRACE AMOUNT.




$$
