000
CDUS46 KPDT 010826
CLIPDT

CLIMATE REPORT
NATIONAL WEATHER SERVICE PENDLETON OR
1226 AM PST SUN FEB 1 2015


...................................

...THE PENDLETON OR CLIMATE SUMMARY FOR JANUARY 31 2015...

CLIMATE NORMAL PERIOD 1981 TO 2010
CLIMATE RECORD PERIOD 1890 TO 2015


WEATHER ITEM   OBSERVED TIME   RECORD YEAR NORMAL DEPARTURE LAST
                VALUE   (LST)  VALUE       VALUE  FROM      YEAR
                                                  NORMAL
..................................................................
TEMPERATURE (F)
 YESTERDAY
  MAXIMUM         36    437 PM  70    1995  44     -8       40
  MINIMUM         32    817 AM -15    1950  30      2       33
  AVERAGE         34                        37     -3       37

PRECIPITATION (IN)
  YESTERDAY        0.00          0.85 1910   0.04  -0.04      T
  MONTH TO DATE    0.72                      1.43  -0.71     0.73
  SINCE OCT 1      5.42                      5.43  -0.01     2.52
  SINCE JAN 1      0.72                      1.43  -0.71     0.73

SNOWFALL (IN)
  YESTERDAY        0.0           3.0  1939   0.1   -0.1     MM
  MONTH TO DATE    0.4                       3.7   -3.3       T
  SINCE JAN 1      0.4                       3.7   -3.3       T
  SINCE JUL 1      7.2                      11.2   -4.0      6.5
  SNOW DEPTH       0

DEGREE DAYS
 HEATING
  YESTERDAY       31                        28      3       28
  MONTH TO DATE  890                       921    -31      925
  SINCE DEC 1   1781                      1905   -124     2000
  SINCE JUL 1   2911                      3158   -247     3383

 COOLING
  YESTERDAY        0                         0      0        0
  MONTH TO DATE    0                         0      0        0
  SINCE DEC 1      0                         0      0        0
  SINCE JAN 1      0                         0      0        0
..................................................................


WIND (MPH)
  HIGHEST WIND SPEED    10   HIGHEST WIND DIRECTION    NE (50)
  HIGHEST GUST SPEED    11   HIGHEST GUST DIRECTION    NE (50)
  AVERAGE WIND SPEED     3.8


SKY COVER
  POSSIBLE SUNSHINE  MM
  AVERAGE SKY COVER 1.0


WEATHER CONDITIONS
THE FOLLOWING WEATHER WAS RECORDED YESTERDAY.
  FOG
  HAZE


RELATIVE HUMIDITY (PERCENT)
 HIGHEST    96           100 AM
 LOWEST     82          1200 PM
 AVERAGE    89

..........................................................


THE PENDLETON OR CLIMATE NORMALS FOR TODAY
                         NORMAL    RECORD    YEAR
 MAXIMUM TEMPERATURE (F)   44        70      1934
 MINIMUM TEMPERATURE (F)   30       -17      1950


SUNRISE AND SUNSET
FEBRUARY  1 2015......SUNRISE   717 AM PST   SUNSET   501 PM PST
FEBRUARY  2 2015......SUNRISE   716 AM PST   SUNSET   503 PM PST


-  INDICATES NEGATIVE NUMBERS.
R  INDICATES RECORD WAS SET OR TIED.
MM INDICATES DATA IS MISSING.
T  INDICATES TRACE AMOUNT.




$$
