000
CDUS46 KPQR 011145
CLIPDX


CLIMATE REPORT
NATIONAL WEATHER SERVICE PORTLAND OREGON
444 AM PDT FRI AUG 1 2014


...................................

...THE PORTLAND OR CLIMATE SUMMARY FOR JULY 31 2014...

CLIMATE NORMAL PERIOD 1981 TO 2010
CLIMATE RECORD PERIOD 1940 TO 2014


WEATHER ITEM   OBSERVED TIME   RECORD YEAR NORMAL DEPARTURE LAST
                VALUE   (LST)  VALUE       VALUE  FROM      YEAR
                                                  NORMAL
..................................................................
TEMPERATURE (F)
 YESTERDAY
  MAXIMUM         91    444 PM 102    1965  82      9       78
  MINIMUM         62    527 AM  48    1956  59      3       59
                                      1953
  AVERAGE         77                        71      6       69

PRECIPITATION (IN)
  YESTERDAY        0.00          0.38 1985   0.02  -0.02     0.00
  MONTH TO DATE    1.05                      0.65   0.40      T
  SINCE OCT 1     29.96                     33.89  -3.93    36.43
  SINCE JAN 1     24.14                     19.77   4.37    14.50

DEGREE DAYS
 HEATING
  YESTERDAY        0                         0      0        0
  MONTH TO DATE    1                        15    -14        2
  SINCE JUN 1     63                       108    -45       51
  SINCE JUL 1      1                        17    -16        2

 COOLING
  YESTERDAY       12                         6      6        4
  MONTH TO DATE  220                       147     73      168
  SINCE JUN 1    249                       194     55      235
  SINCE JAN 1    277                       211     66      250
..................................................................


WIND (MPH)
  HIGHEST WIND SPEED    20   HIGHEST WIND DIRECTION    NW (310)
  HIGHEST GUST SPEED    26   HIGHEST GUST DIRECTION    NW (310)
  AVERAGE WIND SPEED     7.5


SKY COVER
  POSSIBLE SUNSHINE  MM
  AVERAGE SKY COVER 0.2


WEATHER CONDITIONS
 THE FOLLOWING WEATHER WAS RECORDED YESTERDAY.
  NO SIGNIFICANT WEATHER WAS OBSERVED.


RELATIVE HUMIDITY (PERCENT)
 HIGHEST    72           600 AM
 LOWEST     32           300 PM
 AVERAGE    52

..........................................................


THE PORTLAND OR CLIMATE NORMALS FOR TODAY
                         NORMAL    RECORD    YEAR
 MAXIMUM TEMPERATURE (F)   82        95      2009
 MINIMUM TEMPERATURE (F)   59        47      1963
                                             1957


SUNRISE AND SUNSET
AUGUST  1 2014........SUNRISE   554 AM PDT   SUNSET   839 PM PDT
AUGUST  2 2014........SUNRISE   555 AM PDT   SUNSET   837 PM PDT


-  INDICATES NEGATIVE NUMBERS.
R  INDICATES RECORD WAS SET OR TIED.
MM INDICATES DATA IS MISSING.
T  INDICATES TRACE AMOUNT.




$$
