454
CDUS46 KPQR 012331
CLIPDX


CLIMATE REPORT
NATIONAL WEATHER SERVICE PORTLAND OREGON
431 PM PDT SUN MAY 1 2016


...................................

...THE PORTLAND OR CLIMATE SUMMARY FOR MAY 1 2016...
VALID TODAY AS OF 0400 PM LOCAL TIME.

CLIMATE NORMAL PERIOD 1981 TO 2010
CLIMATE RECORD PERIOD 1940 TO 2016


WEATHER ITEM   OBSERVED TIME   RECORD YEAR NORMAL DEPARTURE LAST
                VALUE   (LST)  VALUE       VALUE  FROM      YEAR
                                                  NORMAL
..................................................................
TEMPERATURE (F)
 TODAY
  MAXIMUM         81    250 PM  89    2014  65     16       73
  MINIMUM         46    540 AM  29    1954  45      1       50
  AVERAGE         64                        55      9       62

PRECIPITATION (IN)
  TODAY            0.00          1.15 1949   0.07  -0.07     0.00
  MONTH TO DATE    0.00                      0.07  -0.07     0.00
  SINCE OCT 1     41.44                     29.14  12.30    28.48
  SINCE JAN 1     18.02                     15.02   3.00    13.50

DEGREE DAYS
 HEATING
  TODAY            1                        10     -9        3
  MONTH TO DATE    1                        10     -9        3
  SINCE MAR 1    677                       915   -238      746
  SINCE JUL 1   3280                      3973   -693     3218

 COOLING
  TODAY            0                         0      0        0
  MONTH TO DATE    0                         0      0        0
  SINCE MAR 1     18                         1     17        2
  SINCE JAN 1     18                         1     17        2
..................................................................


WIND (MPH)
  HIGHEST WIND SPEED    24   HIGHEST WIND DIRECTION     E (80)
  HIGHEST GUST SPEED    30   HIGHEST GUST DIRECTION     E (100)
  AVERAGE WIND SPEED     7.5



WEATHER CONDITIONS
 THE FOLLOWING WEATHER WAS RECORDED TODAY.
  NO SIGNIFICANT WEATHER WAS OBSERVED.


RELATIVE HUMIDITY (PERCENT)
 HIGHEST    86           400 AM
 LOWEST     21           200 PM
 AVERAGE    54

..........................................................


THE PORTLAND OR CLIMATE NORMALS FOR TOMORROW
                         NORMAL    RECORD    YEAR
 MAXIMUM TEMPERATURE (F)   65        89      1945
 MINIMUM TEMPERATURE (F)   46        32      1964


SUNRISE AND SUNSET
MAY  1 2016...........SUNRISE   557 AM PDT   SUNSET   818 PM PDT
MAY  2 2016...........SUNRISE   556 AM PDT   SUNSET   820 PM PDT


-  INDICATES NEGATIVE NUMBERS.
R  INDICATES RECORD WAS SET OR TIED.
MM INDICATES DATA IS MISSING.
T  INDICATES TRACE AMOUNT.




$$
