000
CDUS46 KPQR 261142
CLIPDX


CLIMATE REPORT
NATIONAL WEATHER SERVICE PORTLAND OREGON
341 AM PST FRI DEC 26 2014


...................................

...THE PORTLAND OR CLIMATE SUMMARY FOR DECEMBER 25 2014...

CLIMATE NORMAL PERIOD 1981 TO 2010
CLIMATE RECORD PERIOD 1940 TO 2014


WEATHER ITEM   OBSERVED TIME   RECORD YEAR NORMAL DEPARTURE LAST
                VALUE   (LST)  VALUE       VALUE  FROM      YEAR
                                                  NORMAL
..................................................................
TEMPERATURE (F)
 YESTERDAY
  MAXIMUM         49    144 PM  64    1980  45      4       42
  MINIMUM         42   1150 PM  19    1990  35      7       34
  AVERAGE         46                        40      6       38

PRECIPITATION (IN)
  YESTERDAY        0.10          1.73 1980   0.17  -0.07     0.00
  MONTH TO DATE    5.58                      4.52   1.06     1.61
  SINCE OCT 1     14.51                     13.15   1.36     5.81
  SINCE JAN 1     39.64                     35.06   4.58    26.71

DEGREE DAYS
 HEATING
  YESTERDAY       19                        25     -6       27
  MONTH TO DATE  480                       608   -128      723
  SINCE DEC 1    480                       608   -128      723
  SINCE JUL 1   1213                      1577   -364     1734

 COOLING
  YESTERDAY        0                         0      0        0
  MONTH TO DATE    0                         0      0        0
  SINCE DEC 1      0                         0      0        0
  SINCE JAN 1    653                       424    229      539
..................................................................


WIND (MPH)
  HIGHEST WIND SPEED    10   HIGHEST WIND DIRECTION     W (260)
  HIGHEST GUST SPEED    14   HIGHEST GUST DIRECTION     W (260)
  AVERAGE WIND SPEED     4.1


SKY COVER
  POSSIBLE SUNSHINE  MM
  AVERAGE SKY COVER 0.8


WEATHER CONDITIONS
 THE FOLLOWING WEATHER WAS RECORDED YESTERDAY.
  LIGHT RAIN
  FOG


RELATIVE HUMIDITY (PERCENT)
 HIGHEST   100          1000 AM
 LOWEST     71           100 PM
 AVERAGE    86

..........................................................


THE PORTLAND OR CLIMATE NORMALS FOR TODAY
                         NORMAL    RECORD    YEAR
 MAXIMUM TEMPERATURE (F)   45        63      1980
 MINIMUM TEMPERATURE (F)   35        22      1983
                                             1962


SUNRISE AND SUNSET
DECEMBER 26 2014......SUNRISE   750 AM PST   SUNSET   432 PM PST
DECEMBER 27 2014......SUNRISE   750 AM PST   SUNSET   433 PM PST


-  INDICATES NEGATIVE NUMBERS.
R  INDICATES RECORD WAS SET OR TIED.
MM INDICATES DATA IS MISSING.
T  INDICATES TRACE AMOUNT.




$$
