000
CDUS46 KPQR 272321
CLIPDX


CLIMATE REPORT
NATIONAL WEATHER SERVICE PORTLAND OREGON
421 PM PDT MON JUL 27 2015


...................................

...THE PORTLAND OR CLIMATE SUMMARY FOR JULY 27 2015...
VALID TODAY AS OF 0400 PM LOCAL TIME.

CLIMATE NORMAL PERIOD 1981 TO 2010
CLIMATE RECORD PERIOD 1940 TO 2015


WEATHER ITEM   OBSERVED TIME   RECORD YEAR NORMAL DEPARTURE LAST
                VALUE   (LST)  VALUE       VALUE  FROM      YEAR
                                                  NORMAL
..................................................................
TEMPERATURE (F)
 TODAY
  MAXIMUM         76    259 PM 103    2009  82     -6       88
  MINIMUM         54    439 AM  47    1959  59     -5       59
  AVERAGE         65                        71     -6       74

PRECIPITATION (IN)
  TODAY            0.00          0.25 1947   0.02  -0.02     0.00
  MONTH TO DATE    0.57                      0.59  -0.02     1.05
  SINCE OCT 1     30.04                     33.83  -3.79    29.96
  SINCE JAN 1     15.06                     19.71  -4.65    24.14

DEGREE DAYS
 HEATING
  TODAY            0                         0      0        0
  MONTH TO DATE    0                        15    -15        1
  SINCE JUN 1     19                       106    -87       63
  SINCE JUL 1      0                        15    -15        1

 COOLING
  TODAY            0                         6     -6        9
  MONTH TO DATE  228                       125    103      174
  SINCE JUN 1    413                       172    241      203
  SINCE JAN 1    435                       189    246      231
..................................................................


WIND (MPH)
  HIGHEST WIND SPEED    15   HIGHEST WIND DIRECTION     W (290)
  HIGHEST GUST SPEED    19   HIGHEST GUST DIRECTION     W (270)
  AVERAGE WIND SPEED     4.6



WEATHER CONDITIONS
 THE FOLLOWING WEATHER WAS RECORDED TODAY.
  NO SIGNIFICANT WEATHER WAS OBSERVED.


RELATIVE HUMIDITY (PERCENT)
 HIGHEST    93           300 AM
 LOWEST     38           200 PM
 AVERAGE    66

..........................................................


THE PORTLAND OR CLIMATE NORMALS FOR TOMORROW
                         NORMAL    RECORD    YEAR
 MAXIMUM TEMPERATURE (F)   82       106      2009
 MINIMUM TEMPERATURE (F)   59        50      1963


SUNRISE AND SUNSET
JULY 27 2015..........SUNRISE   548 AM PDT   SUNSET   845 PM PDT
JULY 28 2015..........SUNRISE   549 AM PDT   SUNSET   844 PM PDT


-  INDICATES NEGATIVE NUMBERS.
R  INDICATES RECORD WAS SET OR TIED.
MM INDICATES DATA IS MISSING.
T  INDICATES TRACE AMOUNT.




$$
