000
CDUS46 KPQR 300226
CLIPDX


CLIMATE REPORT
NATIONAL WEATHER SERVICE PORTLAND OREGON
726 PM PDT FRI AUG 29 2014


...................................

...THE PORTLAND OR CLIMATE SUMMARY FOR AUGUST 29 2014...
VALID TODAY AS OF 0700 PM LOCAL TIME.

CLIMATE NORMAL PERIOD 1981 TO 2010
CLIMATE RECORD PERIOD 1940 TO 2014


WEATHER ITEM   OBSERVED TIME   RECORD YEAR NORMAL DEPARTURE LAST
                VALUE   (LST)  VALUE       VALUE  FROM      YEAR
                                                  NORMAL
..................................................................
TEMPERATURE (F)
 TODAY
  MAXIMUM         77    407 PM  95    1944  80     -3       80
  MINIMUM         63    417 AM  44    1980  57      6       65
                                      1951
  AVERAGE         70                        68      2       73

PRECIPITATION (IN)
  TODAY            0.00          1.13 1983   0.03  -0.03     0.37
  MONTH TO DATE    0.01                      0.60  -0.59     0.78
  SINCE OCT 1     29.97                     34.49  -4.52    37.21
  SINCE JAN 1     24.15                     20.37   3.78    15.28

DEGREE DAYS
 HEATING
  TODAY            0                         1     -1        0
  MONTH TO DATE    0                         2     -2        3
  SINCE JUN 1     63                       110    -47       54
  SINCE JUL 1      1                        19    -18        5

 COOLING
  TODAY            5                         4      1        8
  MONTH TO DATE  254                       146    108      185
  SINCE JUN 1    503                       340    163      420
  SINCE JAN 1    531                       357    174      435
..................................................................


WIND (MPH)
  HIGHEST WIND SPEED     9   HIGHEST WIND DIRECTION    NW (310)
  HIGHEST GUST SPEED    15   HIGHEST GUST DIRECTION    NW (300)
  AVERAGE WIND SPEED     5.4



WEATHER CONDITIONS
 THE FOLLOWING WEATHER WAS RECORDED TODAY.
  NO SIGNIFICANT WEATHER WAS OBSERVED.


RELATIVE HUMIDITY (PERCENT)
 HIGHEST    93           400 AM
 LOWEST     50           100 PM
 AVERAGE    72

..........................................................


THE PORTLAND OR CLIMATE NORMALS FOR TOMORROW
                         NORMAL    RECORD    YEAR
 MAXIMUM TEMPERATURE (F)   80        98      1987
 MINIMUM TEMPERATURE (F)   57        46      1951


SUNRISE AND SUNSET
AUGUST 29 2014........SUNRISE   628 AM PDT   SUNSET   754 PM PDT
AUGUST 30 2014........SUNRISE   629 AM PDT   SUNSET   752 PM PDT


-  INDICATES NEGATIVE NUMBERS.
R  INDICATES RECORD WAS SET OR TIED.
MM INDICATES DATA IS MISSING.
T  INDICATES TRACE AMOUNT.




$$
