000
CDUS46 KPQR 291143
CLIPDX


CLIMATE REPORT
NATIONAL WEATHER SERVICE PORTLAND OREGON
441 AM PDT SUN MAY 29 2016


...................................

...THE PORTLAND OR CLIMATE SUMMARY FOR MAY 28 2016...

CLIMATE NORMAL PERIOD 1981 TO 2010
CLIMATE RECORD PERIOD 1940 TO 2016


WEATHER ITEM   OBSERVED TIME   RECORD YEAR NORMAL DEPARTURE LAST
                VALUE   (LST)  VALUE       VALUE  FROM      YEAR
                                                  NORMAL
..................................................................
TEMPERATURE (F)
 YESTERDAY
  MAXIMUM         73    539 PM 100    1983  70      3       85
  MINIMUM         48    436 AM  38    1954  51     -3       54
  AVERAGE         61                        61      0       70

PRECIPITATION (IN)
  YESTERDAY        0.00          0.80 1985   0.09  -0.09     0.00
  MONTH TO DATE    1.72                      2.22  -0.50     0.59
  SINCE OCT 1     43.16                     31.29  11.87    29.07
  SINCE JAN 1     19.74                     17.17   2.57    14.09

DEGREE DAYS
 HEATING
  YESTERDAY        4                         5     -1        0
  MONTH TO DATE  105                       208   -103      133
  SINCE MAR 1    781                      1113   -332      876
  SINCE JUL 1   3384                      4171   -787     3348

 COOLING
  YESTERDAY        0                         1     -1        5
  MONTH TO DATE   25                         9     16       10
  SINCE MAR 1     43                        10     33       12
  SINCE JAN 1     43                        10     33       12
..................................................................


WIND (MPH)
  HIGHEST WIND SPEED    12   HIGHEST WIND DIRECTION    NW (320)
  HIGHEST GUST SPEED    18   HIGHEST GUST DIRECTION     N (350)
  AVERAGE WIND SPEED     5.0


SKY COVER
  POSSIBLE SUNSHINE  MM
  AVERAGE SKY COVER 0.7


WEATHER CONDITIONS
 THE FOLLOWING WEATHER WAS RECORDED YESTERDAY.
  NO SIGNIFICANT WEATHER WAS OBSERVED.


RELATIVE HUMIDITY (PERCENT)
 HIGHEST    86           400 AM
 LOWEST     31           200 PM
 AVERAGE    59

..........................................................


THE PORTLAND OR CLIMATE NORMALS FOR TODAY
                         NORMAL    RECORD    YEAR
 MAXIMUM TEMPERATURE (F)   70        90      1973
 MINIMUM TEMPERATURE (F)   51        41      1978


SUNRISE AND SUNSET
MAY 29 2016...........SUNRISE   526 AM PDT   SUNSET   850 PM PDT
MAY 30 2016...........SUNRISE   526 AM PDT   SUNSET   851 PM PDT


-  INDICATES NEGATIVE NUMBERS.
R  INDICATES RECORD WAS SET OR TIED.
MM INDICATES DATA IS MISSING.
T  INDICATES TRACE AMOUNT.




$$
