000
CDUS46 KPQR 250221
CLIPDX


CLIMATE REPORT
NATIONAL WEATHER SERVICE PORTLAND OREGON
721 PM PDT THU APR 24 2014


...................................

...THE PORTLAND OR CLIMATE SUMMARY FOR APRIL 24 2014...
VALID TODAY AS OF 0700 PM LOCAL TIME.

CLIMATE NORMAL PERIOD 1981 TO 2010
CLIMATE RECORD PERIOD 1940 TO 2014


WEATHER ITEM   OBSERVED TIME   RECORD YEAR NORMAL DEPARTURE LAST
                VALUE   (LST)  VALUE       VALUE  FROM      YEAR
                                                  NORMAL
..................................................................
TEMPERATURE (F)
 TODAY
  MAXIMUM         58    247 PM  79    1999  63     -5       75
                                      1946
  MINIMUM         50    105 PM  32    1950  44      6       39
  AVERAGE         54                        54      0       57

PRECIPITATION (IN)
  TODAY            0.31          0.54 1970   0.09   0.22     0.00
  MONTH TO DATE    2.60                      2.26   0.34     2.12
  SINCE OCT 1     23.76                     28.60  -4.84    30.26
  SINCE JAN 1     17.94                     14.48   3.46     8.33

DEGREE DAYS
 HEATING
  TODAY           11                        12     -1        8
  MONTH TO DATE  272                       319    -47      326
  SINCE MAR 1    756                       841    -85      824
  SINCE JUL 1   4054                      3899    155     3721

 COOLING
  TODAY            0                         0      0        0
  MONTH TO DATE    0                         0      0        0
  SINCE MAR 1      0                         0      0        0
  SINCE JAN 1      0                         0      0        0
..................................................................


WIND (MPH)
  HIGHEST WIND SPEED    26   HIGHEST WIND DIRECTION     S (180)
  HIGHEST GUST SPEED    31   HIGHEST GUST DIRECTION     W (260)
  AVERAGE WIND SPEED    10.0



WEATHER CONDITIONS
 THE FOLLOWING WEATHER WAS RECORDED TODAY.
  RAIN
  LIGHT RAIN
  FOG


RELATIVE HUMIDITY (PERCENT)
 HIGHEST    89           600 AM
 LOWEST     51           300 PM
 AVERAGE    70

..........................................................


THE PORTLAND OR CLIMATE NORMALS FOR TOMORROW
                         NORMAL    RECORD    YEAR
 MAXIMUM TEMPERATURE (F)   63        82      2001
 MINIMUM TEMPERATURE (F)   44        32      1955


SUNRISE AND SUNSET
APRIL 24 2014.........SUNRISE   609 AM PDT   SUNSET   809 PM PDT
APRIL 25 2014.........SUNRISE   608 AM PDT   SUNSET   810 PM PDT


-  INDICATES NEGATIVE NUMBERS.
R  INDICATES RECORD WAS SET OR TIED.
MM INDICATES DATA IS MISSING.
T  INDICATES TRACE AMOUNT.




$$
