000
CDUS46 KPQR 021142
CLIPDX


CLIMATE REPORT
NATIONAL WEATHER SERVICE PORTLAND OREGON
442 AM PDT THU JUL 2 2015


...................................

...THE PORTLAND OR CLIMATE SUMMARY FOR JULY 1 2015...

CLIMATE NORMAL PERIOD 1981 TO 2010
CLIMATE RECORD PERIOD 1940 TO 2015


WEATHER ITEM   OBSERVED TIME   RECORD YEAR NORMAL DEPARTURE LAST
                VALUE   (LST)  VALUE       VALUE  FROM      YEAR
                                                  NORMAL
..................................................................
TEMPERATURE (F)
 YESTERDAY
  MAXIMUM         95    511 PM 105    1942  77     18       99
  MINIMUM         62    535 AM  48    1963  56      6       59
  AVERAGE         79                        67     12       79

PRECIPITATION (IN)
  YESTERDAY        0.00          0.28 1983   0.03  -0.03     0.00
  MONTH TO DATE    0.00                      0.03  -0.03     0.00
  SINCE OCT 1     29.47                     33.27  -3.80    28.91
  SINCE JAN 1     14.49                     19.15  -4.66    23.09

DEGREE DAYS
 HEATING
  YESTERDAY        0                         1     -1        0
  MONTH TO DATE    0                         1     -1        0
  SINCE JUN 1     19                        92    -73       62
  SINCE JUL 1      0                         1     -1        0

 COOLING
  YESTERDAY       14                         3     11       14
  MONTH TO DATE   14                         3     11       14
  SINCE JUN 1    199                        50    149       43
  SINCE JAN 1    221                        67    154       71
..................................................................


WIND (MPH)
  HIGHEST WIND SPEED    17   HIGHEST WIND DIRECTION    NW (310)
  HIGHEST GUST SPEED    23   HIGHEST GUST DIRECTION    NW (320)
  AVERAGE WIND SPEED     8.2


SKY COVER
  POSSIBLE SUNSHINE  MM
  AVERAGE SKY COVER 0.0


WEATHER CONDITIONS
 THE FOLLOWING WEATHER WAS RECORDED YESTERDAY.
  NO SIGNIFICANT WEATHER WAS OBSERVED.


RELATIVE HUMIDITY (PERCENT)
 HIGHEST    73           700 AM
 LOWEST     24           500 PM
 AVERAGE    49

..........................................................


THE PORTLAND OR CLIMATE NORMALS FOR TODAY
                         NORMAL    RECORD    YEAR
 MAXIMUM TEMPERATURE (F)   78       102      1942
 MINIMUM TEMPERATURE (F)   56        43      1955


SUNRISE AND SUNSET
JULY  2 2015..........SUNRISE   526 AM PDT   SUNSET   903 PM PDT
JULY  3 2015..........SUNRISE   526 AM PDT   SUNSET   903 PM PDT


-  INDICATES NEGATIVE NUMBERS.
R  INDICATES RECORD WAS SET OR TIED.
MM INDICATES DATA IS MISSING.
T  INDICATES TRACE AMOUNT.




$$
