000
CDUS46 KPQR 061143
CLIPDX


CLIMATE REPORT
NATIONAL WEATHER SERVICE PORTLAND OREGON
342 AM PST SAT FEB 6 2016


...................................

...THE PORTLAND OR CLIMATE SUMMARY FOR FEBRUARY 5 2016...

CLIMATE NORMAL PERIOD 1981 TO 2010
CLIMATE RECORD PERIOD 1940 TO 2016


WEATHER ITEM   OBSERVED TIME   RECORD YEAR NORMAL DEPARTURE LAST
                VALUE   (LST)  VALUE       VALUE  FROM      YEAR
                                                  NORMAL
..................................................................
TEMPERATURE (F)
 YESTERDAY
  MAXIMUM         58R   509 PM  58    1995  50      8       50
                                      1961
  MINIMUM         40    711 AM   9    1989  36      4       45
  AVERAGE         49                        43      6       48

PRECIPITATION (IN)
  YESTERDAY        0.12          1.54 1946   0.14  -0.02     0.60
  MONTH TO DATE    0.83                      0.65   0.18     1.39
  SINCE OCT 1     31.48                     19.65  11.83    19.70
  SINCE JAN 1      8.06                      5.53   2.53     4.72

DEGREE DAYS
 HEATING
  YESTERDAY       16                        22     -6       17
  MONTH TO DATE   97                       110    -13       90
  SINCE DEC 1   1444                      1605   -161     1392
  SINCE JUL 1   2252                      2574   -322     2125

 COOLING
  YESTERDAY        0                         0      0        0
  MONTH TO DATE    0                         0      0        0
  SINCE DEC 1      0                         0      0        0
  SINCE JAN 1      0                         0      0        0
..................................................................


WIND (MPH)
  HIGHEST WIND SPEED    26   HIGHEST WIND DIRECTION    SW (210)
  HIGHEST GUST SPEED    34   HIGHEST GUST DIRECTION    SW (220)
  AVERAGE WIND SPEED     8.7


SKY COVER
  POSSIBLE SUNSHINE  MM
  AVERAGE SKY COVER 0.8


WEATHER CONDITIONS
 THE FOLLOWING WEATHER WAS RECORDED YESTERDAY.
  RAIN
  LIGHT RAIN
  FOG


RELATIVE HUMIDITY (PERCENT)
 HIGHEST    89           200 AM
 LOWEST     61           600 PM
 AVERAGE    75

..........................................................


THE PORTLAND OR CLIMATE NORMALS FOR TODAY
                         NORMAL    RECORD    YEAR
 MAXIMUM TEMPERATURE (F)   50        59      1998
 MINIMUM TEMPERATURE (F)   36        15      1989


SUNRISE AND SUNSET
FEBRUARY  6 2016......SUNRISE   726 AM PST   SUNSET   524 PM PST
FEBRUARY  7 2016......SUNRISE   724 AM PST   SUNSET   525 PM PST


-  INDICATES NEGATIVE NUMBERS.
R  INDICATES RECORD WAS SET OR TIED.
MM INDICATES DATA IS MISSING.
T  INDICATES TRACE AMOUNT.




$$
