000
CDUS46 KPQR 281141
CLIPDX


CLIMATE REPORT
NATIONAL WEATHER SERVICE PORTLAND OREGON
441 AM PDT FRI APR 28 2017


...................................

...THE PORTLAND OR CLIMATE SUMMARY FOR APRIL 27 2017...

CLIMATE NORMAL PERIOD 1981 TO 2010
CLIMATE RECORD PERIOD 1940 TO 2017


WEATHER ITEM   OBSERVED TIME   RECORD YEAR NORMAL DEPARTURE LAST
                VALUE   (LST)  VALUE       VALUE  FROM      YEAR
                                                  NORMAL
..................................................................
TEMPERATURE (F)
 YESTERDAY
  MAXIMUM         56    159 PM  86    1987  64     -8       61
  MINIMUM         42    509 AM  32    1948  45     -3       48
  AVERAGE         49                        54     -5       55

PRECIPITATION (IN)
  YESTERDAY        0.08          1.03 1962   0.08   0.00     0.02
  MONTH TO DATE    4.44                      2.50   1.94     1.88
  SINCE OCT 1     45.94                     28.84  17.10    41.36
  SINCE JAN 1     26.19                     14.72  11.47    17.94

SNOWFALL (IN)
  YESTERDAY        0.0           0.0  2016
  MONTH TO DATE    0.0
  SINCE MAR 1      T
  SINCE JUL 1     11.2

DEGREE DAYS
 HEATING
  YESTERDAY       16                        11      5       10
  MONTH TO DATE  382                       352     30      199
  SINCE MAR 1    912                       874     38      648
  SINCE JUL 1   4117                      3932    185     3251

 COOLING
  YESTERDAY        0                         0      0        0
  MONTH TO DATE    0                         0      0       18
  SINCE MAR 1      0                         0      0       18
  SINCE JAN 1      0                         0      0       18
..................................................................


WIND (MPH)
  HIGHEST WIND SPEED    21   HIGHEST WIND DIRECTION    NW (300)
  HIGHEST GUST SPEED    25   HIGHEST GUST DIRECTION    NW (300)
  AVERAGE WIND SPEED     6.5


SKY COVER
  POSSIBLE SUNSHINE  MM
  AVERAGE SKY COVER 0.7


WEATHER CONDITIONS
 THE FOLLOWING WEATHER WAS RECORDED YESTERDAY.
  LIGHT RAIN
  HAZE


RELATIVE HUMIDITY (PERCENT)
 HIGHEST    89           100 AM
 LOWEST     55           100 PM
 AVERAGE    72

..........................................................


THE PORTLAND OR CLIMATE NORMALS FOR TODAY
                         NORMAL    RECORD    YEAR
 MAXIMUM TEMPERATURE (F)   64        82      1998
 MINIMUM TEMPERATURE (F)   45        34      1973
                                             1955


SUNRISE AND SUNSET
APRIL 28 2017.........SUNRISE   602 AM PDT   SUNSET   814 PM PDT
APRIL 29 2017.........SUNRISE   601 AM PDT   SUNSET   815 PM PDT


-  INDICATES NEGATIVE NUMBERS.
R  INDICATES RECORD WAS SET OR TIED.
MM INDICATES DATA IS MISSING.
T  INDICATES TRACE AMOUNT.




$$
