000
CDUS46 KPQR 231148
CLIPDX


CLIMATE REPORT
NATIONAL WEATHER SERVICE PORTLAND OREGON
347 AM PST THU FEB 23 2017


...................................

...THE PORTLAND OR CLIMATE SUMMARY FOR FEBRUARY 22 2017...

CLIMATE NORMAL PERIOD 1981 TO 2010
CLIMATE RECORD PERIOD 1940 TO 2017


WEATHER ITEM   OBSERVED TIME   RECORD YEAR NORMAL DEPARTURE LAST
                VALUE   (LST)  VALUE       VALUE  FROM      YEAR
                                                  NORMAL
..................................................................
TEMPERATURE (F)
 YESTERDAY
  MAXIMUM         45    241 PM  64    2002  53     -8       54
  MINIMUM         31    449 AM  27    2010  37     -6       36
  AVERAGE         38                        44     -6       45

PRECIPITATION (IN)
  YESTERDAY        T             1.09 1957   0.13  -0.13      T
  MONTH TO DATE   10.05                      2.88   7.17     3.19
  SINCE OCT 1     33.93                     21.88  12.05    33.84
  SINCE JAN 1     14.18                      7.76   6.42    10.42

SNOWFALL (IN)
  YESTERDAY        0.0           1.0  1957
  MONTH TO DATE    T
  SINCE DEC 1     11.2
  SINCE JUL 1     11.2

DEGREE DAYS
 HEATING
  YESTERDAY       27                        20      7       20
  MONTH TO DATE  520                       474     46      349
  SINCE DEC 1   2343                      1969    374     1696
  SINCE JUL 1   3053                      2938    115     2504

 COOLING
  YESTERDAY        0                         0      0        0
  MONTH TO DATE    0                         0      0        0
  SINCE DEC 1      0                         0      0        0
  SINCE JAN 1      0                         0      0        0
..................................................................


WIND (MPH)
  HIGHEST WIND SPEED    13   HIGHEST WIND DIRECTION    NW (300)
  HIGHEST GUST SPEED    16   HIGHEST GUST DIRECTION    NW (300)
  AVERAGE WIND SPEED     2.4


SKY COVER
  POSSIBLE SUNSHINE  MM
  AVERAGE SKY COVER 0.9


WEATHER CONDITIONS
 THE FOLLOWING WEATHER WAS RECORDED YESTERDAY.
  FOG
  FOG W/VISIBILITY <= 1/4 MILE


RELATIVE HUMIDITY (PERCENT)
 HIGHEST   100          1200 AM
 LOWEST     70           200 PM
 AVERAGE    85

..........................................................


THE PORTLAND OR CLIMATE NORMALS FOR TODAY
                         NORMAL    RECORD    YEAR
 MAXIMUM TEMPERATURE (F)   53        67      1995
 MINIMUM TEMPERATURE (F)   37        25      1993


SUNRISE AND SUNSET
FEBRUARY 23 2017......SUNRISE   659 AM PST   SUNSET   549 PM PST
FEBRUARY 24 2017......SUNRISE   657 AM PST   SUNSET   551 PM PST


-  INDICATES NEGATIVE NUMBERS.
R  INDICATES RECORD WAS SET OR TIED.
MM INDICATES DATA IS MISSING.
T  INDICATES TRACE AMOUNT.




$$
