000
CDUS46 KPQR 250220
CLIPDX


CLIMATE REPORT
NATIONAL WEATHER SERVICE PORTLAND OREGON
720 PM PDT FRI OCT 24 2014


...................................

...THE PORTLAND OR CLIMATE SUMMARY FOR OCTOBER 24 2014...
VALID TODAY AS OF 0700 PM LOCAL TIME.

CLIMATE NORMAL PERIOD 1981 TO 2010
CLIMATE RECORD PERIOD 1940 TO 2014


WEATHER ITEM   OBSERVED TIME   RECORD YEAR NORMAL DEPARTURE LAST
                VALUE   (LST)  VALUE       VALUE  FROM      YEAR
                                                  NORMAL
..................................................................
TEMPERATURE (F)
 TODAY
  MAXIMUM         56    300 PM  73    1974  60     -4       67
                                      1965
                                      1962
  MINIMUM         50    401 AM  30    1958  44      6       47
  AVERAGE         53                        52      1       57

PRECIPITATION (IN)
  TODAY            0.12          1.31 1943   0.13  -0.01     0.00
  MONTH TO DATE    3.90                      2.07   1.83     0.87
  SINCE OCT 1      3.90                      2.07   1.83     0.87
  SINCE JAN 1     29.03                     23.98   5.05    21.77

DEGREE DAYS
 HEATING
  TODAY           12                        13     -1        8
  MONTH TO DATE  100                       220   -120      249
  SINCE SEP 1    117                       296   -179      334
  SINCE JUL 1    118                       323   -205      339

 COOLING
  TODAY            0                         0      0        0
  MONTH TO DATE   17                         0     17        0
  SINCE SEP 1    118                        59     59       86
  SINCE JAN 1    653                       422    231      539
..................................................................


WIND (MPH)
  HIGHEST WIND SPEED    15   HIGHEST WIND DIRECTION     E (110)
  HIGHEST GUST SPEED    17   HIGHEST GUST DIRECTION     E (110)
  AVERAGE WIND SPEED     4.5



WEATHER CONDITIONS
 THE FOLLOWING WEATHER WAS RECORDED TODAY.
  LIGHT RAIN
  FOG


RELATIVE HUMIDITY (PERCENT)
 HIGHEST   100           100 AM
 LOWEST     86          1200 PM
 AVERAGE    93

..........................................................


THE PORTLAND OR CLIMATE NORMALS FOR TOMORROW
                         NORMAL    RECORD    YEAR
 MAXIMUM TEMPERATURE (F)   60        74      1965
 MINIMUM TEMPERATURE (F)   44        34      2002
                                             1978


SUNRISE AND SUNSET
OCTOBER 24 2014.......SUNRISE   739 AM PDT   SUNSET   609 PM PDT
OCTOBER 25 2014.......SUNRISE   740 AM PDT   SUNSET   608 PM PDT


-  INDICATES NEGATIVE NUMBERS.
R  INDICATES RECORD WAS SET OR TIED.
MM INDICATES DATA IS MISSING.
T  INDICATES TRACE AMOUNT.




$$
