000
CDUS46 KPQR 211146
CLIPDX


CLIMATE REPORT
NATIONAL WEATHER SERVICE PORTLAND OREGON
345 AM PST TUE NOV 21 2017


...................................

...THE PORTLAND OR CLIMATE SUMMARY FOR NOVEMBER 20 2017...

CLIMATE NORMAL PERIOD 1981 TO 2010
CLIMATE RECORD PERIOD 1940 TO 2017


WEATHER ITEM   OBSERVED TIME   RECORD YEAR NORMAL DEPARTURE LAST
                VALUE   (LST)  VALUE       VALUE  FROM      YEAR
                                                  NORMAL
..................................................................
TEMPERATURE (F)
 YESTERDAY
  MAXIMUM         56    947 AM  63    2002  51      5       55
  MINIMUM         43    949 PM  25    1964  40      3       48
  AVERAGE         50                        46      4       52

PRECIPITATION (IN)
  YESTERDAY        0.92          1.50 1962   0.19   0.73     0.15
  MONTH TO DATE    4.25                      3.60   0.65     2.79
  SINCE OCT 1      8.82                      6.60   2.22    11.10
  SINCE JAN 1     40.52                     28.51  12.01    34.70

SNOWFALL (IN)
  YESTERDAY        0.0           0.5  1946
  MONTH TO DATE    0.0
  SINCE SEP 1      0.0
  SINCE JUL 1      0.0

DEGREE DAYS
 HEATING
  YESTERDAY       15                        19     -4       13
  MONTH TO DATE  350                       340     10      211
  SINCE SEP 1    752                       731     21      542
  SINCE JUL 1    754                       758     -4      548

 COOLING
  YESTERDAY        0                         0      0        0
  MONTH TO DATE    0                         0      0        0
  SINCE SEP 1    132                        61     71       30
  SINCE JAN 1    700                       424    276      548
..................................................................


WIND (MPH)
  HIGHEST WIND SPEED    22   HIGHEST WIND DIRECTION    SW (210)
  HIGHEST GUST SPEED    31   HIGHEST GUST DIRECTION    SW (210)
  AVERAGE WIND SPEED     6.4


SKY COVER
  POSSIBLE SUNSHINE  MM
  AVERAGE SKY COVER 0.7


WEATHER CONDITIONS
 THE FOLLOWING WEATHER WAS RECORDED YESTERDAY.
  RAIN
  LIGHT RAIN
  FOG


RELATIVE HUMIDITY (PERCENT)
 HIGHEST   100           200 AM
 LOWEST     72           200 PM
 AVERAGE    86

..........................................................


THE PORTLAND OR CLIMATE NORMALS FOR TODAY
                         NORMAL    RECORD    YEAR
 MAXIMUM TEMPERATURE (F)   51        62      1954
 MINIMUM TEMPERATURE (F)   39        23      1952


SUNRISE AND SUNSET
NOVEMBER 21 2017......SUNRISE   718 AM PST   SUNSET   434 PM PST
NOVEMBER 22 2017......SUNRISE   720 AM PST   SUNSET   433 PM PST


-  INDICATES NEGATIVE NUMBERS.
R  INDICATES RECORD WAS SET OR TIED.
MM INDICATES DATA IS MISSING.
T  INDICATES TRACE AMOUNT.




$$
