000
CDUS41 KPBZ 040702
CLIPHD


CLIMATE REPORT
NATIONAL WEATHER SERVICE PITTSBURGH PA
301 AM EDT WED MAY 4 2016


...................................

...THE NEW PHILADELPHIA OH CLIMATE SUMMARY FOR MAY 3 2016...

CLIMATE NORMAL PERIOD 1981 TO 2010
CLIMATE RECORD PERIOD 1946 TO 2016


WEATHER ITEM   OBSERVED TIME   RECORD YEAR NORMAL DEPARTURE LAST
                VALUE   (LST)  VALUE       VALUE  FROM      YEAR
                                                  NORMAL
..................................................................
TEMPERATURE (F)
 YESTERDAY
  MAXIMUM         63    346 PM  89    2012  69     -6       80
  MINIMUM         44            27    1978  44      0       45
  AVERAGE         54                        56     -2       63

PRECIPITATION (IN)
  YESTERDAY        0.00         MM      MM   0.12  -0.12     0.00
  MONTH TO DATE    0.34                      0.33   0.01     0.01
  SINCE JUN 1     29.94                     35.06  -5.12    34.99
  SINCE JAN 1     11.86                     11.76   0.10    10.26

DEGREE DAYS
 HEATING
  YESTERDAY       11                         9      2        2
  MONTH TO DATE   21                        28     -7       13
  SINCE MAR 1   1045                      1236   -191     1205
  SINCE JUL 1   4659                      5443   -784     5823

 COOLING
  YESTERDAY        0                         0      0        0
  MONTH TO DATE    0                         0      0        0
  SINCE MAR 1      0                         7     -7        3
  SINCE JAN 1      0                         7     -7        3
..................................................................


WIND (MPH)
  HIGHEST WIND SPEED    13   HIGHEST WIND DIRECTION    NW (310)
  HIGHEST GUST SPEED    16   HIGHEST GUST DIRECTION    NW (310)
  AVERAGE WIND SPEED     4.5


SKY COVER
  POSSIBLE SUNSHINE  MM
  AVERAGE SKY COVER 0.9


WEATHER CONDITIONS
 THE FOLLOWING WEATHER WAS RECORDED YESTERDAY.
  NO SIGNIFICANT WEATHER WAS OBSERVED.


RELATIVE HUMIDITY (PERCENT)
 HIGHEST    86           200 AM
 LOWEST     46           400 PM
 AVERAGE    66

..........................................................


THE NEW PHILADELPHIA OH CLIMATE NORMALS FOR TODAY
                         NORMAL    RECORD    YEAR
 MAXIMUM TEMPERATURE (F)   69        86      2001
 MINIMUM TEMPERATURE (F)   44        27      1971


SUNRISE AND SUNSET
MAY  4 2016...........SUNRISE   620 AM EDT   SUNSET   825 PM EDT
MAY  5 2016...........SUNRISE   619 AM EDT   SUNSET   826 PM EDT


-  INDICATES NEGATIVE NUMBERS.
R  INDICATES RECORD WAS SET OR TIED.
MM INDICATES DATA IS MISSING.
T  INDICATES TRACE AMOUNT.




$$
