000
CDUS41 KPBZ 012112
CLIPHD


CLIMATE REPORT
NATIONAL WEATHER SERVICE PITTSBURGH PA
512 PM EDT MON JUN 1 2015


...................................

...THE NEW PHILADELPHIA OH CLIMATE SUMMARY FOR JUNE 1 2015...
VALID TODAY AS OF 0500 PM LOCAL TIME.

CLIMATE NORMAL PERIOD 1981 TO 2010
CLIMATE RECORD PERIOD 1946 TO 2015


WEATHER ITEM   OBSERVED TIME   RECORD YEAR NORMAL DEPARTURE LAST
                VALUE   (LST)  VALUE       VALUE  FROM      YEAR
                                                  NORMAL
..................................................................
TEMPERATURE (F)
 TODAY
  MAXIMUM         58    318 PM  90    1977  77    -19       85
  MINIMUM         50    706 AM  38    1990  53     -3       52
  AVERAGE         54                        65    -11       69

PRECIPITATION (IN)
  TODAY            T            MM      MM   0.18  -0.18     0.00
  MONTH TO DATE    T                         0.18  -0.18     0.00
  SINCE JUN 1      T                         0.18  -0.18     0.00
  SINCE JAN 1     13.22                     15.78  -2.56    15.18

DEGREE DAYS
 HEATING
  TODAY           11                         3      8        0
  MONTH TO DATE   11                         3      8        0
  SINCE JUN 1     11                         3      8        0
  SINCE JUL 1   5908                      5612    296     6160

 COOLING
  TODAY            0                         3     -3        4
  MONTH TO DATE    0                         3     -3        4
  SINCE JUN 1      0                         3     -3        4
  SINCE JAN 1    161                        46    115       70
..................................................................


WIND (MPH)
  HIGHEST WIND SPEED    12   HIGHEST WIND DIRECTION     N (350)
  HIGHEST GUST SPEED    15   HIGHEST GUST DIRECTION    NW (330)
  AVERAGE WIND SPEED     7.0


SKY COVER
  POSSIBLE SUNSHINE  MM
  AVERAGE SKY COVER 1.0


WEATHER CONDITIONS
 THE FOLLOWING WEATHER WAS RECORDED TODAY.
  LIGHT RAIN
  FOG
  HAZE


RELATIVE HUMIDITY (PERCENT)
 HIGHEST    86           400 AM
 LOWEST     71          1000 AM
 AVERAGE    79

..........................................................


THE NEW PHILADELPHIA OH CLIMATE NORMALS FOR TOMORROW
                         NORMAL    RECORD    YEAR
 MAXIMUM TEMPERATURE (F)   77        91      1969
 MINIMUM TEMPERATURE (F)   53        33      1966


SUNRISE AND SUNSET
JUNE  1 2015..........SUNRISE   558 AM EDT   SUNSET   850 PM EDT
JUNE  2 2015..........SUNRISE   557 AM EDT   SUNSET   850 PM EDT


-  INDICATES NEGATIVE NUMBERS.
R  INDICATES RECORD WAS SET OR TIED.
MM INDICATES DATA IS MISSING.
T  INDICATES TRACE AMOUNT.




$$
