000
CDUS41 KPBZ 232142
CLIPHD


CLIMATE REPORT
NATIONAL WEATHER SERVICE PITTSBURGH PA
541 PM EDT SUN JUL 23 2017


...................................

...THE NEW PHILADELPHIA OH CLIMATE SUMMARY FOR JULY 23 2017...
VALID TODAY AS OF 0500 PM LOCAL TIME.

CLIMATE NORMAL PERIOD 1981 TO 2010
CLIMATE RECORD PERIOD 1948 TO 2017


WEATHER ITEM   OBSERVED TIME   RECORD YEAR NORMAL DEPARTURE LAST
                VALUE   (LST)  VALUE       VALUE  FROM      YEAR
                                                  NORMAL
..................................................................
TEMPERATURE (F)
 TODAY
  MAXIMUM         82    300 PM  98    2016  84     -2       98
  MINIMUM         71    607 AM  47    1981  62      9       72
  AVERAGE         77                        73      4       85

PRECIPITATION (IN)
  TODAY            0.00          1.99 1951   0.14  -0.14      T
  MONTH TO DATE    4.57                      2.86   1.71     1.17
  SINCE JUN 1      6.72                      6.59   0.13     2.34
  SINCE JAN 1     27.47                     22.19   5.28    16.99

DEGREE DAYS
 HEATING
  TODAY            0                         0      0        0
  MONTH TO DATE    0                         0      0        0
  SINCE JUN 1     27                        35     -8        7
  SINCE JUL 1      0                         0      0        0

 COOLING
  TODAY           12                         8      4       20
  MONTH TO DATE  218                       175     43      271
  SINCE JUN 1    406                       318     88      541
  SINCE JAN 1    473                       361    112      620
..................................................................


WIND (MPH)
  HIGHEST WIND SPEED    12   HIGHEST WIND DIRECTION     S (200)
  HIGHEST GUST SPEED    16   HIGHEST GUST DIRECTION     S (200)
  AVERAGE WIND SPEED     3.7


SKY COVER
  POSSIBLE SUNSHINE  MM
  AVERAGE SKY COVER 0.6


WEATHER CONDITIONS
 THE FOLLOWING WEATHER WAS RECORDED TODAY.
  FOG
  FOG W/VISIBILITY <= 1/4 MILE


RELATIVE HUMIDITY (PERCENT)
 HIGHEST   100          1200 AM
 LOWEST     79           300 PM
 AVERAGE    90

..........................................................


THE NEW PHILADELPHIA OH CLIMATE NORMALS FOR TOMORROW
                         NORMAL    RECORD    YEAR
 MAXIMUM TEMPERATURE (F)   84        95      2016
 MINIMUM TEMPERATURE (F)   62        49      1985


SUNRISE AND SUNSET
JULY 23 2017..........SUNRISE   615 AM EDT   SUNSET   849 PM EDT
JULY 24 2017..........SUNRISE   616 AM EDT   SUNSET   848 PM EDT


-  INDICATES NEGATIVE NUMBERS.
R  INDICATES RECORD WAS SET OR TIED.
MM INDICATES DATA IS MISSING.
T  INDICATES TRACE AMOUNT.




$$
