000
CDUS41 KPHI 282127
CLIPHL


CLIMATE REPORT
NATIONAL WEATHER SERVICE MOUNT HOLLY NJ
527 PM EDT SAT MAY 28 2016


...................................

...THE PHILADELPHIA PA CLIMATE SUMMARY FOR MAY 28 2016...
VALID TODAY AS OF 0500 PM LOCAL TIME.

CLIMATE NORMAL PERIOD 1981 TO 2010
CLIMATE RECORD PERIOD 1872 TO 2016


WEATHER ITEM   OBSERVED TIME   RECORD YEAR NORMAL DEPARTURE LAST
                VALUE   (LST)  VALUE       VALUE  FROM      YEAR
                                                  NORMAL
..................................................................
TEMPERATURE (F)
 TODAY
  MAXIMUM         90    345 PM  94    1941  77     13       89
  MINIMUM         68    537 AM  41    1961  58     10       70
  AVERAGE         79                        68     11       80

PRECIPITATION (IN)
  TODAY            0.00          2.28 1982   0.12  -0.12      T
  MONTH TO DATE    5.14                      3.33   1.81     1.19
  SINCE MAR 1      8.90                     10.68  -1.78    10.29
  SINCE JAN 1     15.89                     16.36  -0.47    17.17

SNOWFALL (IN)
  TODAY            0.0           0.0  1870   0.0    0.0      0.0
  MONTH TO DATE    0.0                       0.0    0.0      0.0
  SINCE MAR 1      1.3                       3.4   -2.1     12.0
  SINCE JUL 1     27.5                      22.4    5.1     27.0
  SNOW DEPTH       0

DEGREE DAYS
 HEATING
  TODAY            0                         2     -2        0
  MONTH TO DATE  145                       107     38       32
  SINCE MAR 1    901                      1115   -214     1111
  SINCE JUL 1   3587                      4597  -1010     4764

 COOLING
  TODAY           14                         4     10       15
  MONTH TO DATE   56                        63     -7      155
  SINCE MAR 1     79                        76      3      158
  SINCE JAN 1     79                        76      3      158
..................................................................


WIND (MPH)
  HIGHEST WIND SPEED    18   HIGHEST WIND DIRECTION    SW (230)
  HIGHEST GUST SPEED    22   HIGHEST GUST DIRECTION    SW (230)
  AVERAGE WIND SPEED     9.1


SKY COVER
  POSSIBLE SUNSHINE  MM
  AVERAGE SKY COVER 0.4


WEATHER CONDITIONS
 THE FOLLOWING WEATHER WAS RECORDED TODAY.
  NO SIGNIFICANT WEATHER WAS OBSERVED.


RELATIVE HUMIDITY (PERCENT)
 HIGHEST    73           500 AM
 LOWEST     44           200 PM
 AVERAGE    59

..........................................................


THE PHILADELPHIA PA CLIMATE NORMALS FOR TOMORROW
                         NORMAL    RECORD    YEAR
 MAXIMUM TEMPERATURE (F)   78        95      1991
 MINIMUM TEMPERATURE (F)   58        42      1884


SUNRISE AND SUNSET
MAY 28 2016...........SUNRISE   536 AM EDT   SUNSET   821 PM EDT
MAY 29 2016...........SUNRISE   536 AM EDT   SUNSET   822 PM EDT


-  INDICATES NEGATIVE NUMBERS.
R  INDICATES RECORD WAS SET OR TIED.
MM INDICATES DATA IS MISSING.
T  INDICATES TRACE AMOUNT.




$$
