773
CDUS41 KPHI 240544
CLIPHL


CLIMATE REPORT
NATIONAL WEATHER SERVICE MOUNT HOLLY NJ
144 AM EDT SUN SEP 24 2017


...................................

...THE PHILADELPHIA PA CLIMATE SUMMARY FOR SEPTEMBER 23 2017...

CLIMATE NORMAL PERIOD 1981 TO 2010
CLIMATE RECORD PERIOD 1872 TO 2017


WEATHER ITEM   OBSERVED TIME   RECORD YEAR NORMAL DEPARTURE LAST
                VALUE   (LST)  VALUE       VALUE  FROM      YEAR
                                                  NORMAL
..................................................................
TEMPERATURE (F)
 YESTERDAY
  MAXIMUM         88    430 PM  97    1895  75     13       89
  MINIMUM         67    557 AM  40    1983  58      9       63
                                      1947
  AVERAGE         78                        66     12       76

PRECIPITATION (IN)
  YESTERDAY        0.00          3.72 1882   0.12  -0.12     0.00
  MONTH TO DATE    3.86                      2.84   1.02     1.76
  SINCE SEP 1      3.86                      2.84   1.02     1.76
  SINCE JAN 1     35.07                     30.86   4.21    26.61

SNOWFALL (IN)
  YESTERDAY        0.0           0.0    MM   0.0    0.0      0.0
  MONTH TO DATE    0.0                       0.0    0.0      0.0
  SINCE SEP 1      0.0                       0.0    0.0      0.0
  SINCE JUL 1      0.0                       0.0    0.0      0.0
  SNOW DEPTH       0

DEGREE DAYS
 HEATING
  YESTERDAY        0                         2     -2        0
  MONTH TO DATE    7                        15     -8        0
  SINCE SEP 1      7                        15     -8        0
  SINCE JUL 1      7                        16     -9        0

 COOLING
  YESTERDAY       13                         3     10       11
  MONTH TO DATE  153                       144      9      268
  SINCE SEP 1    153                       144      9      268
  SINCE JAN 1   1343                      1261     82     1680
..................................................................


WIND (MPH)
  HIGHEST WIND SPEED    16   HIGHEST WIND DIRECTION     N (360)
  HIGHEST GUST SPEED    22   HIGHEST GUST DIRECTION     N (340)
  AVERAGE WIND SPEED     6.7


SKY COVER
  POSSIBLE SUNSHINE  MM
  AVERAGE SKY COVER 0.3


WEATHER CONDITIONS
 THE FOLLOWING WEATHER WAS RECORDED YESTERDAY.
  NO SIGNIFICANT WEATHER WAS OBSERVED.


RELATIVE HUMIDITY (PERCENT)
 HIGHEST    73          1000 PM
 LOWEST     28           500 PM
 AVERAGE    51

..........................................................


THE PHILADELPHIA PA CLIMATE NORMALS FOR TODAY
                         NORMAL    RECORD    YEAR
 MAXIMUM TEMPERATURE (F)   75        95      1970
 MINIMUM TEMPERATURE (F)   57        40      1974
                                             1963


SUNRISE AND SUNSET
SEPTEMBER 24 2017.....SUNRISE   651 AM EDT   SUNSET   654 PM EDT
SEPTEMBER 25 2017.....SUNRISE   652 AM EDT   SUNSET   653 PM EDT


-  INDICATES NEGATIVE NUMBERS.
R  INDICATES RECORD WAS SET OR TIED.
MM INDICATES DATA IS MISSING.
T  INDICATES TRACE AMOUNT.




$$
