000
CDUS41 KPHI 010631
CLIPHL


CLIMATE REPORT
NATIONAL WEATHER SERVICE MOUNT HOLLY NJ
128 AM EST SUN MAR 1 2015


...................................

...THE PHILADELPHIA PA CLIMATE SUMMARY FOR FEBRUARY 28 2015...

CLIMATE NORMAL PERIOD 1981 TO 2010
CLIMATE RECORD PERIOD 1872 TO 2015


WEATHER ITEM   OBSERVED TIME   RECORD YEAR NORMAL DEPARTURE LAST
                VALUE   (LST)  VALUE       VALUE  FROM      YEAR
                                                  NORMAL
..................................................................
TEMPERATURE (F)
 YESTERDAY
  MAXIMUM         32    445 PM  68    1976  47    -15       26
  MINIMUM         16    706 AM   9    1934  30    -14       10
  AVERAGE         24                        39    -15       18

PRECIPITATION (IN)
  YESTERDAY        0.00          1.40 1902   0.10  -0.10     0.00
  MONTH TO DATE    2.36                      2.65  -0.29     5.12
  SINCE DEC 1     10.15                      9.24   0.91    13.87
  SINCE JAN 1      6.88                      5.68   1.20     8.67

SNOWFALL (IN)
  YESTERDAY        0.0           6.5  1941   0.2   -0.2      0.0
  MONTH TO DATE   10.6                       8.8    1.8     22.4
  SINCE DEC 1     15.0                      18.7   -3.7     59.5
  SINCE JUL 1     15.0                      19.0   -4.0     59.5
  SNOW DEPTH       0

DEGREE DAYS
 HEATING
  YESTERDAY       41                        26     15       47
  MONTH TO DATE 1093                       819    274      912
  SINCE DEC 1   2875                      2666    209     2850
  SINCE JUL 1   3653                      3482    171     3656

 COOLING
  YESTERDAY        0                         0      0        0
  MONTH TO DATE    0                         0      0        0
  SINCE DEC 1      0                         0      0        0
  SINCE JAN 1      0                         0      0        0
..................................................................


WIND (MPH)
  HIGHEST WIND SPEED    17   HIGHEST WIND DIRECTION     N (350)
  HIGHEST GUST SPEED    21   HIGHEST GUST DIRECTION     N (350)
  AVERAGE WIND SPEED     6.5


SKY COVER
  POSSIBLE SUNSHINE  MM
  AVERAGE SKY COVER 0.3


WEATHER CONDITIONS
 THE FOLLOWING WEATHER WAS RECORDED YESTERDAY.
  NO SIGNIFICANT WEATHER WAS OBSERVED.


RELATIVE HUMIDITY (PERCENT)
 HIGHEST    50          1200 AM
 LOWEST     21           400 PM
 AVERAGE    36

..........................................................


THE PHILADELPHIA PA CLIMATE NORMALS FOR TODAY
                         NORMAL    RECORD    YEAR
 MAXIMUM TEMPERATURE (F)   48        76      1972
 MINIMUM TEMPERATURE (F)   30         9      1980


SUNRISE AND SUNSET
MARCH  1 2015.........SUNRISE   635 AM EST   SUNSET   553 PM EST
MARCH  2 2015.........SUNRISE   633 AM EST   SUNSET   554 PM EST


-  INDICATES NEGATIVE NUMBERS.
R  INDICATES RECORD WAS SET OR TIED.
MM INDICATES DATA IS MISSING.
T  INDICATES TRACE AMOUNT.




$$
