187
CDUS41 KPHI 160629
CLIPHL


CLIMATE REPORT
NATIONAL WEATHER SERVICE MOUNT HOLLY NJ
129 AM EST MON JAN 16 2017


...................................

...THE PHILADELPHIA PA CLIMATE SUMMARY FOR JANUARY 15 2017...

CLIMATE NORMAL PERIOD 1981 TO 2010
CLIMATE RECORD PERIOD 1872 TO 2017


WEATHER ITEM   OBSERVED TIME   RECORD YEAR NORMAL DEPARTURE LAST
                VALUE   (LST)  VALUE       VALUE  FROM      YEAR
                                                  NORMAL
..................................................................
TEMPERATURE (F)
 YESTERDAY
  MAXIMUM         41    352 PM  71    1932  40      1       53
  MINIMUM         31   1159 PM   2    1964  25      6       30
  AVERAGE         36                        33      3       42

PRECIPITATION (IN)
  YESTERDAY        0.00          1.23 1884   0.10  -0.10     0.16
  MONTH TO DATE    1.38                      1.46  -0.08     0.79
  SINCE DEC 1      4.10                      5.02  -0.92     5.93
  SINCE JAN 1      1.38                      1.46  -0.08     0.79

SNOWFALL (IN)
  YESTERDAY        0.0           5.0  1892   0.2   -0.2      0.0
  MONTH TO DATE    4.9                       2.7    2.2       T
  SINCE DEC 1      5.2                       6.1   -0.9       T
  SINCE JUL 1      5.2                       6.4   -1.2       T
  SNOW DEPTH       0

DEGREE DAYS
 HEATING
  YESTERDAY       29                        32     -3       23
  MONTH TO DATE  433                       478    -45      430
  SINCE DEC 1   1237                      1332    -95      851
  SINCE JUL 1   1868                      2148   -280     1411

 COOLING
  YESTERDAY        0                         0      0        0
  MONTH TO DATE    0                         0      0        0
  SINCE DEC 1      0                         0      0        2
  SINCE JAN 1      0                         0      0        0
..................................................................


WIND (MPH)
  HIGHEST WIND SPEED    13   HIGHEST WIND DIRECTION     N (340)
  HIGHEST GUST SPEED    19   HIGHEST GUST DIRECTION     N (350)
  AVERAGE WIND SPEED     8.1


SKY COVER
  POSSIBLE SUNSHINE  MM
  AVERAGE SKY COVER 0.7


WEATHER CONDITIONS
 THE FOLLOWING WEATHER WAS RECORDED YESTERDAY.
  HAZE


RELATIVE HUMIDITY (PERCENT)
 HIGHEST    89          1200 AM
 LOWEST     44           100 PM
 AVERAGE    67

..........................................................


THE PHILADELPHIA PA CLIMATE NORMALS FOR TODAY
                         NORMAL    RECORD    YEAR
 MAXIMUM TEMPERATURE (F)   40        62      2007
 MINIMUM TEMPERATURE (F)   25         0      1977
                                             1893


SUNRISE AND SUNSET
JANUARY 16 2017.......SUNRISE   720 AM EST   SUNSET   502 PM EST
JANUARY 17 2017.......SUNRISE   720 AM EST   SUNSET   503 PM EST


-  INDICATES NEGATIVE NUMBERS.
R  INDICATES RECORD WAS SET OR TIED.
MM INDICATES DATA IS MISSING.
T  INDICATES TRACE AMOUNT.




$$
