000
CDUS43 KUNR 250850
CLIPHP


CLIMATE REPORT
NATIONAL WEATHER SERVICE RAPID CITY SD
244 AM MDT THU MAY 25 2017


...................................

...THE PHILIP SD CLIMATE SUMMARY FOR MAY 24 2017...

CLIMATE NORMAL PERIOD 1981 TO 2010
CLIMATE RECORD PERIOD 9999 TO 9999


WEATHER ITEM   OBSERVED TIME   NORMAL DEPARTURE LAST
                VALUE   (LST)  VALUE  FROM      YEAR
                                      NORMAL
......................................................
TEMPERATURE (F)
 YESTERDAY
  MAXIMUM         77    422 PM  73      4       78
  MINIMUM         29    354 AM  47    -18       40
  AVERAGE         53            60     -7       59

PRECIPITATION (IN)
  YESTERDAY        0.00          0.10  -0.10     0.39
  MONTH TO DATE    1.03          2.35  -1.32     1.16
  SINCE MAR 1      3.59          5.46  -1.87     5.83
  SINCE JAN 1      4.66          6.24  -1.58     6.51

DEGREE DAYS
 HEATING
  YESTERDAY       12             6      6        6
  MONTH TO DATE  222           232    -10      236
  SINCE MAR 1   1554          1734   -180     1475
  SINCE JUL 1   6614          7099   -485     6287

 COOLING
  YESTERDAY        0             1     -1        0
  MONTH TO DATE   13            19     -6       10
  SINCE MAR 1     13            22     -9       11
  SINCE JAN 1     13            22     -9       11
......................................................


WIND (MPH)
  HIGHEST WIND SPEED    25   HIGHEST WIND DIRECTION    SE (150)
  HIGHEST GUST SPEED    33   HIGHEST GUST DIRECTION    SE (150)
  AVERAGE WIND SPEED    11.7


SKY COVER
  AVERAGE SKY COVER 0.0


WEATHER CONDITIONS
 THE FOLLOWING WEATHER WAS RECORDED YESTERDAY.
  NO SIGNIFICANT WEATHER WAS OBSERVED.


RELATIVE HUMIDITY (PERCENT)
 HIGHEST   100           200 AM
 LOWEST     27           300 PM
 AVERAGE    64

..........................................................




SUNRISE AND SUNSET
MAY 25 2017...........SUNRISE   511 AM MDT   SUNSET   817 PM MDT
MAY 26 2017...........SUNRISE   510 AM MDT   SUNSET   818 PM MDT


-  INDICATES NEGATIVE NUMBERS.
R  INDICATES RECORD WAS SET OR TIED.
MM INDICATES DATA IS MISSING.
T  INDICATES TRACE AMOUNT.




$$
