429
CDUS43 KUNR 250836
CLIPHP


CLIMATE REPORT
NATIONAL WEATHER SERVICE RAPID CITY SD
236 AM MDT MON SEP 25 2017


...................................

...THE PHILIP SD CLIMATE SUMMARY FOR SEPTEMBER 24 2017...

CLIMATE NORMAL PERIOD 1981 TO 2010
CLIMATE RECORD PERIOD 9999 TO 9999


WEATHER ITEM   OBSERVED TIME   NORMAL DEPARTURE LAST
                VALUE   (LST)  VALUE  FROM      YEAR
                                      NORMAL
......................................................
TEMPERATURE (F)
 YESTERDAY
  MAXIMUM         55    212 PM  74    -19       75
  MINIMUM         48   1159 PM  43      5       52
  AVERAGE         52            58     -6       64

PRECIPITATION (IN)
  YESTERDAY        0.16          0.05   0.11      T
  MONTH TO DATE    1.02          1.20  -0.18     0.23
  SINCE SEP 1      1.02          1.20  -0.18     0.23
  SINCE JAN 1      8.88         14.58  -5.70    12.24

DEGREE DAYS
 HEATING
  YESTERDAY       13             8      5        1
  MONTH TO DATE  103           107     -4       60
  SINCE SEP 1    103           107     -4       60
  SINCE JUL 1    109           132    -23       79

 COOLING
  YESTERDAY        0             1     -1        0
  MONTH TO DATE  106            74     32       62
  SINCE SEP 1    106            74     32       62
  SINCE JAN 1    902           809     93      892
......................................................


WIND (MPH)
  HIGHEST WIND SPEED    20   HIGHEST WIND DIRECTION     N (350)
  HIGHEST GUST SPEED    26   HIGHEST GUST DIRECTION     N (340)
  AVERAGE WIND SPEED    11.6


SKY COVER
  AVERAGE SKY COVER 1.0


WEATHER CONDITIONS
 THE FOLLOWING WEATHER WAS RECORDED YESTERDAY.
  RAIN
  LIGHT RAIN
  FOG


RELATIVE HUMIDITY (PERCENT)
 HIGHEST   100          1200 AM
 LOWEST     71           400 PM
 AVERAGE    86

..........................................................




SUNRISE AND SUNSET
SEPTEMBER 25 2017.....SUNRISE   637 AM MDT   SUNSET   638 PM MDT
SEPTEMBER 26 2017.....SUNRISE   639 AM MDT   SUNSET   636 PM MDT


-  INDICATES NEGATIVE NUMBERS.
R  INDICATES RECORD WAS SET OR TIED.
MM INDICATES DATA IS MISSING.
T  INDICATES TRACE AMOUNT.




$$
