000
CDUS43 KUNR 270832
CLIPHP


CLIMATE REPORT
NATIONAL WEATHER SERVICE RAPID CITY SD
232 AM MDT FRI MAY 27 2016


...................................

...THE PHILIP SD CLIMATE SUMMARY FOR MAY 26 2016...

CLIMATE NORMAL PERIOD 1981 TO 2010
CLIMATE RECORD PERIOD 9999 TO 9999


WEATHER ITEM   OBSERVED TIME   NORMAL DEPARTURE LAST
                VALUE   (LST)  VALUE  FROM      YEAR
                                      NORMAL
......................................................
TEMPERATURE (F)
 YESTERDAY
  MAXIMUM         76    215 PM  73      3       77
  MINIMUM         44    452 AM  48     -4       48
  AVERAGE         60            60      0       63

PRECIPITATION (IN)
  YESTERDAY        0.00          0.09  -0.09      T
  MONTH TO DATE    1.34          2.54  -1.20     6.28
  SINCE MAR 1      6.01          5.65   0.36     6.71
  SINCE JAN 1      6.69          6.43   0.26     6.82

DEGREE DAYS
 HEATING
  YESTERDAY        5             5      0        2
  MONTH TO DATE  245           243      2      262
  SINCE MAR 1   1484          1745   -261     1493
  SINCE JUL 1   6296          7110   -814     6633

 COOLING
  YESTERDAY        0             1     -1        0
  MONTH TO DATE   10            21    -11        2
  SINCE MAR 1     11            24    -13        5
  SINCE JAN 1     11            24    -13        5
......................................................


WIND (MPH)
  HIGHEST WIND SPEED    16   HIGHEST WIND DIRECTION     N (340)
  HIGHEST GUST SPEED    19   HIGHEST GUST DIRECTION     N (340)
  AVERAGE WIND SPEED     4.5


SKY COVER
  AVERAGE SKY COVER 0.1


WEATHER CONDITIONS
 THE FOLLOWING WEATHER WAS RECORDED YESTERDAY.
  NO SIGNIFICANT WEATHER WAS OBSERVED.


RELATIVE HUMIDITY (PERCENT)
 HIGHEST   100           300 AM
 LOWEST     41           200 PM
 AVERAGE    71

..........................................................




SUNRISE AND SUNSET
MAY 27 2016...........SUNRISE   509 AM MDT   SUNSET   819 PM MDT
MAY 28 2016...........SUNRISE   508 AM MDT   SUNSET   820 PM MDT


-  INDICATES NEGATIVE NUMBERS.
R  INDICATES RECORD WAS SET OR TIED.
MM INDICATES DATA IS MISSING.
T  INDICATES TRACE AMOUNT.




$$
