000
CDUS43 KUNR 040831
CLIPHP


CLIMATE REPORT
NATIONAL WEATHER SERVICE RAPID CITY SD
231 AM MDT WED MAY 4 2016


...................................

...THE PHILIP SD CLIMATE SUMMARY FOR MAY 3 2016...

CLIMATE NORMAL PERIOD 1981 TO 2010
CLIMATE RECORD PERIOD 9999 TO 9999


WEATHER ITEM   OBSERVED TIME   NORMAL DEPARTURE LAST
                VALUE   (LST)  VALUE  FROM      YEAR
                                      NORMAL
......................................................
TEMPERATURE (F)
 YESTERDAY
  MAXIMUM         77    315 PM  67     10       74
  MINIMUM         33    338 AM  39     -6       44
  AVERAGE         55            53      2       59

PRECIPITATION (IN)
  YESTERDAY        0.00          0.09  -0.09     0.00
  MONTH TO DATE    0.07          0.28  -0.21     0.00
  SINCE MAR 1      4.74          3.39   1.35     0.43
  SINCE JAN 1      5.42          4.17   1.25     0.54

DEGREE DAYS
 HEATING
  YESTERDAY       10            13     -3        6
  MONTH TO DATE   44            39      5       14
  SINCE MAR 1   1283          1541   -258     1245
  SINCE JUL 1   6095          6906   -811     6385

 COOLING
  YESTERDAY        0             0      0        0
  MONTH TO DATE    0             0      0        2
  SINCE MAR 1      1             3     -2        5
  SINCE JAN 1      1             3     -2        5
......................................................


WIND (MPH)
  HIGHEST WIND SPEED    21   HIGHEST WIND DIRECTION     N (340)
  HIGHEST GUST SPEED    30   HIGHEST GUST DIRECTION     N (340)
  AVERAGE WIND SPEED     8.6


SKY COVER
  AVERAGE SKY COVER 0.1


WEATHER CONDITIONS
 THE FOLLOWING WEATHER WAS RECORDED YESTERDAY.
  FOG
  FOG W/VISIBILITY <= 1/4 MILE


RELATIVE HUMIDITY (PERCENT)
 HIGHEST   100          1200 AM
 LOWEST     25           400 PM
 AVERAGE    63

..........................................................




SUNRISE AND SUNSET
MAY  4 2016...........SUNRISE   533 AM MDT   SUNSET   754 PM MDT
MAY  5 2016...........SUNRISE   532 AM MDT   SUNSET   755 PM MDT


-  INDICATES NEGATIVE NUMBERS.
R  INDICATES RECORD WAS SET OR TIED.
MM INDICATES DATA IS MISSING.
T  INDICATES TRACE AMOUNT.




$$
