881
CDUS43 KUNR 220831
CLIPHP


CLIMATE REPORT
NATIONAL WEATHER SERVICE RAPID CITY SD
131 AM MST WED NOV 22 2017


...................................

...THE PHILIP SD CLIMATE SUMMARY FOR NOVEMBER 21 2017...

CLIMATE NORMAL PERIOD 1981 TO 2010
CLIMATE RECORD PERIOD 9999 TO 9999


WEATHER ITEM   OBSERVED TIME   NORMAL DEPARTURE LAST
                VALUE   (LST)  VALUE  FROM      YEAR
                                      NORMAL
......................................................
TEMPERATURE (F)
 YESTERDAY
  MAXIMUM         33   1201 AM  44    -11       60
  MINIMUM         16   1055 PM  18     -2       19
  AVERAGE         25            31     -6       40

PRECIPITATION (IN)
  YESTERDAY        0.04          0.01   0.03     0.00
  MONTH TO DATE    0.28          0.49  -0.21     0.01
  SINCE SEP 1      2.73          3.41  -0.68     0.69
  SINCE JAN 1     10.59         16.79  -6.20    12.70

DEGREE DAYS
 HEATING
  YESTERDAY       40            34      6       25
  MONTH TO DATE  612           604      8      393
  SINCE SEP 1   1268          1282    -14      835
  SINCE JUL 1   1274          1307    -33      854

 COOLING
  YESTERDAY        0             0      0        0
  MONTH TO DATE    0             0      0        0
  SINCE SEP 1    115            83     32       78
  SINCE JAN 1    911           818     93      908
......................................................


WIND (MPH)
  HIGHEST WIND SPEED    30   HIGHEST WIND DIRECTION     N (340)
  HIGHEST GUST SPEED    36   HIGHEST GUST DIRECTION     N (340)
  AVERAGE WIND SPEED    10.5


SKY COVER
  AVERAGE SKY COVER 0.3


WEATHER CONDITIONS
 THE FOLLOWING WEATHER WAS RECORDED YESTERDAY.
  LIGHT SNOW
  FOG


RELATIVE HUMIDITY (PERCENT)
 HIGHEST    92           100 AM
 LOWEST     46           200 PM
 AVERAGE    69

..........................................................




SUNRISE AND SUNSET
NOVEMBER 22 2017......SUNRISE   651 AM MST   SUNSET   414 PM MST
NOVEMBER 23 2017......SUNRISE   652 AM MST   SUNSET   413 PM MST


-  INDICATES NEGATIVE NUMBERS.
R  INDICATES RECORD WAS SET OR TIED.
MM INDICATES DATA IS MISSING.
T  INDICATES TRACE AMOUNT.




$$
