000
CDUS43 KUNR 270836
CLIPHP


CLIMATE REPORT
NATIONAL WEATHER SERVICE RAPID CITY SD
135 AM MST THU NOV 27 2014


...................................

...THE PHILIP SD CLIMATE SUMMARY FOR NOVEMBER 26 2014...

CLIMATE NORMAL PERIOD 1981 TO 2010
CLIMATE RECORD PERIOD 9999 TO 9999


WEATHER ITEM   OBSERVED TIME   NORMAL DEPARTURE LAST
                VALUE   (LST)  VALUE  FROM      YEAR
                                      NORMAL
......................................................
TEMPERATURE (F)
 YESTERDAY
  MAXIMUM         31    332 PM  42    -11       32
  MINIMUM         18   1026 PM  16      2       12
  AVERAGE         25            29     -4       22

PRECIPITATION (IN)
  YESTERDAY        T             0.02  -0.02     0.00
  MONTH TO DATE    0.27          0.57  -0.30     0.41
  SINCE SEP 1      2.77          3.49  -0.72     4.86
  SINCE JAN 1     16.20         16.87  -0.67    15.27

DEGREE DAYS
 HEATING
  YESTERDAY       40            36      4       43
  MONTH TO DATE  881           780    101      798
  SINCE SEP 1   1480          1458     22     1378
  SINCE JUL 1   1499          1483     16     1381

 COOLING
  YESTERDAY        0             0      0        0
  MONTH TO DATE    0             0      0        0
  SINCE SEP 1     70            83    -13      182
  SINCE JAN 1    649           818   -169      945
......................................................


WIND (MPH)
  HIGHEST WIND SPEED    37   HIGHEST WIND DIRECTION    NW (330)
  HIGHEST GUST SPEED    44   HIGHEST GUST DIRECTION    NW (330)
  AVERAGE WIND SPEED     8.7


SKY COVER
  AVERAGE SKY COVER 0.9


WEATHER CONDITIONS
 THE FOLLOWING WEATHER WAS RECORDED YESTERDAY.
  LIGHT SNOW


RELATIVE HUMIDITY (PERCENT)
 HIGHEST    81           300 AM
 LOWEST     63           300 PM
 AVERAGE    72

..........................................................




SUNRISE AND SUNSET
NOVEMBER 27 2014......SUNRISE   657 AM MST   SUNSET   411 PM MST
NOVEMBER 28 2014......SUNRISE   658 AM MST   SUNSET   411 PM MST


-  INDICATES NEGATIVE NUMBERS.
R  INDICATES RECORD WAS SET OR TIED.
MM INDICATES DATA IS MISSING.
T  INDICATES TRACE AMOUNT.




$$
