000
CDUS43 KUNR 270850
CLIPHP


CLIMATE REPORT
NATIONAL WEATHER SERVICE RAPID CITY SD
245 AM MDT WED MAY 27 2015


...................................

...THE PHILIP SD CLIMATE SUMMARY FOR MAY 26 2015...

CLIMATE NORMAL PERIOD 1981 TO 2010
CLIMATE RECORD PERIOD 9999 TO 9999


WEATHER ITEM   OBSERVED TIME   NORMAL DEPARTURE LAST
                VALUE   (LST)  VALUE  FROM      YEAR
                                      NORMAL
......................................................
TEMPERATURE (F)
 YESTERDAY
  MAXIMUM         77    244 PM  73      4       82
  MINIMUM         48    441 AM  48      0       57
  AVERAGE         63            60      3       70

PRECIPITATION (IN)
  YESTERDAY        T             0.09  -0.09      T
  MONTH TO DATE    6.28          2.54   3.74     1.90
  SINCE MAR 1      6.71          5.65   1.06     3.86
  SINCE JAN 1      6.82          6.43   0.39     4.34

DEGREE DAYS
 HEATING
  YESTERDAY        2             5     -3        0
  MONTH TO DATE  262           243     19      305
  SINCE MAR 1   1493          1745   -252     1864
  SINCE JUL 1   6633          7110   -477     7467

 COOLING
  YESTERDAY        0             1     -1        5
  MONTH TO DATE    2            21    -19       19
  SINCE MAR 1      5            24    -19       19
  SINCE JAN 1      5            24    -19       19
......................................................


WIND (MPH)
  HIGHEST WIND SPEED     9   HIGHEST WIND DIRECTION    SW (220)
  HIGHEST GUST SPEED    13   HIGHEST GUST DIRECTION     W (270)
  AVERAGE WIND SPEED     4.5


SKY COVER
  AVERAGE SKY COVER 0.2


WEATHER CONDITIONS
 THE FOLLOWING WEATHER WAS RECORDED YESTERDAY.
  NO SIGNIFICANT WEATHER WAS OBSERVED.


RELATIVE HUMIDITY (PERCENT)
 HIGHEST   100          1200 AM
 LOWEST     38           300 PM
 AVERAGE    69

..........................................................




SUNRISE AND SUNSET
MAY 27 2015...........SUNRISE   510 AM MDT   SUNSET   818 PM MDT
MAY 28 2015...........SUNRISE   509 AM MDT   SUNSET   819 PM MDT


-  INDICATES NEGATIVE NUMBERS.
R  INDICATES RECORD WAS SET OR TIED.
MM INDICATES DATA IS MISSING.
T  INDICATES TRACE AMOUNT.




$$
