000
CDUS43 KUNR 310836
CLIPHP


CLIMATE REPORT
NATIONAL WEATHER SERVICE RAPID CITY SD
235 AM MDT SUN AUG 31 2014


...................................

...THE PHILIP SD CLIMATE SUMMARY FOR AUGUST 30 2014...

CLIMATE NORMAL PERIOD 1981 TO 2010
CLIMATE RECORD PERIOD 9999 TO 9999


WEATHER ITEM   OBSERVED TIME   NORMAL DEPARTURE LAST
                VALUE   (LST)  VALUE  FROM      YEAR
                                      NORMAL
......................................................
TEMPERATURE (F)
 YESTERDAY
  MAXIMUM         89    417 PM  85      4       95
  MINIMUM         51    540 AM  54     -3       60
  AVERAGE         70            70      0       78

PRECIPITATION (IN)
  YESTERDAY        T             0.05  -0.05     0.00
  MONTH TO DATE    4.19          1.45   2.74     1.26
  SINCE JUN 1      8.30          6.41   1.89     4.85
  SINCE JAN 1     13.12         13.33  -0.21    10.41

DEGREE DAYS
 HEATING
  YESTERDAY        0             2     -2        0
  MONTH TO DATE    3            11     -8        0
  SINCE JUN 1     97            82     15       67
  SINCE JUL 1     19            19      0        3

 COOLING
  YESTERDAY        5             6     -1       13
  MONTH TO DATE  233           273    -40      272
  SINCE JUN 1    539           701   -162      732
  SINCE JAN 1    579           728   -149      753
......................................................


WIND (MPH)
  HIGHEST WIND SPEED    37   HIGHEST WIND DIRECTION     S (190)
  HIGHEST GUST SPEED    50   HIGHEST GUST DIRECTION     S (200)
  AVERAGE WIND SPEED    12.6


SKY COVER
  AVERAGE SKY COVER 0.2


WEATHER CONDITIONS
 THE FOLLOWING WEATHER WAS RECORDED YESTERDAY.
  LIGHT RAIN
  FOG
  FOG W/VISIBILITY <= 1/4 MILE


RELATIVE HUMIDITY (PERCENT)
 HIGHEST   100           300 AM
 LOWEST     37           400 PM
 AVERAGE    69

..........................................................




SUNRISE AND SUNSET
AUGUST 31 2014........SUNRISE   608 AM MDT   SUNSET   724 PM MDT
SEPTEMBER  1 2014.....SUNRISE   610 AM MDT   SUNSET   722 PM MDT


-  INDICATES NEGATIVE NUMBERS.
R  INDICATES RECORD WAS SET OR TIED.
MM INDICATES DATA IS MISSING.
T  INDICATES TRACE AMOUNT.




$$
