923
CDUS43 KUNR 051016
CLIPHP


CLIMATE REPORT
NATIONAL WEATHER SERVICE RAPID CITY SD
314 AM MST FRI FEB 5 2016


...................................

...THE PHILIP SD CLIMATE SUMMARY FOR FEBRUARY 4 2016...

CLIMATE NORMAL PERIOD 1981 TO 2010
CLIMATE RECORD PERIOD 9999 TO 9999


WEATHER ITEM   OBSERVED TIME   NORMAL DEPARTURE LAST
                VALUE   (LST)  VALUE  FROM      YEAR
                                      NORMAL
......................................................
TEMPERATURE (F)
 YESTERDAY
  MAXIMUM         34    330 PM  37     -3       24
  MINIMUM         11    615 AM  11      0        9
  AVERAGE         23            24     -1       17

PRECIPITATION (IN)
  YESTERDAY        0.00          0.01  -0.01     0.00
  MONTH TO DATE    0.05          0.04   0.01     0.03
  SINCE DEC 1      1.25          0.77   0.48     0.35
  SINCE JAN 1      0.26          0.34  -0.08     0.05

DEGREE DAYS
 HEATING
  YESTERDAY       42            41      1       48
  MONTH TO DATE  168           166      2      197
  SINCE DEC 1   2777          2796    -19     2588
  SINCE JUL 1   4117          4431   -314     4243

 COOLING
  YESTERDAY        0             0      0        0
  MONTH TO DATE    0             0      0        0
  SINCE DEC 1      0             0      0        0
  SINCE JAN 1      0             0      0        0
......................................................


WIND (MPH)
  HIGHEST WIND SPEED    13   HIGHEST WIND DIRECTION     S (170)
  HIGHEST GUST SPEED    15   HIGHEST GUST DIRECTION     S (170)
  AVERAGE WIND SPEED     5.9


SKY COVER
  AVERAGE SKY COVER 0.3


WEATHER CONDITIONS
 THE FOLLOWING WEATHER WAS RECORDED YESTERDAY.
  NO SIGNIFICANT WEATHER WAS OBSERVED.


RELATIVE HUMIDITY (PERCENT)
 HIGHEST    84          1200 AM
 LOWEST     56           300 PM
 AVERAGE    70

..........................................................




SUNRISE AND SUNSET
FEBRUARY  5 2016......SUNRISE   700 AM MST   SUNSET   502 PM MST
FEBRUARY  6 2016......SUNRISE   658 AM MST   SUNSET   503 PM MST


-  INDICATES NEGATIVE NUMBERS.
R  INDICATES RECORD WAS SET OR TIED.
MM INDICATES DATA IS MISSING.
T  INDICATES TRACE AMOUNT.




$$
