000
CDUS43 KUNR 040834
CLIPHP


CLIMATE REPORT
NATIONAL WEATHER SERVICE RAPID CITY SD
233 AM MDT TUE AUG 4 2015


...................................

...THE PHILIP SD CLIMATE SUMMARY FOR AUGUST 3 2015...

CLIMATE NORMAL PERIOD 1981 TO 2010
CLIMATE RECORD PERIOD 9999 TO 9999


WEATHER ITEM   OBSERVED TIME   NORMAL DEPARTURE LAST
                VALUE   (LST)  VALUE  FROM      YEAR
                                      NORMAL
......................................................
TEMPERATURE (F)
 YESTERDAY
  MAXIMUM         86    258 PM  91     -5       91
  MINIMUM         58    506 AM  61     -3       55
  AVERAGE         72            76     -4       73

PRECIPITATION (IN)
  YESTERDAY        0.00          0.06  -0.06     0.00
  MONTH TO DATE    0.11          0.17  -0.06      T
  SINCE JUN 1      6.56          5.13   1.43     4.11
  SINCE JAN 1     13.54         12.05   1.49     8.93

DEGREE DAYS
 HEATING
  YESTERDAY        0             0      0        0
  MONTH TO DATE    0             0      0        0
  SINCE JUN 1     12            71    -59       94
  SINCE JUL 1      0             8     -8       16

 COOLING
  YESTERDAY        7            11     -4        8
  MONTH TO DATE   32            33     -1       29
  SINCE JUN 1    423           461    -38      335
  SINCE JAN 1    429           488    -59      375
......................................................


WIND (MPH)
  HIGHEST WIND SPEED    16   HIGHEST WIND DIRECTION     E (110)
  HIGHEST GUST SPEED    22   HIGHEST GUST DIRECTION     E (110)
  AVERAGE WIND SPEED     7.3


SKY COVER
  AVERAGE SKY COVER 0.1


WEATHER CONDITIONS
 THE FOLLOWING WEATHER WAS RECORDED YESTERDAY.
  THUNDERSTORM


RELATIVE HUMIDITY (PERCENT)
 HIGHEST    93           400 AM
 LOWEST     40           200 PM
 AVERAGE    67

..........................................................




SUNRISE AND SUNSET
AUGUST  4 2015........SUNRISE   537 AM MDT   SUNSET   807 PM MDT
AUGUST  5 2015........SUNRISE   539 AM MDT   SUNSET   805 PM MDT


-  INDICATES NEGATIVE NUMBERS.
R  INDICATES RECORD WAS SET OR TIED.
MM INDICATES DATA IS MISSING.
T  INDICATES TRACE AMOUNT.




$$
