000
CDUS45 KPSR 050842
CLIPHX

CDUS45 KPSR DDHHMM
CLIPHX

CLIMATE REPORT
NATIONAL WEATHER SERVICE PHOENIX AZ
141 AM MST THU MAY 5 2016


...................................

...THE PHOENIX AZ CLIMATE SUMMARY FOR MAY 4 2016...

CLIMATE NORMAL PERIOD 1981 TO 2010
CLIMATE RECORD PERIOD 1895 TO 2016


WEATHER ITEM   OBSERVED TIME   RECORD YEAR NORMAL DEPARTURE LAST
                VALUE   (LST)  VALUE       VALUE  FROM      YEAR
                                                  NORMAL
..................................................................
TEMPERATURE (F)
 YESTERDAY
  MAXIMUM        102    402 PM 106    1947  91     11       85
  MINIMUM         69    607 AM  45    1899  66      3       65
  AVERAGE         86                        78      8       75

PRECIPITATION (IN)
  YESTERDAY        0.00          0.91 1976   0.01  -0.01     0.24
  MONTH TO DATE    T                         0.02  -0.02     0.24
  SINCE OCT 1      2.99                      5.23  -2.24     2.61
  SINCE JAN 1      1.82                      3.12  -1.30     1.57

SNOWFALL (IN)
  YESTERDAY        0.0
  MONTH TO DATE    0.0
  SINCE JAN 1      0.0
  SINCE JUL 1      0.0
  SNOW DEPTH       0

DEGREE DAYS
 HEATING
  YESTERDAY        0                         0      0        0
  MONTH TO DATE    0                         0      0        0
  SINCE MAR 1     16                       101    -85       25
  SINCE JUL 1    829                       934   -105      520

 COOLING
  YESTERDAY       21                        14      7       10
  MONTH TO DATE   49                        53     -4       72
  SINCE MAR 1    474                       391     83      614
  SINCE JAN 1    587                       408    179      662
..................................................................


WIND (MPH)
  HIGHEST WIND SPEED    24   HIGHEST WIND DIRECTION     W (260)
  HIGHEST GUST SPEED    29   HIGHEST GUST DIRECTION     W (260)
  AVERAGE WIND SPEED     8.9


SKY COVER
  AVERAGE SKY COVER 0.1


WEATHER CONDITIONS
 THE FOLLOWING WEATHER WAS RECORDED YESTERDAY.
  NO SIGNIFICANT WEATHER WAS OBSERVED.


RELATIVE HUMIDITY (PERCENT)
 HIGHEST    31           600 AM
 LOWEST      6           500 PM
 AVERAGE    19

..........................................................


THE PHOENIX AZ CLIMATE NORMALS FOR TODAY
                         NORMAL    RECORD    YEAR
 MAXIMUM TEMPERATURE (F)   91       105      1989
                                             1947
 MINIMUM TEMPERATURE (F)   66        45      1964
                                             1905


SUNRISE AND SUNSET
MAY  5 2016...........SUNRISE   535 AM MST   SUNSET   714 PM MST
MAY  6 2016...........SUNRISE   535 AM MST   SUNSET   715 PM MST


-  INDICATES NEGATIVE NUMBERS.
R  INDICATES RECORD WAS SET OR TIED.
MM INDICATES DATA IS MISSING.
T  INDICATES TRACE AMOUNT.

&&
.....................................................................

DEW POINT
  HIGHEST DEW POINT    38
   LOWEST DEW POINT    19
  AVERAGE DEW POINT    30
.....................................................................

$$
