000
CDUS45 KPSR 030830
CLIPHX

CDUS45 KPSR DDHHMM
CLIPHX

CLIMATE REPORT
NATIONAL WEATHER SERVICE PHOENIX AZ
129 AM MST FRI JUL 3 2015


...................................

...THE PHOENIX AZ CLIMATE SUMMARY FOR JULY 2 2015...

CLIMATE NORMAL PERIOD 1981 TO 2010
CLIMATE RECORD PERIOD 1895 TO 2015


WEATHER ITEM   OBSERVED TIME   RECORD YEAR NORMAL DEPARTURE LAST
                VALUE   (LST)  VALUE       VALUE  FROM      YEAR
                                                  NORMAL
..................................................................
TEMPERATURE (F)
 YESTERDAY
  MAXIMUM        106    522 PM 118    2011 107     -1      109
  MINIMUM         88    614 AM  65    1911  82      6       86
  AVERAGE         97                        94      3       98

PRECIPITATION (IN)
  YESTERDAY        0.00          2.81 1911   0.01  -0.01     0.00
  MONTH TO DATE    0.00                      0.03  -0.03     0.00
  SINCE OCT 1      3.79                      5.37  -1.58     3.81
  SINCE JAN 1      2.75                      3.26  -0.51     0.99

SNOWFALL (IN)
  YESTERDAY        0.0
  MONTH TO DATE    0.0
  SINCE JAN 1      0.0
  SINCE JUL 1      0.0
  SNOW DEPTH       0

DEGREE DAYS
 HEATING
  YESTERDAY        0                         0      0        0
  MONTH TO DATE    0                         0      0        0
  SINCE JUN 1      0                         0      0        0
  SINCE JUL 1      0                         0      0        0

 COOLING
  YESTERDAY       32                        29      3       33
  MONTH TO DATE   62                        58      4       66
  SINCE JUN 1    938                       832    106      921
  SINCE JAN 1   1963                      1718    245     1996
..................................................................


WIND (MPH)
  HIGHEST WIND SPEED    18   HIGHEST WIND DIRECTION     W (280)
  HIGHEST GUST SPEED    28   HIGHEST GUST DIRECTION     W (270)
  AVERAGE WIND SPEED    10.1


SKY COVER
  AVERAGE SKY COVER 0.4


WEATHER CONDITIONS
 THE FOLLOWING WEATHER WAS RECORDED YESTERDAY.
  THUNDERSTORM


RELATIVE HUMIDITY (PERCENT)
 HIGHEST    36           500 AM
 LOWEST     16           600 PM
 AVERAGE    26

..........................................................


THE PHOENIX AZ CLIMATE NORMALS FOR TODAY
                         NORMAL    RECORD    YEAR
 MAXIMUM TEMPERATURE (F)  107       117      1907
 MINIMUM TEMPERATURE (F)   82        64      1916


SUNRISE AND SUNSET
JULY  3 2015..........SUNRISE   523 AM MST   SUNSET   742 PM MST
JULY  4 2015..........SUNRISE   523 AM MST   SUNSET   742 PM MST


-  INDICATES NEGATIVE NUMBERS.
R  INDICATES RECORD WAS SET OR TIED.
MM INDICATES DATA IS MISSING.
T  INDICATES TRACE AMOUNT.

&&
.....................................................................

DEW POINT
  HIGHEST DEW POINT    58
   LOWEST DEW POINT    50
  AVERAGE DEW POINT    56
.....................................................................

$$
