000
CDUS45 KPSR 020820
CLIPHX

CLIMATE REPORT
NATIONAL WEATHER SERVICE PHOENIX AZ
120 AM MST TUE SEP 2 2014


...................................

...THE PHOENIX AZ CLIMATE SUMMARY FOR SEPTEMBER 1 2014...

CLIMATE NORMAL PERIOD 1981 TO 2010
CLIMATE RECORD PERIOD 1895 TO 2014


WEATHER ITEM   OBSERVED TIME   RECORD YEAR NORMAL DEPARTURE LAST
                VALUE   (LST)  VALUE       VALUE  FROM      YEAR
                                                  NORMAL
..................................................................
TEMPERATURE (F)
 YESTERDAY
  MAXIMUM        108    418 PM 116    1950 104      4      105
  MINIMUM         81    656 AM  63    1962  81      0       84
  AVERAGE         95                        92      3       95

PRECIPITATION (IN)
  YESTERDAY        0.00          1.21 1984   0.03  -0.03     0.00
  MONTH TO DATE    0.00                      0.03  -0.03     0.00
  SINCE OCT 1      5.04                      7.42  -2.38     5.66
  SINCE JAN 1      2.22                      5.31  -3.09     4.74

SNOWFALL (IN)
  YESTERDAY        0.0
  MONTH TO DATE    0.0
  SINCE JAN 1      0.0
  SINCE JUL 1      0.0
  SNOW DEPTH       0

DEGREE DAYS
 HEATING
  YESTERDAY        0                         0      0        0
  MONTH TO DATE    0                         0      0        0
  SINCE SEP 1      0                         0      0        0
  SINCE JUL 1      0                         0      0        0

 COOLING
  YESTERDAY       30                        27      3       30
  MONTH TO DATE   30                        27      3       30
  SINCE SEP 1     30                        27      3       30
  SINCE JAN 1   3775                      3496    279     3918
..................................................................


WIND (MPH)
  HIGHEST WIND SPEED    13   HIGHEST WIND DIRECTION    SE (150)
  HIGHEST GUST SPEED    16   HIGHEST GUST DIRECTION     S (200)
  AVERAGE WIND SPEED     6.4


SKY COVER
  AVERAGE SKY COVER 0.1


WEATHER CONDITIONS
 THE FOLLOWING WEATHER WAS RECORDED YESTERDAY.
  NO SIGNIFICANT WEATHER WAS OBSERVED.


RELATIVE HUMIDITY (PERCENT)
 HIGHEST    33           600 AM
 LOWEST     11           200 PM
 AVERAGE    22

..........................................................


THE PHOENIX AZ CLIMATE NORMALS FOR TODAY
                         NORMAL    RECORD    YEAR
 MAXIMUM TEMPERATURE (F)  103       112      1982
                                             1948
                                             1947
 MINIMUM TEMPERATURE (F)   81        64      1964
                                             1914


SUNRISE AND SUNSET
SEPTEMBER  2 2014.....SUNRISE   603 AM MST   SUNSET   652 PM MST
SEPTEMBER  3 2014.....SUNRISE   604 AM MST   SUNSET   651 PM MST


-  INDICATES NEGATIVE NUMBERS.
R  INDICATES RECORD WAS SET OR TIED.
MM INDICATES DATA IS MISSING.
T  INDICATES TRACE AMOUNT.

&&
.....................................................................

DEW POINT
  HIGHEST DEW POINT    48
   LOWEST DEW POINT    39
  AVERAGE DEW POINT    44
.....................................................................

$$
