000
CDUS45 KPSR 220817
CLIPHX

CDUS45 KPSR DDHHMM
CLIPHX

CLIMATE REPORT
NATIONAL WEATHER SERVICE PHOENIX AZ
115 AM MST WED FEB 22 2017


...................................

...THE PHOENIX AZ CLIMATE SUMMARY FOR FEBRUARY 21 2017...

CLIMATE NORMAL PERIOD 1981 TO 2010
CLIMATE RECORD PERIOD 1895 TO 2017


WEATHER ITEM   OBSERVED TIME   RECORD YEAR NORMAL DEPARTURE LAST
                VALUE   (LST)  VALUE       VALUE  FROM      YEAR
                                                  NORMAL
..................................................................
TEMPERATURE (F)
 YESTERDAY
  MAXIMUM         76    324 PM  86    2016  72      4       86
                                      1982
  MINIMUM         52    728 AM  29    1955  50      2       54
  AVERAGE         64                        61      3       70

PRECIPITATION (IN)
  YESTERDAY        0.00          0.73 1973   0.04  -0.04     0.00
  MONTH TO DATE    0.84                      0.66   0.18     0.00
  SINCE OCT 1      3.77                      3.68   0.09     2.48
  SINCE JAN 1      1.94                      1.57   0.37     1.31

SNOWFALL (IN)
  YESTERDAY        0.0
  MONTH TO DATE    0.0
  SINCE JAN 1      0.0
  SINCE JUL 1      0.0
  SNOW DEPTH       0

DEGREE DAYS
 HEATING
  YESTERDAY        1                         5     -4        0
  MONTH TO DATE   51                       130    -79       86
  SINCE DEC 1    561                       697   -136      692
  SINCE JUL 1    619                       800   -181      813

 COOLING
  YESTERDAY        0                         1     -1        5
  MONTH TO DATE   19                         4     15       73
  SINCE DEC 1     20                         7     13       73
  SINCE JAN 1     19                         6     13       73
..................................................................


WIND (MPH)
  HIGHEST WIND SPEED    12   HIGHEST WIND DIRECTION     W (280)
  HIGHEST GUST SPEED    20   HIGHEST GUST DIRECTION     W (260)
  AVERAGE WIND SPEED     4.0


SKY COVER
  AVERAGE SKY COVER 0.3


WEATHER CONDITIONS
 THE FOLLOWING WEATHER WAS RECORDED YESTERDAY.
  NO SIGNIFICANT WEATHER WAS OBSERVED.


RELATIVE HUMIDITY (PERCENT)
 HIGHEST    96           600 AM
 LOWEST     38           500 PM
 AVERAGE    67

..........................................................


THE PHOENIX AZ CLIMATE NORMALS FOR TODAY
                         NORMAL    RECORD    YEAR
 MAXIMUM TEMPERATURE (F)   72        87      1982
 MINIMUM TEMPERATURE (F)   50        26      1955


SUNRISE AND SUNSET
FEBRUARY 22 2017......SUNRISE   704 AM MST   SUNSET   619 PM MST
FEBRUARY 23 2017......SUNRISE   703 AM MST   SUNSET   620 PM MST


-  INDICATES NEGATIVE NUMBERS.
R  INDICATES RECORD WAS SET OR TIED.
MM INDICATES DATA IS MISSING.
T  INDICATES TRACE AMOUNT.

&&
.....................................................................

DEW POINT
  HIGHEST DEW POINT    56
   LOWEST DEW POINT    47
  AVERAGE DEW POINT    50
.....................................................................

$$
