641
CDUS45 KPSR 190821
CLIPHX

CLIMATE REPORT
NATIONAL WEATHER SERVICE PHOENIX AZ
119 AM MST THU OCT 19 2017


...................................

...THE PHOENIX AZ CLIMATE SUMMARY FOR OCTOBER 18 2017...

CLIMATE NORMAL PERIOD 1981 TO 2010
CLIMATE RECORD PERIOD 1895 TO 2017


WEATHER ITEM   OBSERVED TIME   RECORD YEAR NORMAL DEPARTURE LAST
                VALUE   (LST)  VALUE       VALUE  FROM      YEAR
                                                  NORMAL
..................................................................
TEMPERATURE (F)
 YESTERDAY
  MAXIMUM         96    402 PM 103    2003  88      8       90
  MINIMUM         71    650 AM  43    1966  64      7       66
  AVERAGE         84                        76      8       78

PRECIPITATION (IN)
  YESTERDAY        0.00          0.75 1948   0.02  -0.02     0.00
  MONTH TO DATE    0.00                      0.34  -0.34     0.20
  SINCE OCT 1      0.00                      0.34  -0.34     0.20
  SINCE JAN 1      4.73                      6.26  -1.53     4.56

SNOWFALL (IN)
  YESTERDAY        0.0
  MONTH TO DATE    0.0
  SINCE JAN 1      0.0
  SINCE JUL 1      0.0
  SNOW DEPTH       0

DEGREE DAYS
 HEATING
  YESTERDAY        0                         0      0        0
  MONTH TO DATE    0                         0      0        0
  SINCE SEP 1      0                         0      0        0
  SINCE JUL 1      0                         0      0        0

 COOLING
  YESTERDAY       19                        11      8       13
  MONTH TO DATE  311                       257     54      280
  SINCE SEP 1   1005                       957     48      935
  SINCE JAN 1   4822                      4426    396     4687
..................................................................


WIND (MPH)
  HIGHEST WIND SPEED    14   HIGHEST WIND DIRECTION    NW (300)
  HIGHEST GUST SPEED    19   HIGHEST GUST DIRECTION    NW (320)
  AVERAGE WIND SPEED     4.5


SKY COVER
  AVERAGE SKY COVER 0.7


WEATHER CONDITIONS
 THE FOLLOWING WEATHER WAS RECORDED YESTERDAY.
  NO SIGNIFICANT WEATHER WAS OBSERVED.


RELATIVE HUMIDITY (PERCENT)
 HIGHEST    49           300 AM
 LOWEST     11           600 PM
 AVERAGE    30

..........................................................


THE PHOENIX AZ CLIMATE NORMALS FOR TODAY
                         NORMAL    RECORD    YEAR
 MAXIMUM TEMPERATURE (F)   87       101      2003
 MINIMUM TEMPERATURE (F)   64        40      1917


SUNRISE AND SUNSET
OCTOBER 19 2017.......SUNRISE   636 AM MST   SUNSET   549 PM MST
OCTOBER 20 2017.......SUNRISE   637 AM MST   SUNSET   548 PM MST


-  INDICATES NEGATIVE NUMBERS.
R  INDICATES RECORD WAS SET OR TIED.
MM INDICATES DATA IS MISSING.
T  INDICATES TRACE AMOUNT.

&&
.....................................................................

DEW POINT
  HIGHEST DEW POINT    53
   LOWEST DEW POINT    30
  AVERAGE DEW POINT    43
.....................................................................

$$
