000
CDUS45 KPSR 300830
CLIPHX

CDUS45 KPSR DDHHMM
CLIPHX

CLIMATE REPORT
NATIONAL WEATHER SERVICE PHOENIX AZ
126 AM MST FRI SEP 30 2016


...................................

...THE PHOENIX AZ CLIMATE SUMMARY FOR SEPTEMBER 29 2016...

CLIMATE NORMAL PERIOD 1981 TO 2010
CLIMATE RECORD PERIOD 1895 TO 2016


WEATHER ITEM   OBSERVED TIME   RECORD YEAR NORMAL DEPARTURE LAST
                VALUE   (LST)  VALUE       VALUE  FROM      YEAR
                                                  NORMAL
..................................................................
TEMPERATURE (F)
 YESTERDAY
  MAXIMUM         93    422 PM 107    2003  95     -2      103
                                      2001
  MINIMUM         75    943 AM  52    1923  72      3       79
  AVERAGE         84                        84      0       91

PRECIPITATION (IN)
  YESTERDAY        0.02          1.66 1983   0.02   0.00     0.00
  MONTH TO DATE    0.32                      0.62  -0.30     0.81
  SINCE OCT 1      5.53                      8.01  -2.48     7.02
  SINCE JAN 1      4.36                      5.90  -1.54     5.98

SNOWFALL (IN)
  YESTERDAY        0.0
  MONTH TO DATE    0.0
  SINCE JAN 1      0.0
  SINCE JUL 1      0.0
  SNOW DEPTH       0

DEGREE DAYS
 HEATING
  YESTERDAY        0                         0      0        0
  MONTH TO DATE    0                         0      0        0
  SINCE SEP 1      0                         0      0        0
  SINCE JUL 1      0                         0      0        0

 COOLING
  YESTERDAY       19                        19      0       26
  MONTH TO DATE  635                       684    -49      725
  SINCE SEP 1    635                       684    -49      725
  SINCE JAN 1   4387                      4153    234     4541
..................................................................


WIND (MPH)
  HIGHEST WIND SPEED    14   HIGHEST WIND DIRECTION    NE (60)
  HIGHEST GUST SPEED    17   HIGHEST GUST DIRECTION    NE (60)
  AVERAGE WIND SPEED     6.5


SKY COVER
  AVERAGE SKY COVER 0.6


WEATHER CONDITIONS
 THE FOLLOWING WEATHER WAS RECORDED YESTERDAY.
  LIGHT RAIN


RELATIVE HUMIDITY (PERCENT)
 HIGHEST    54          1100 AM
 LOWEST     28           500 PM
 AVERAGE    41

..........................................................


THE PHOENIX AZ CLIMATE NORMALS FOR TODAY
                         NORMAL    RECORD    YEAR
 MAXIMUM TEMPERATURE (F)   95       107      2010
                                             2003
                                             1980
 MINIMUM TEMPERATURE (F)   72        49      1965


SUNRISE AND SUNSET
SEPTEMBER 30 2016.....SUNRISE   622 AM MST   SUNSET   613 PM MST
OCTOBER  1 2016.......SUNRISE   623 AM MST   SUNSET   612 PM MST


-  INDICATES NEGATIVE NUMBERS.
R  INDICATES RECORD WAS SET OR TIED.
MM INDICATES DATA IS MISSING.
T  INDICATES TRACE AMOUNT.

&&
.....................................................................

DEW POINT
  HIGHEST DEW POINT    67
   LOWEST DEW POINT    54
  AVERAGE DEW POINT    58
.....................................................................

$$
