000
CDUS45 KPSR 190831
CLIPHX

CLIMATE REPORT
NATIONAL WEATHER SERVICE PHOENIX AZ
131 AM MST MON FEB 19 2018


...................................

...THE PHOENIX AZ CLIMATE SUMMARY FOR FEBRUARY 18 2018...

CLIMATE NORMAL PERIOD 1981 TO 2010
CLIMATE RECORD PERIOD 1895 TO 2018


WEATHER ITEM   OBSERVED TIME   RECORD YEAR NORMAL DEPARTURE LAST
                VALUE   (LST)  VALUE       VALUE  FROM      YEAR
                                                  NORMAL
..................................................................
TEMPERATURE (F)
 YESTERDAY
  MAXIMUM         74    513 PM  86    2014  71      3       67
                                      1977
  MINIMUM         51    747 AM  29    1964  49      2       50
                                      1910
  AVERAGE         63                        60      3       59

PRECIPITATION (IN)
  YESTERDAY        0.00          0.72 1917   0.03  -0.03     0.63
  MONTH TO DATE    0.30                      0.54  -0.24     0.63
  SINCE OCT 1      0.74                      3.56  -2.82     3.56
  SINCE JAN 1      0.51                      1.45  -0.94     1.73

SNOWFALL (IN)
  YESTERDAY        0.0
  MONTH TO DATE    0.0
  SINCE JAN 1      0.0
  SINCE JUL 1      0.0
  SNOW DEPTH       0

DEGREE DAYS
 HEATING
  YESTERDAY        2                         5     -3        6
  MONTH TO DATE   30                       115    -85       35
  SINCE DEC 1    343                       682   -339      545
  SINCE JUL 1    344                       785   -441      603

 COOLING
  YESTERDAY        0                         1     -1        0
  MONTH TO DATE   10                         1      9       19
  SINCE DEC 1     41                         4     37       20
  SINCE JAN 1     22                         3     19       19
..................................................................


WIND (MPH)
  HIGHEST WIND SPEED    14   HIGHEST WIND DIRECTION    SW (220)
  HIGHEST GUST SPEED    18   HIGHEST GUST DIRECTION    SW (220)
  AVERAGE WIND SPEED     5.6


SKY COVER
  AVERAGE SKY COVER 0.6


WEATHER CONDITIONS
 THE FOLLOWING WEATHER WAS RECORDED YESTERDAY.
  NO SIGNIFICANT WEATHER WAS OBSERVED.


RELATIVE HUMIDITY (PERCENT)
 HIGHEST    89           600 AM
 LOWEST     31           600 PM
 AVERAGE    60

..........................................................


THE PHOENIX AZ CLIMATE NORMALS FOR TODAY
                         NORMAL    RECORD    YEAR
 MAXIMUM TEMPERATURE (F)   71        88      1981
                                             1977
 MINIMUM TEMPERATURE (F)   49        29      1955


SUNRISE AND SUNSET
FEBRUARY 19 2018......SUNRISE   708 AM MST   SUNSET   616 PM MST
FEBRUARY 20 2018......SUNRISE   707 AM MST   SUNSET   617 PM MST


-  INDICATES NEGATIVE NUMBERS.
R  INDICATES RECORD WAS SET OR TIED.
MM INDICATES DATA IS MISSING.
T  INDICATES TRACE AMOUNT.

&&
.....................................................................

DEW POINT
  HIGHEST DEW POINT    51
   LOWEST DEW POINT    39
  AVERAGE DEW POINT    46
.....................................................................

$$
