000
CDUS45 KPSR 300827
CLIPHX

CLIMATE REPORT
NATIONAL WEATHER SERVICE PHOENIX AZ
126 AM MST SAT MAY 30 2015


...................................

...THE PHOENIX AZ CLIMATE SUMMARY FOR MAY 29 2015...

CLIMATE NORMAL PERIOD 1981 TO 2010
CLIMATE RECORD PERIOD 1895 TO 2015


WEATHER ITEM   OBSERVED TIME   RECORD YEAR NORMAL DEPARTURE LAST
                VALUE   (LST)  VALUE       VALUE  FROM      YEAR
                                                  NORMAL
..................................................................
TEMPERATURE (F)
 YESTERDAY
  MAXIMUM        103    304 PM 112    1910  99      4       99
  MINIMUM         73    527 AM  50    1918  73      0       84
  AVERAGE         88                        86      2       92

PRECIPITATION (IN)
  YESTERDAY        0.00          0.08 1937   0.00   0.00     0.00
                                      1901
  MONTH TO DATE    1.17                      0.10   1.07     0.00
  SINCE OCT 1      3.54                      5.31  -1.77     3.81
  SINCE JAN 1      2.50                      3.20  -0.70     0.99

SNOWFALL (IN)
  YESTERDAY        0.0
  MONTH TO DATE    0.0
  SINCE JAN 1      0.0
  SINCE JUL 1      0.0
  SNOW DEPTH       0

DEGREE DAYS
 HEATING
  YESTERDAY        0                         0      0        0
  MONTH TO DATE    0                         0      0        0
  SINCE MAR 1     25                       101    -76       12
  SINCE JUL 1    520                       934   -414      546

 COOLING
  YESTERDAY       23                        21      2       27
  MONTH TO DATE  382                       489   -107      513
  SINCE MAR 1    924                       827     97      956
  SINCE JAN 1    972                       844    128     1018
..................................................................


WIND (MPH)
  HIGHEST WIND SPEED    13   HIGHEST WIND DIRECTION     W (280)
  HIGHEST GUST SPEED    17   HIGHEST GUST DIRECTION     W (280)
  AVERAGE WIND SPEED     5.9


SKY COVER
  AVERAGE SKY COVER 0.2


WEATHER CONDITIONS
 THE FOLLOWING WEATHER WAS RECORDED YESTERDAY.
  NO SIGNIFICANT WEATHER WAS OBSERVED.


RELATIVE HUMIDITY (PERCENT)
 HIGHEST    29           500 AM
 LOWEST      5           400 PM
 AVERAGE    17

..........................................................


THE PHOENIX AZ CLIMATE NORMALS FOR TODAY
                         NORMAL    RECORD    YEAR
 MAXIMUM TEMPERATURE (F)   99       114      1910
 MINIMUM TEMPERATURE (F)   73        51      1918


SUNRISE AND SUNSET
MAY 30 2015...........SUNRISE   520 AM MST   SUNSET   731 PM MST
MAY 31 2015...........SUNRISE   520 AM MST   SUNSET   732 PM MST


-  INDICATES NEGATIVE NUMBERS.
R  INDICATES RECORD WAS SET OR TIED.
MM INDICATES DATA IS MISSING.
T  INDICATES TRACE AMOUNT.

&&
.....................................................................

DEW POINT
  HIGHEST DEW POINT    40
   LOWEST DEW POINT    19
  AVERAGE DEW POINT    30
.....................................................................

$$
