000
CDUS45 KPSR 270819
CLIPHX

CDUS45 KPSR DDHHMM
CLIPHX

CLIMATE REPORT
NATIONAL WEATHER SERVICE PHOENIX AZ
118 AM MST TUE JUN 27 2017


...................................

...THE PHOENIX AZ CLIMATE SUMMARY FOR JUNE 26 2017...

CLIMATE NORMAL PERIOD 1981 TO 2010
CLIMATE RECORD PERIOD 1895 TO 2017


WEATHER ITEM   OBSERVED TIME   RECORD YEAR NORMAL DEPARTURE LAST
                VALUE   (LST)  VALUE       VALUE  FROM      YEAR
                                                  NORMAL
..................................................................
TEMPERATURE (F)
 YESTERDAY
  MAXIMUM        112    607 PM 122    1990 106      6      106
  MINIMUM         91    701 AM  62    1963  81     10       90
                                      1945
  AVERAGE        102                        93      9       98

PRECIPITATION (IN)
  YESTERDAY        0.00          0.07 1927   0.00   0.00     0.00
  MONTH TO DATE    0.00                      0.01  -0.01      T
  SINCE OCT 1      4.24                      5.33  -1.09     3.04
  SINCE JAN 1      2.41                      3.22  -0.81     1.87

SNOWFALL (IN)
  YESTERDAY        0.0
  MONTH TO DATE    0.0
  SINCE JAN 1      0.0
  SINCE JUL 1      0.0
  SNOW DEPTH       0

DEGREE DAYS
 HEATING
  YESTERDAY        0                         0      0        0
  MONTH TO DATE    0                         0      0        0
  SINCE JUN 1      0                         0      0        0
  SINCE JUL 1    693                       935   -242      829

 COOLING
  YESTERDAY       37                        28      9       33
  MONTH TO DATE  773                       658    115      775
  SINCE JUN 1    773                       658    115      775
  SINCE JAN 1   1847                      1544    303     1782
..................................................................


WIND (MPH)
  HIGHEST WIND SPEED    21   HIGHEST WIND DIRECTION     W (270)
  HIGHEST GUST SPEED    26   HIGHEST GUST DIRECTION     W (270)
  AVERAGE WIND SPEED     7.8


SKY COVER
  AVERAGE SKY COVER 0.1


WEATHER CONDITIONS
 THE FOLLOWING WEATHER WAS RECORDED YESTERDAY.
  NO SIGNIFICANT WEATHER WAS OBSERVED.


RELATIVE HUMIDITY (PERCENT)
 HIGHEST    36           700 AM
 LOWEST      9           700 PM
 AVERAGE    23

..........................................................


THE PHOENIX AZ CLIMATE NORMALS FOR TODAY
                         NORMAL    RECORD    YEAR
 MAXIMUM TEMPERATURE (F)  106       118      1990
 MINIMUM TEMPERATURE (F)   81        55      1965


SUNRISE AND SUNSET
JUNE 27 2017..........SUNRISE   521 AM MST   SUNSET   742 PM MST
JUNE 28 2017..........SUNRISE   521 AM MST   SUNSET   742 PM MST


-  INDICATES NEGATIVE NUMBERS.
R  INDICATES RECORD WAS SET OR TIED.
MM INDICATES DATA IS MISSING.
T  INDICATES TRACE AMOUNT.

&&
.....................................................................

DEW POINT
  HIGHEST DEW POINT    60
   LOWEST DEW POINT    35
  AVERAGE DEW POINT    49
.....................................................................

$$
