512
CDUS45 KPSR 160824
CLIPHX

CLIMATE REPORT
NATIONAL WEATHER SERVICE PHOENIX AZ
123 AM MST WED AUG 16 2017


...................................

...THE PHOENIX AZ CLIMATE SUMMARY FOR AUGUST 15 2017...

CLIMATE NORMAL PERIOD 1981 TO 2010
CLIMATE RECORD PERIOD 1895 TO 2017


WEATHER ITEM   OBSERVED TIME   RECORD YEAR NORMAL DEPARTURE LAST
                VALUE   (LST)  VALUE       VALUE  FROM      YEAR
                                                  NORMAL
..................................................................
TEMPERATURE (F)
 YESTERDAY
  MAXIMUM        102    426 PM 115    2015 105     -3      110
  MINIMUM         83    622 AM  66    1968  83      0       86
  AVERAGE         93                        94     -1       98

PRECIPITATION (IN)
  YESTERDAY        0.00          1.84 1943   0.03  -0.03     0.00
  MONTH TO DATE    1.37                      0.51   0.86     1.02
  SINCE OCT 1      6.50                      6.90  -0.40     4.96
  SINCE JAN 1      4.67                      4.79  -0.12     3.79

SNOWFALL (IN)
  YESTERDAY        0.0
  MONTH TO DATE    0.0
  SINCE JAN 1      0.0
  SINCE JUL 1      0.0
  SNOW DEPTH       0

DEGREE DAYS
 HEATING
  YESTERDAY        0                         0      0        0
  MONTH TO DATE    0                         0      0        0
  SINCE JUN 1      0                         0      0        0
  SINCE JUL 1      0                         0      0        0

 COOLING
  YESTERDAY       28                        29     -1       33
  MONTH TO DATE  419                       435    -16      416
  SINCE JUN 1   2255                      2133    122     2322
  SINCE JAN 1   3329                      3019    310     3329
..................................................................


WIND (MPH)
  HIGHEST WIND SPEED    18   HIGHEST WIND DIRECTION     W (280)
  HIGHEST GUST SPEED    21   HIGHEST GUST DIRECTION    NW (320)
  AVERAGE WIND SPEED     6.5


SKY COVER
  AVERAGE SKY COVER 0.2


WEATHER CONDITIONS
 THE FOLLOWING WEATHER WAS RECORDED YESTERDAY.
  NO SIGNIFICANT WEATHER WAS OBSERVED.


RELATIVE HUMIDITY (PERCENT)
 HIGHEST    44           700 AM
 LOWEST      8          1000 PM
 AVERAGE    26

..........................................................


THE PHOENIX AZ CLIMATE NORMALS FOR TODAY
                         NORMAL    RECORD    YEAR
 MAXIMUM TEMPERATURE (F)  105       113      2013
                                             1992
 MINIMUM TEMPERATURE (F)   83        64      1918


SUNRISE AND SUNSET
AUGUST 16 2017........SUNRISE   551 AM MST   SUNSET   713 PM MST
AUGUST 17 2017........SUNRISE   552 AM MST   SUNSET   711 PM MST


-  INDICATES NEGATIVE NUMBERS.
R  INDICATES RECORD WAS SET OR TIED.
MM INDICATES DATA IS MISSING.
T  INDICATES TRACE AMOUNT.

&&
.....................................................................

DEW POINT
  HIGHEST DEW POINT    61
   LOWEST DEW POINT    25
  AVERAGE DEW POINT    47
.....................................................................

$$
