000
CDUS45 KPSR 060856
CLIPHX

CLIMATE REPORT
NATIONAL WEATHER SERVICE PHOENIX AZ
152 AM MST FRI MAR 6 2015


...................................

...THE PHOENIX AZ CLIMATE SUMMARY FOR MARCH 5 2015...

CLIMATE NORMAL PERIOD 1981 TO 2010
CLIMATE RECORD PERIOD 1895 TO 2015


WEATHER ITEM   OBSERVED TIME   RECORD YEAR NORMAL DEPARTURE LAST
                VALUE   (LST)  VALUE       VALUE  FROM      YEAR
                                                  NORMAL
..................................................................
TEMPERATURE (F)
 YESTERDAY
  MAXIMUM         75    337 PM  93    1972  74      1       82
  MINIMUM         46    657 AM  31    1966  52     -6       55
  AVERAGE         61                        63     -2       69

PRECIPITATION (IN)
  YESTERDAY        0.00          0.97 2000   0.03  -0.03     0.00
  MONTH TO DATE    0.30                      0.19   0.11     0.99
  SINCE OCT 1      2.16                      4.13  -1.97     3.81
  SINCE JAN 1      1.12                      2.02  -0.90     0.99

SNOWFALL (IN)
  YESTERDAY        0.0
  MONTH TO DATE    0.0
  SINCE JAN 1      0.0
  SINCE JUL 1      0.0
  SNOW DEPTH       0

DEGREE DAYS
 HEATING
  YESTERDAY        4                         4      0        0
  MONTH TO DATE   25                        20      5        7
  SINCE MAR 1     25                        20      5        7
  SINCE JUL 1    520                       853   -333      541

 COOLING
  YESTERDAY        0                         2     -2        4
  MONTH TO DATE    4                         6     -2        6
  SINCE MAR 1      4                         6     -2        6
  SINCE JAN 1     52                        23     29       68
..................................................................


WIND (MPH)
  HIGHEST WIND SPEED    15   HIGHEST WIND DIRECTION    NE (50)
  HIGHEST GUST SPEED    22   HIGHEST GUST DIRECTION    NE (40)
  AVERAGE WIND SPEED     4.1


SKY COVER
  AVERAGE SKY COVER 0.0


WEATHER CONDITIONS
 THE FOLLOWING WEATHER WAS RECORDED YESTERDAY.
  NO SIGNIFICANT WEATHER WAS OBSERVED.


RELATIVE HUMIDITY (PERCENT)
 HIGHEST    65           700 AM
 LOWEST      9           400 PM
 AVERAGE    37

..........................................................


THE PHOENIX AZ CLIMATE NORMALS FOR TODAY
                         NORMAL    RECORD    YEAR
 MAXIMUM TEMPERATURE (F)   74        92      1972
 MINIMUM TEMPERATURE (F)   52        34      1967
                                             1896


SUNRISE AND SUNSET
MARCH  6 2015.........SUNRISE   650 AM MST   SUNSET   629 PM MST
MARCH  7 2015.........SUNRISE   649 AM MST   SUNSET   630 PM MST


-  INDICATES NEGATIVE NUMBERS.
R  INDICATES RECORD WAS SET OR TIED.
MM INDICATES DATA IS MISSING.
T  INDICATES TRACE AMOUNT.

&&
.....................................................................

DEW POINT  HIGHEST DEW POINT    39
LOWEST DEW POINT                10
AVERAGE DEW POINT               25
.....................................................................

$$
