000
CDUS45 KPSR 292314
CLIPHX

CDUS45 KPSR DDHHMM
CLIPHX

CLIMATE REPORT
NATIONAL WEATHER SERVICE PHOENIX AZ
413 PM MST SUN MAR 29 2015


...................................

...THE PHOENIX AZ CLIMATE SUMMARY FOR MARCH 29 2015...
VALID TODAY AS OF 0400 PM LOCAL TIME.

CLIMATE NORMAL PERIOD 1981 TO 2010
CLIMATE RECORD PERIOD 1895 TO 2015


WEATHER ITEM   OBSERVED TIME   RECORD YEAR NORMAL DEPARTURE LAST
                VALUE   (LST)  VALUE       VALUE  FROM      YEAR
                                                  NORMAL
..................................................................
TEMPERATURE (F)
 TODAY
  MAXIMUM         97R   355 PM  95    1971  80     17       88
  MINIMUM         65    634 AM  36    1907  56      9       57
  AVERAGE         81                        68     13       73

PRECIPITATION (IN)
  TODAY            0.00          0.42 1967   0.02  -0.02     0.00
  MONTH TO DATE    0.33                      0.95  -0.62     0.99
  SINCE OCT 1      2.19                      4.89  -2.70     3.81
  SINCE JAN 1      1.15                      2.78  -1.63     0.99

SNOWFALL (IN)
  TODAY            0.0
  MONTH TO DATE    0.0
  SINCE JAN 1      0.0
  SINCE JUL 1      0.0
  SNOW DEPTH       0

DEGREE DAYS
 HEATING
  TODAY            0                         1     -1        0
  MONTH TO DATE   25                        79    -54        7
  SINCE MAR 1     25                        79    -54        7
  SINCE JUL 1    520                       912   -392      541

 COOLING
  TODAY           16                         4     12        8
  MONTH TO DATE  220                        77    143      124
  SINCE MAR 1    220                        77    143      124
  SINCE JAN 1    268                        94    174      186
..................................................................


WIND (MPH)
  HIGHEST WIND SPEED    13   HIGHEST WIND DIRECTION     N (350)
  HIGHEST GUST SPEED    17   HIGHEST GUST DIRECTION     N (10)
  AVERAGE WIND SPEED     6.3


SKY COVER
  AVERAGE SKY COVER 0.5


WEATHER CONDITIONS
 THE FOLLOWING WEATHER WAS RECORDED TODAY.
  NO SIGNIFICANT WEATHER WAS OBSERVED.


RELATIVE HUMIDITY (PERCENT)
 HIGHEST    26           400 AM
 LOWEST      5           400 PM
 AVERAGE    16

..........................................................


THE PHOENIX AZ CLIMATE NORMALS FOR TOMORROW
                         NORMAL    RECORD    YEAR
 MAXIMUM TEMPERATURE (F)   81        97      2004
 MINIMUM TEMPERATURE (F)   56        38      1898
                                             1897


SUNRISE AND SUNSET
MARCH 29 2015.........SUNRISE   620 AM MST   SUNSET   646 PM MST
MARCH 30 2015.........SUNRISE   619 AM MST   SUNSET   647 PM MST


-  INDICATES NEGATIVE NUMBERS.
R  INDICATES RECORD WAS SET OR TIED.
MM INDICATES DATA IS MISSING.
T  INDICATES TRACE AMOUNT.

$$
