000
CDUS43 KILX 230648
CLIPIA


CLIMATE REPORT
NATIONAL WEATHER SERVICE LINCOLN IL
138 AM CDT SUN JUL 23 2017


...................................

...THE PEORIA IL CLIMATE SUMMARY FOR JULY 22 2017...

CLIMATE NORMAL PERIOD 1981 TO 2010
CLIMATE RECORD PERIOD 1883 TO 2017


WEATHER ITEM   OBSERVED TIME   RECORD YEAR NORMAL DEPARTURE LAST
                VALUE   (LST)  VALUE       VALUE  FROM      YEAR
                                                  NORMAL
..................................................................
TEMPERATURE (F)
 YESTERDAY
  MAXIMUM         89    527 PM 105    1901  86      3       89
  MINIMUM         70    829 AM  48    1947  65      5       70
  AVERAGE         80                        76      4       80

PRECIPITATION (IN)
  YESTERDAY        0.48          1.71 1951   0.12   0.36     0.42
  MONTH TO DATE    3.76                      2.78   0.98     5.00
  SINCE JUN 1      5.54                      6.31  -0.77     8.44
  SINCE JAN 1     24.03                     20.64   3.39    17.55

SNOWFALL (IN)
  YESTERDAY        0.0           0.0    MM   0.0    0.0      0.0
  MONTH TO DATE    0.0                       0.0    0.0      0.0
  SINCE JUN 1      0.0                       0.0    0.0      0.0
  SINCE JUL 1      0.0                       0.0    0.0      0.0
  SNOW DEPTH       0

DEGREE DAYS
 HEATING
  YESTERDAY        0                         0      0        0
  MONTH TO DATE    0                         0      0        4
  SINCE JUN 1      6                        18    -12        4
  SINCE JUL 1      0                         0      0        4

 COOLING
  YESTERDAY       15                        10      5       15
  MONTH TO DATE  287                       239     48      240
  SINCE JUN 1    546                       461     85      567
  SINCE JAN 1    627                       542     85      673
..................................................................


WIND (MPH)
  HIGHEST WIND SPEED    18   HIGHEST WIND DIRECTION     S (190)
  HIGHEST GUST SPEED    26   HIGHEST GUST DIRECTION    NE (40)
  AVERAGE WIND SPEED     5.7


SKY COVER
  POSSIBLE SUNSHINE  MM
  AVERAGE SKY COVER 0.4


WEATHER CONDITIONS
 THE FOLLOWING WEATHER WAS RECORDED YESTERDAY.
  THUNDERSTORM
  HEAVY RAIN
  RAIN
  LIGHT RAIN
  FOG


RELATIVE HUMIDITY (PERCENT)
 HIGHEST    97          1100 PM
 LOWEST     68           500 PM
 AVERAGE    83

..........................................................


THE PEORIA IL CLIMATE NORMALS FOR TODAY
                         NORMAL    RECORD    YEAR
 MAXIMUM TEMPERATURE (F)   85       105      1934
 MINIMUM TEMPERATURE (F)   65        52      1947
                                             1925


SUNRISE AND SUNSET
JULY 23 2017..........SUNRISE   547 AM CDT   SUNSET   822 PM CDT
JULY 24 2017..........SUNRISE   548 AM CDT   SUNSET   822 PM CDT


-  INDICATES NEGATIVE NUMBERS.
R  INDICATES RECORD WAS SET OR TIED.
MM INDICATES DATA IS MISSING.
T  INDICATES TRACE AMOUNT.




$$
