000
CDUS43 KILX 172146
CLIPIA


CLIMATE REPORT
NATIONAL WEATHER SERVICE LINCOLN IL
435 PM CDT THU APR 17 2014


...................................

...THE PEORIA IL CLIMATE SUMMARY FOR APRIL 17 2014...
VALID TODAY AS OF 0400 PM LOCAL TIME.

CLIMATE NORMAL PERIOD 1981 TO 2010
CLIMATE RECORD PERIOD 1883 TO 2014


WEATHER ITEM   OBSERVED TIME   RECORD YEAR NORMAL DEPARTURE LAST
                VALUE   (LST)  VALUE       VALUE  FROM      YEAR
                                                  NORMAL
..................................................................
TEMPERATURE (F)
 TODAY
  MAXIMUM         57    259 PM  88    1894  64     -7       60
  MINIMUM         40    512 AM  24    1907  42     -2       45
  AVERAGE         49                        53     -4       53

PRECIPITATION (IN)
  TODAY            0.00          2.47 2013   0.12  -0.12     2.47
  MONTH TO DATE    2.66                      1.99   0.67     5.75
  SINCE MAR 1      4.60                      4.79  -0.19     8.38
  SINCE JAN 1      9.47                      8.36   1.11    15.11

SNOWFALL (IN)
  TODAY            0.0           4.0  1912   0.0    0.0      0.0
  MONTH TO DATE    0.3                       0.5   -0.2      0.0
  SINCE MAR 1      7.4                       3.2    4.2     10.8
  SINCE JUL 1     57.6                      24.5   33.1     22.7
  SNOW DEPTH       0

DEGREE DAYS
 HEATING
  TODAY           16                        13      3       12
  MONTH TO DATE  268                       261      7      268
  SINCE MAR 1   1202                      1017    185     1220
  SINCE JUL 1   6381                      5533    848     5513

 COOLING
  TODAY            0                         0      0        0
  MONTH TO DATE    4                         0      4        1
  SINCE MAR 1      4                         1      3        1
  SINCE JAN 1      4                         1      3        1
..................................................................


WIND (MPH)
  HIGHEST WIND SPEED    21   HIGHEST WIND DIRECTION     S (180)
  HIGHEST GUST SPEED    28   HIGHEST GUST DIRECTION     S (160)
  AVERAGE WIND SPEED     9.8


SKY COVER
  POSSIBLE SUNSHINE  MM
  AVERAGE SKY COVER 0.1


WEATHER CONDITIONS
 THE FOLLOWING WEATHER WAS RECORDED TODAY.
  NO SIGNIFICANT WEATHER WAS OBSERVED.


RELATIVE HUMIDITY (PERCENT)
 HIGHEST    70           500 AM
 LOWEST     47           200 PM
 AVERAGE    59

..........................................................


THE PEORIA IL CLIMATE NORMALS FOR TOMORROW
                         NORMAL    RECORD    YEAR
 MAXIMUM TEMPERATURE (F)   64        91      2002
 MINIMUM TEMPERATURE (F)   43        24      1983


SUNRISE AND SUNSET
APRIL 17 2014.........SUNRISE   617 AM CDT   SUNSET   740 PM CDT
APRIL 18 2014.........SUNRISE   616 AM CDT   SUNSET   741 PM CDT


-  INDICATES NEGATIVE NUMBERS.
R  INDICATES RECORD WAS SET OR TIED.
MM INDICATES DATA IS MISSING.
T  INDICATES TRACE AMOUNT.




$$
