000
CDUS43 KILX 310642
CLIPIA


CLIMATE REPORT
NATIONAL WEATHER SERVICE LINCOLN IL
130 AM CDT THU JUL 31 2014


...................................

...THE PEORIA IL CLIMATE SUMMARY FOR JULY 30 2014...

CLIMATE NORMAL PERIOD 1981 TO 2010
CLIMATE RECORD PERIOD 1883 TO 2014


WEATHER ITEM   OBSERVED TIME   RECORD YEAR NORMAL DEPARTURE LAST
                VALUE   (LST)  VALUE       VALUE  FROM      YEAR
                                                  NORMAL
..................................................................
TEMPERATURE (F)
 YESTERDAY
  MAXIMUM         83    330 PM 104    1885  85     -2       69
  MINIMUM         60    536 AM  48    1971  65     -5       64
  AVERAGE         72                        75     -3       67

PRECIPITATION (IN)
  YESTERDAY        0.00          2.04 1926   0.12  -0.12     0.50
  MONTH TO DATE    1.49                      3.73  -2.24     1.79
  SINCE JUN 1     11.16                      7.26   3.90     3.98
  SINCE JAN 1     23.14                     21.59   1.55    31.50

SNOWFALL (IN)
  YESTERDAY        0.0           0.0    MM   0.0    0.0      0.0
  MONTH TO DATE    0.0                       0.0    0.0      0.0
  SINCE JUN 1      0.0                       0.0    0.0      0.0
  SINCE JUL 1      0.0                       0.0    0.0      0.0
  SNOW DEPTH       0

DEGREE DAYS
 HEATING
  YESTERDAY        0                         0      0        0
  MONTH TO DATE    2                         0      2        4
  SINCE JUN 1      2                        18    -16       22
  SINCE JUL 1      2                         0      2        4

 COOLING
  YESTERDAY        7                        10     -3        2
  MONTH TO DATE  224                       319    -95      293
  SINCE JUN 1    516                       541    -25      516
  SINCE JAN 1    674                       622     52      623
..................................................................


WIND (MPH)
  HIGHEST WIND SPEED    14   HIGHEST WIND DIRECTION     W (270)
  HIGHEST GUST SPEED    18   HIGHEST GUST DIRECTION     W (290)
  AVERAGE WIND SPEED     3.8


SKY COVER
  POSSIBLE SUNSHINE  MM
  AVERAGE SKY COVER 0.1


WEATHER CONDITIONS
 THE FOLLOWING WEATHER WAS RECORDED YESTERDAY.
  NO SIGNIFICANT WEATHER WAS OBSERVED.


RELATIVE HUMIDITY (PERCENT)
 HIGHEST    84           500 AM
 LOWEST     37           200 PM
 AVERAGE    61

..........................................................


THE PEORIA IL CLIMATE NORMALS FOR TODAY
                         NORMAL    RECORD    YEAR
 MAXIMUM TEMPERATURE (F)   85       102      1988
                                             1890
 MINIMUM TEMPERATURE (F)   65        47      1971


SUNRISE AND SUNSET
JULY 31 2014..........SUNRISE   555 AM CDT   SUNSET   815 PM CDT
AUGUST  1 2014........SUNRISE   556 AM CDT   SUNSET   814 PM CDT


-  INDICATES NEGATIVE NUMBERS.
R  INDICATES RECORD WAS SET OR TIED.
MM INDICATES DATA IS MISSING.
T  INDICATES TRACE AMOUNT.




$$
