000
CDUS43 KILX 280645
CLIPIA


CLIMATE REPORT
NATIONAL WEATHER SERVICE LINCOLN IL
144 AM CDT FRI AUG 28 2015


...................................

...THE PEORIA IL CLIMATE SUMMARY FOR AUGUST 27 2015...

CLIMATE NORMAL PERIOD 1981 TO 2010
CLIMATE RECORD PERIOD 1883 TO 2015


WEATHER ITEM   OBSERVED TIME   RECORD YEAR NORMAL DEPARTURE LAST
                VALUE   (LST)  VALUE       VALUE  FROM      YEAR
                                                  NORMAL
..................................................................
TEMPERATURE (F)
 YESTERDAY
  MAXIMUM         77    445 PM  98    1899  83     -6       86
  MINIMUM         54    551 AM  43    1910  62     -8       73
  AVERAGE         66                        73     -7       80

PRECIPITATION (IN)
  YESTERDAY        0.00          1.90 1903   0.10  -0.10      T
  MONTH TO DATE    2.00                      2.81  -0.81     5.82
  SINCE JUN 1     19.44                     10.19   9.25    16.98
  SINCE JAN 1     32.21                     24.52   7.69    28.96

SNOWFALL (IN)
  YESTERDAY        0.0           0.0    MM   0.0    0.0      0.0
  MONTH TO DATE    0.0                       0.0    0.0      0.0
  SINCE JUN 1      0.0                       0.0    0.0      0.0
  SINCE JUL 1      0.0                       0.0    0.0      0.0
  SNOW DEPTH       0

DEGREE DAYS
 HEATING
  YESTERDAY        0                         0      0        0
  MONTH TO DATE    0                         0      0        0
  SINCE JUN 1     12                        19     -7        2
  SINCE JUL 1      5                         1      4        2

 COOLING
  YESTERDAY        1                         8     -7       15
  MONTH TO DATE  260                       247     13      288
  SINCE JUN 1    916                       797    119      812
  SINCE JAN 1   1070                       878    192      970
..................................................................


WIND (MPH)
  HIGHEST WIND SPEED     8   HIGHEST WIND DIRECTION     E (90)
  HIGHEST GUST SPEED    11   HIGHEST GUST DIRECTION    SW (240)
  AVERAGE WIND SPEED     2.5


SKY COVER
  POSSIBLE SUNSHINE  MM
  AVERAGE SKY COVER 0.0


WEATHER CONDITIONS
 THE FOLLOWING WEATHER WAS RECORDED YESTERDAY.
  FOG
  HAZE


RELATIVE HUMIDITY (PERCENT)
 HIGHEST    86           100 AM
 LOWEST     54           500 PM
 AVERAGE    70

..........................................................


THE PEORIA IL CLIMATE NORMALS FOR TODAY
                         NORMAL    RECORD    YEAR
 MAXIMUM TEMPERATURE (F)   83        96      2013
                                             1899
                                             1897
 MINIMUM TEMPERATURE (F)   62        41      1986


SUNRISE AND SUNSET
AUGUST 28 2015........SUNRISE   622 AM CDT   SUNSET   738 PM CDT
AUGUST 29 2015........SUNRISE   623 AM CDT   SUNSET   736 PM CDT


-  INDICATES NEGATIVE NUMBERS.
R  INDICATES RECORD WAS SET OR TIED.
MM INDICATES DATA IS MISSING.
T  INDICATES TRACE AMOUNT.




$$
