000
CDUS43 KILX 170643
CLIPIA


CLIMATE REPORT
NATIONAL WEATHER SERVICE LINCOLN IL
1241 AM CST TUE JAN 17 2017


...................................

...THE PEORIA IL CLIMATE SUMMARY FOR JANUARY 16 2017...

CLIMATE NORMAL PERIOD 1981 TO 2010
CLIMATE RECORD PERIOD 1883 TO 2017


WEATHER ITEM   OBSERVED TIME   RECORD YEAR NORMAL DEPARTURE LAST
                VALUE   (LST)  VALUE       VALUE  FROM      YEAR
                                                  NORMAL
..................................................................
TEMPERATURE (F)
 YESTERDAY
  MAXIMUM         49   1053 PM  62    1990  33     16       29
  MINIMUM         33    647 AM -21    2009  17     16       16
  AVERAGE         41                        25     16       23

PRECIPITATION (IN)
  YESTERDAY        0.83R         0.75 1907   0.06   0.77     0.00
  MONTH TO DATE    1.41                      0.99   0.42     0.53
  SINCE DEC 1      2.63                      3.41  -0.78     6.84
  SINCE JAN 1      1.41                      0.99   0.42     0.53

SNOWFALL (IN)
  YESTERDAY        0.0           7.0  1936   0.2   -0.2      0.0
  MONTH TO DATE    0.4                       3.6   -3.2      3.2
  SINCE DEC 1      5.9                      10.7   -4.8      5.7
  SINCE JUL 1      5.9                      11.8   -5.9     10.3
  SNOW DEPTH       0

DEGREE DAYS
 HEATING
  YESTERDAY       24                        40    -16       42
  MONTH TO DATE  638                       640     -2      600
  SINCE DEC 1   1766                      1770     -4     1331
  SINCE JUL 1   2504                      2918   -414     2088

 COOLING
  YESTERDAY        0                         0      0        0
  MONTH TO DATE    0                         0      0        0
  SINCE DEC 1      0                         0      0        0
  SINCE JAN 1      0                         0      0        0
..................................................................


WIND (MPH)
  HIGHEST WIND SPEED    13   HIGHEST WIND DIRECTION     W (280)
  HIGHEST GUST SPEED    17   HIGHEST GUST DIRECTION     E (80)
  AVERAGE WIND SPEED     7.3


SKY COVER
  POSSIBLE SUNSHINE  MM
  AVERAGE SKY COVER 1.0


WEATHER CONDITIONS
 THE FOLLOWING WEATHER WAS RECORDED YESTERDAY.
  THUNDERSTORM
  HEAVY RAIN
  RAIN
  LIGHT RAIN
  FOG
  FOG W/VISIBILITY <= 1/4 MILE


RELATIVE HUMIDITY (PERCENT)
 HIGHEST   100           500 AM
 LOWEST     89          1200 AM
 AVERAGE    95

..........................................................


THE PEORIA IL CLIMATE NORMALS FOR TODAY
                         NORMAL    RECORD    YEAR
 MAXIMUM TEMPERATURE (F)   33        67      1894
 MINIMUM TEMPERATURE (F)   17       -25      1977


SUNRISE AND SUNSET
JANUARY 17 2017.......SUNRISE   719 AM CST   SUNSET   459 PM CST
JANUARY 18 2017.......SUNRISE   719 AM CST   SUNSET   500 PM CST


-  INDICATES NEGATIVE NUMBERS.
R  INDICATES RECORD WAS SET OR TIED.
MM INDICATES DATA IS MISSING.
T  INDICATES TRACE AMOUNT.




$$
