000
CDUS43 KILX 022235
CLIPIA


CLIMATE REPORT
NATIONAL WEATHER SERVICE LINCOLN IL
435 PM CST MON MAR 2 2015


...................................

...THE PEORIA IL CLIMATE SUMMARY FOR MARCH 2 2015...
VALID TODAY AS OF 0400 PM LOCAL TIME.

CLIMATE NORMAL PERIOD 1981 TO 2010
CLIMATE RECORD PERIOD 1883 TO 2015


WEATHER ITEM   OBSERVED TIME   RECORD YEAR NORMAL DEPARTURE LAST
                VALUE   (LST)  VALUE       VALUE  FROM      YEAR
                                                  NORMAL
..................................................................
TEMPERATURE (F)
 TODAY
  MAXIMUM         36    150 PM  74    1992  44     -8       13
                                      1976
  MINIMUM         17    801 AM  -6    1913  26     -9        1
  AVERAGE         27                        35     -8        7

PRECIPITATION (IN)
  TODAY            0.00          0.94 1940   0.08  -0.08     0.20
  MONTH TO DATE    0.19                      0.16   0.03     0.32
  SINCE MAR 1      0.19                      0.16   0.03     0.32
  SINCE JAN 1      3.91                      3.73   0.18     5.19

SNOWFALL (IN)
  TODAY            0.0           4.3  1954   0.2   -0.2      2.2
  MONTH TO DATE    2.7                       0.3    2.4      3.2
  SINCE MAR 1      2.7                       0.3    2.4      3.2
  SINCE JUL 1     27.0                      21.6    5.4     53.4
  SNOW DEPTH       4

DEGREE DAYS
 HEATING
  TODAY           38                        30      8       58
  MONTH TO DATE   78                        60     18       99
  SINCE MAR 1     78                        60     18       99
  SINCE JUL 1   4784                      4576    208     5278

 COOLING
  TODAY            0                         0      0        0
  MONTH TO DATE    0                         0      0        0
  SINCE MAR 1      0                         0      0        0
  SINCE JAN 1      0                         0      0        0
..................................................................


WIND (MPH)
  HIGHEST WIND SPEED    12   HIGHEST WIND DIRECTION     S (190)
  HIGHEST GUST SPEED    14   HIGHEST GUST DIRECTION     S (180)
  AVERAGE WIND SPEED     4.3


SKY COVER
  POSSIBLE SUNSHINE  MM
  AVERAGE SKY COVER 0.1


WEATHER CONDITIONS
 THE FOLLOWING WEATHER WAS RECORDED TODAY.
  HAZE


RELATIVE HUMIDITY (PERCENT)
 HIGHEST    80           700 AM
 LOWEST     44           100 PM
 AVERAGE    62

..........................................................


THE PEORIA IL CLIMATE NORMALS FOR TOMORROW
                         NORMAL    RECORD    YEAR
 MAXIMUM TEMPERATURE (F)   44        78      1974
 MINIMUM TEMPERATURE (F)   27        -6      2014


SUNRISE AND SUNSET
MARCH  2 2015.........SUNRISE   631 AM CST   SUNSET   551 PM CST
MARCH  3 2015.........SUNRISE   630 AM CST   SUNSET   552 PM CST


-  INDICATES NEGATIVE NUMBERS.
R  INDICATES RECORD WAS SET OR TIED.
MM INDICATES DATA IS MISSING.
T  INDICATES TRACE AMOUNT.




$$
