000
CDUS43 KILX 260640
CLIPIA


CLIMATE REPORT
NATIONAL WEATHER SERVICE LINCOLN IL
1239 AM CST WED NOV 26 2014


...................................

...THE PEORIA IL CLIMATE SUMMARY FOR NOVEMBER 25 2014...

CLIMATE NORMAL PERIOD 1981 TO 2010
CLIMATE RECORD PERIOD 1883 TO 2014


WEATHER ITEM   OBSERVED TIME   RECORD YEAR NORMAL DEPARTURE LAST
                VALUE   (LST)  VALUE       VALUE  FROM      YEAR
                                                  NORMAL
..................................................................
TEMPERATURE (F)
 YESTERDAY
  MAXIMUM         31    255 PM  68    1915  45    -14       33
  MINIMUM         21    730 AM  -1    1950  29     -8       23
  AVERAGE         26                        37    -11       28

PRECIPITATION (IN)
  YESTERDAY        T             1.22 1908   0.10  -0.10     0.01
  MONTH TO DATE    1.07                      2.62  -1.55     3.26
  SINCE SEP 1      8.46                      8.61  -0.15    10.24
  SINCE JAN 1     38.54                     33.56   4.98    42.07

SNOWFALL (IN)
  YESTERDAY        T             5.0  1895   0.1   -0.1      0.1
  MONTH TO DATE    1.1                       0.7    0.4      0.6
  SINCE SEP 1      1.1                       0.7    0.4      0.6
  SINCE JUL 1      1.1                       0.7    0.4      0.6
  SNOW DEPTH       1

DEGREE DAYS
 HEATING
  YESTERDAY       39                        28     11       37
  MONTH TO DATE  703                       553    150      623
  SINCE SEP 1   1077                       993     84      996
  SINCE JUL 1   1079                       999     80     1001

 COOLING
  YESTERDAY        0                         0      0        0
  MONTH TO DATE    0                         0      0        0
  SINCE SEP 1    132                       132      0      232
  SINCE JAN 1   1156                      1039    117     1174
..................................................................


WIND (MPH)
  HIGHEST WIND SPEED    18   HIGHEST WIND DIRECTION     W (290)
  HIGHEST GUST SPEED    26   HIGHEST GUST DIRECTION    NW (300)
  AVERAGE WIND SPEED     7.0


SKY COVER
  POSSIBLE SUNSHINE  MM
  AVERAGE SKY COVER 0.6


WEATHER CONDITIONS
 THE FOLLOWING WEATHER WAS RECORDED YESTERDAY.
  LIGHT SNOW
  FOG
  HAZE


RELATIVE HUMIDITY (PERCENT)
 HIGHEST    81           700 PM
 LOWEST     63           200 AM
 AVERAGE    72

..........................................................


THE PEORIA IL CLIMATE NORMALS FOR TODAY
                         NORMAL    RECORD    YEAR
 MAXIMUM TEMPERATURE (F)   44        69      1927
 MINIMUM TEMPERATURE (F)   28        -2      1977


SUNRISE AND SUNSET
NOVEMBER 26 2014......SUNRISE   658 AM CST   SUNSET   434 PM CST
NOVEMBER 27 2014......SUNRISE   659 AM CST   SUNSET   433 PM CST


-  INDICATES NEGATIVE NUMBERS.
R  INDICATES RECORD WAS SET OR TIED.
MM INDICATES DATA IS MISSING.
T  INDICATES TRACE AMOUNT.




$$
