000
CDUS45 KPIH 280730
CLIPIH


CLIMATE REPORT
NATIONAL WEATHER SERVICE POCATELLO ID
1229 AM MST FRI NOV 28 2014


...................................

...THE POCATELLO ID CLIMATE SUMMARY FOR NOVEMBER 27 2014...

CLIMATE NORMAL PERIOD 1981 TO 2010
CLIMATE RECORD PERIOD 1939 TO 2014


WEATHER ITEM   OBSERVED TIME   RECORD YEAR NORMAL DEPARTURE LAST
                VALUE   (LST)  VALUE       VALUE  FROM      YEAR
                                                  NORMAL
..................................................................
TEMPERATURE (F)
 YESTERDAY
  MAXIMUM         62R   211 PM  62    1949  38     24       53
  MINIMUM         43    405 AM -12    1993  20     23       14
  AVERAGE         53                        29     24       34

PRECIPITATION (IN)
  YESTERDAY        0.00          0.28 2004   0.04  -0.04     0.00
  MONTH TO DATE    1.36                      0.99   0.37     0.42
  SINCE OCT 1      1.40                      1.86  -0.46     0.91
  SINCE JAN 1     11.66                     10.77   0.89     5.71

SNOWFALL (IN)
  YESTERDAY        0.0
  MONTH TO DATE    4.6
  SINCE SEP 1      4.6
  SINCE JUL 1      4.6
  SNOW DEPTH       0

DEGREE DAYS
 HEATING
  YESTERDAY       12                        36    -24       31
  MONTH TO DATE  853                       810     43      750
  SINCE SEP 1   1420                      1571   -151     1518
  SINCE JUL 1   1455                      1617   -162     1518

 COOLING
  YESTERDAY        0                         0      0        0
  MONTH TO DATE    0                         0      0        0
  SINCE SEP 1     35                        22     13       61
  SINCE JAN 1    421                       392     29      688
..................................................................


WIND (MPH)
  HIGHEST WIND SPEED    20   HIGHEST WIND DIRECTION    SW (210)
  HIGHEST GUST SPEED    26   HIGHEST GUST DIRECTION     S (200)
  AVERAGE WIND SPEED    12.3


SKY COVER
  POSSIBLE SUNSHINE  MM
  AVERAGE SKY COVER 0.1


WEATHER CONDITIONS
 THE FOLLOWING WEATHER WAS RECORDED YESTERDAY.
  NO SIGNIFICANT WEATHER WAS OBSERVED.


RELATIVE HUMIDITY (PERCENT)
 HIGHEST    45          1000 PM
 LOWEST     29           100 PM
 AVERAGE    37

..........................................................


THE POCATELLO ID CLIMATE NORMALS FOR TODAY
                         NORMAL    RECORD    YEAR
 MAXIMUM TEMPERATURE (F)   38        57      1986
 MINIMUM TEMPERATURE (F)   20        -8      1979


SUNRISE AND SUNSET
NOVEMBER 28 2014......SUNRISE   738 AM MST   SUNSET   458 PM MST
NOVEMBER 29 2014......SUNRISE   739 AM MST   SUNSET   458 PM MST


-  INDICATES NEGATIVE NUMBERS.
R  INDICATES RECORD WAS SET OR TIED.
MM INDICATES DATA IS MISSING.
T  INDICATES TRACE AMOUNT.




$$
