000
CDUS45 KPIH 302331
CLIPIH


CLIMATE REPORT
NATIONAL WEATHER SERVICE POCATELLO ID
528 PM MDT SAT AUG 30 2014


...................................

...THE POCATELLO ID CLIMATE SUMMARY FOR AUGUST 30 2014...
VALID TODAY AS OF 0500 PM LOCAL TIME.

CLIMATE NORMAL PERIOD 1981 TO 2010
CLIMATE RECORD PERIOD 1939 TO 2014


WEATHER ITEM   OBSERVED TIME   RECORD YEAR NORMAL DEPARTURE LAST
                VALUE   (LST)  VALUE       VALUE  FROM      YEAR
                                                  NORMAL
..................................................................
TEMPERATURE (F)
 TODAY
  MAXIMUM         76    359 PM  98    1954  83     -7       91
  MINIMUM         53    303 AM  33    1965  48      5       53
  AVERAGE         65                        65      0       72

PRECIPITATION (IN)
  TODAY            T             0.34 1999   0.03  -0.03     0.00
  MONTH TO DATE    2.18                      0.59   1.59     0.21
  SINCE OCT 1     10.15                     11.27  -1.12     8.19
  SINCE JAN 1      8.78                      8.05   0.73     4.03

SNOWFALL (IN)
  TODAY            0.0
  MONTH TO DATE    0.0
  SINCE JUN 1      0.0
  SINCE JUL 1      0.0
  SNOW DEPTH       0

DEGREE DAYS
 HEATING
  TODAY            0                         2     -2        0
  MONTH TO DATE   29                        21      8        0
  SINCE JUN 1    141                       172    -31       90
  SINCE JUL 1     31                        41    -10        0

 COOLING
  TODAY            0                         3     -3        7
  MONTH TO DATE  119                       143    -24      228
  SINCE JUN 1    386                       361     25      613
  SINCE JAN 1    386                       366     20      622
..................................................................


WIND (MPH)
  HIGHEST WIND SPEED    29   HIGHEST WIND DIRECTION    SW (230)
  HIGHEST GUST SPEED    34   HIGHEST GUST DIRECTION    SW (230)
  AVERAGE WIND SPEED    12.8


SKY COVER
  POSSIBLE SUNSHINE  MM
  AVERAGE SKY COVER 0.1


WEATHER CONDITIONS
 THE FOLLOWING WEATHER WAS RECORDED TODAY.
  NO SIGNIFICANT WEATHER WAS OBSERVED.


RELATIVE HUMIDITY (PERCENT)
 HIGHEST    77           300 AM
 LOWEST     29           300 PM
 AVERAGE    53

..........................................................


THE POCATELLO ID CLIMATE NORMALS FOR TOMORROW
                         NORMAL    RECORD    YEAR
 MAXIMUM TEMPERATURE (F)   83        97      1955
 MINIMUM TEMPERATURE (F)   47        32      2006
                                             1993
                                             1969


SUNRISE AND SUNSET
AUGUST 30 2014........SUNRISE   653 AM MDT   SUNSET   808 PM MDT
AUGUST 31 2014........SUNRISE   654 AM MDT   SUNSET   807 PM MDT


-  INDICATES NEGATIVE NUMBERS.
R  INDICATES RECORD WAS SET OR TIED.
MM INDICATES DATA IS MISSING.
T  INDICATES TRACE AMOUNT.




$$
