000
CDUS45 KPIH 220733
CLIPIH


CLIMATE REPORT
NATIONAL WEATHER SERVICE POCATELLO ID
133 AM MDT MON SEP 22 2014


...................................

...THE POCATELLO ID CLIMATE SUMMARY FOR SEPTEMBER 21 2014...

CLIMATE NORMAL PERIOD 1981 TO 2010
CLIMATE RECORD PERIOD 1939 TO 2014


WEATHER ITEM   OBSERVED TIME   RECORD YEAR NORMAL DEPARTURE LAST
                VALUE   (LST)  VALUE       VALUE  FROM      YEAR
                                                  NORMAL
..................................................................
TEMPERATURE (F)
 YESTERDAY
  MAXIMUM         79   1250 PM  88    1979  73      6       84
                                      1967
                                      1966
  MINIMUM         44    525 AM  22    1983  40      4       43
  AVERAGE         62                        57      5       64

PRECIPITATION (IN)
  YESTERDAY        0.15          0.79 1997   0.04   0.11     0.00
  MONTH TO DATE    0.36                      0.57  -0.21     0.74
  SINCE OCT 1     10.51                     11.86  -1.35     8.93
  SINCE JAN 1      9.14                      8.64   0.50     4.77

SNOWFALL (IN)
  YESTERDAY        0.0
  MONTH TO DATE    0.0
  SINCE SEP 1      0.0
  SINCE JUL 1      0.0
  SNOW DEPTH       0

DEGREE DAYS
 HEATING
  YESTERDAY        3                         9     -6        1
  MONTH TO DATE   91                       109    -18       40
  SINCE SEP 1     91                       109    -18       40
  SINCE JUL 1    126                       155    -29       40

 COOLING
  YESTERDAY        0                         0      0        0
  MONTH TO DATE   26                        20      6       61
  SINCE SEP 1     26                        20      6       61
  SINCE JAN 1    412                       390     22      688
..................................................................


WIND (MPH)
  HIGHEST WIND SPEED    24   HIGHEST WIND DIRECTION     S (190)
  HIGHEST GUST SPEED    30   HIGHEST GUST DIRECTION     S (190)
  AVERAGE WIND SPEED     5.4


SKY COVER
  POSSIBLE SUNSHINE  MM
  AVERAGE SKY COVER 0.3


WEATHER CONDITIONS
 THE FOLLOWING WEATHER WAS RECORDED YESTERDAY.
  LIGHT RAIN
  FOG


RELATIVE HUMIDITY (PERCENT)
 HIGHEST   100           700 PM
 LOWEST     28           100 PM
 AVERAGE    64

..........................................................


THE POCATELLO ID CLIMATE NORMALS FOR TODAY
                         NORMAL    RECORD    YEAR
 MAXIMUM TEMPERATURE (F)   73        92      1966
 MINIMUM TEMPERATURE (F)   40        23      1995


SUNRISE AND SUNSET
SEPTEMBER 22 2014.....SUNRISE   718 AM MDT   SUNSET   728 PM MDT
SEPTEMBER 23 2014.....SUNRISE   719 AM MDT   SUNSET   726 PM MDT


-  INDICATES NEGATIVE NUMBERS.
R  INDICATES RECORD WAS SET OR TIED.
MM INDICATES DATA IS MISSING.
T  INDICATES TRACE AMOUNT.




$$
