000
CDUS45 KPIH 300736
CLIPIH


CLIMATE REPORT
NATIONAL WEATHER SERVICE POCATELLO ID
134 AM MDT SUN AUG 30 2015


...................................

...THE POCATELLO ID CLIMATE SUMMARY FOR AUGUST 29 2015...

CLIMATE NORMAL PERIOD 1981 TO 2010
CLIMATE RECORD PERIOD 1939 TO 2015


WEATHER ITEM   OBSERVED TIME   RECORD YEAR NORMAL DEPARTURE LAST
                VALUE   (LST)  VALUE       VALUE  FROM      YEAR
                                                  NORMAL
..................................................................
TEMPERATURE (F)
 YESTERDAY
  MAXIMUM         97R   143 PM  97    1990  84     13       89
  MINIMUM         62   1159 PM  35    1975  48     14       53
  AVERAGE         80                        66     14       71

PRECIPITATION (IN)
  YESTERDAY        0.15          0.48 1971   0.02   0.13     0.00
  MONTH TO DATE    0.63                      0.56   0.07     2.18
  SINCE OCT 1      9.31                     11.24  -1.93    10.15
  SINCE JAN 1      6.92                      8.02  -1.10     8.78

SNOWFALL (IN)
  YESTERDAY        0.0
  MONTH TO DATE    0.0
  SINCE JUN 1      0.0
  SINCE JUL 1      0.0
  SNOW DEPTH       0

DEGREE DAYS
 HEATING
  YESTERDAY        0                         2     -2        0
  MONTH TO DATE   15                        19     -4       29
  SINCE JUN 1     66                       170   -104      141
  SINCE JUL 1     38                        39     -1       31

 COOLING
  YESTERDAY       15                         3     12        6
  MONTH TO DATE  157                       140     17      119
  SINCE JUN 1    453                       358     95      386
  SINCE JAN 1    457                       363     94      386
..................................................................


WIND (MPH)
  HIGHEST WIND SPEED    32   HIGHEST WIND DIRECTION    SW (230)
  HIGHEST GUST SPEED    42   HIGHEST GUST DIRECTION    SW (220)
  AVERAGE WIND SPEED    12.4


SKY COVER
  POSSIBLE SUNSHINE  MM
  AVERAGE SKY COVER 0.4


WEATHER CONDITIONS
 THE FOLLOWING WEATHER WAS RECORDED YESTERDAY.
  THUNDERSTORM
  LIGHT RAIN


RELATIVE HUMIDITY (PERCENT)
 HIGHEST    68          1100 PM
 LOWEST     14           200 PM
 AVERAGE    41

..........................................................


THE POCATELLO ID CLIMATE NORMALS FOR TODAY
                         NORMAL    RECORD    YEAR
 MAXIMUM TEMPERATURE (F)   83        98      1954
 MINIMUM TEMPERATURE (F)   48        33      1965


SUNRISE AND SUNSET
AUGUST 30 2015........SUNRISE   653 AM MDT   SUNSET   809 PM MDT
AUGUST 31 2015........SUNRISE   654 AM MDT   SUNSET   807 PM MDT


-  INDICATES NEGATIVE NUMBERS.
R  INDICATES RECORD WAS SET OR TIED.
MM INDICATES DATA IS MISSING.
T  INDICATES TRACE AMOUNT.




$$
