000
CDUS45 KPIH 112334
CLIPIH


CLIMATE REPORT
NATIONAL WEATHER SERVICE POCATELLO ID
430 PM MST MON DEC 11 2017


...................................

...THE POCATELLO ID CLIMATE SUMMARY FOR DECEMBER 11 2017...
VALID TODAY AS OF 0400 PM LOCAL TIME.

CLIMATE NORMAL PERIOD 1981 TO 2010
CLIMATE RECORD PERIOD 1939 TO 2017


WEATHER ITEM   OBSERVED TIME   RECORD YEAR NORMAL DEPARTURE LAST
                VALUE   (LST)  VALUE       VALUE  FROM      YEAR
                                                  NORMAL
..................................................................
TEMPERATURE (F)
 TODAY
  MAXIMUM         33    359 PM  60    1939  33      0       35
  MINIMUM          6    322 AM -26    1972  16    -10       25
  AVERAGE         20                        25     -5       30

PRECIPITATION (IN)
  TODAY            0.00          0.56 1958   0.04  -0.04      T
  MONTH TO DATE    0.31                      0.46  -0.15     0.99
  SINCE OCT 1      2.11                      2.44  -0.33     4.69
  SINCE JAN 1     16.61                     11.35   5.26    14.37

SNOWFALL (IN)
  TODAY            0.0
  MONTH TO DATE    3.3
  SINCE DEC 1      3.3
  SINCE JUL 1      4.3
  SNOW DEPTH       1

DEGREE DAYS
 HEATING
  TODAY           45                        40      5       35
  MONTH TO DATE  442                       430     12      452
  SINCE DEC 1    442                       430     12      452
  SINCE JUL 1   2076                      2158    -82     1887

 COOLING
  TODAY            0                         0      0        0
  MONTH TO DATE    0                         0      0        0
  SINCE DEC 1      0                         0      0        0
  SINCE JAN 1    575                       392    183      416
..................................................................


WIND (MPH)
  HIGHEST WIND SPEED     9   HIGHEST WIND DIRECTION    NE (50)
  HIGHEST GUST SPEED    10   HIGHEST GUST DIRECTION    NE (40)
  AVERAGE WIND SPEED     3.0


SKY COVER
  POSSIBLE SUNSHINE  MM
  AVERAGE SKY COVER 0.1


WEATHER CONDITIONS
 THE FOLLOWING WEATHER WAS RECORDED TODAY.
  FOG
  FOG W/VISIBILITY <= 1/4 MILE


RELATIVE HUMIDITY (PERCENT)
 HIGHEST    92          1200 AM
 LOWEST     56           400 PM
 AVERAGE    74

..........................................................


THE POCATELLO ID CLIMATE NORMALS FOR TOMORROW
                         NORMAL    RECORD    YEAR
 MAXIMUM TEMPERATURE (F)   33        59      2014
 MINIMUM TEMPERATURE (F)   16       -11      1985


SUNRISE AND SUNSET
DECEMBER 11 2017......SUNRISE   752 AM MST   SUNSET   456 PM MST
DECEMBER 12 2017......SUNRISE   752 AM MST   SUNSET   456 PM MST


-  INDICATES NEGATIVE NUMBERS.
R  INDICATES RECORD WAS SET OR TIED.
MM INDICATES DATA IS MISSING.
T  INDICATES TRACE AMOUNT.




$$
