000
CDUS45 KPIH 250734
CLIPIH


CLIMATE REPORT
NATIONAL WEATHER SERVICE POCATELLO ID
1231 AM MST SUN FEB 25 2018


...................................

...THE POCATELLO ID CLIMATE SUMMARY FOR FEBRUARY 24 2018...

CLIMATE NORMAL PERIOD 1981 TO 2010
CLIMATE RECORD PERIOD 1939 TO 2018


WEATHER ITEM   OBSERVED TIME   RECORD YEAR NORMAL DEPARTURE LAST
                VALUE   (LST)  VALUE       VALUE  FROM      YEAR
                                                  NORMAL
..................................................................
TEMPERATURE (F)
 YESTERDAY
  MAXIMUM         29    356 PM  63    1995  41    -12       24
  MINIMUM         19    647 AM  -1    1952  21     -2        8
  AVERAGE         24                        31     -7       16

PRECIPITATION (IN)
  YESTERDAY        0.02          0.43 2000   0.03  -0.01     0.24
  MONTH TO DATE    0.60                      0.81  -0.21     3.05
  SINCE OCT 1      4.10                      5.02  -0.92    12.46
  SINCE JAN 1      1.31                      1.80  -0.49     5.90

SNOWFALL (IN)
  YESTERDAY        0.2
  MONTH TO DATE    7.5
  SINCE DEC 1     20.6
  SINCE JUL 1     21.6
  SNOW DEPTH       T

DEGREE DAYS
 HEATING
  YESTERDAY       41                        34      7       49
  MONTH TO DATE  758                       895   -137      739
  SINCE DEC 1   2915                      3414   -499     3637
  SINCE JUL 1   4549                      5142   -593     5072

 COOLING
  YESTERDAY        0                         0      0        0
  MONTH TO DATE    0                         0      0        0
  SINCE DEC 1      0                         0      0        0
  SINCE JAN 1      0                         0      0        0
..................................................................


WIND (MPH)
  HIGHEST WIND SPEED    29   HIGHEST WIND DIRECTION    SW (220)
  HIGHEST GUST SPEED    35   HIGHEST GUST DIRECTION    SW (210)
  AVERAGE WIND SPEED    18.9


SKY COVER
  POSSIBLE SUNSHINE  MM
  AVERAGE SKY COVER 0.9


WEATHER CONDITIONS
 THE FOLLOWING WEATHER WAS RECORDED YESTERDAY.
  LIGHT SNOW
  FOG
  HAZE


RELATIVE HUMIDITY (PERCENT)
 HIGHEST    81           700 PM
 LOWEST     55           900 AM
 AVERAGE    68

..........................................................


THE POCATELLO ID CLIMATE NORMALS FOR TODAY
                         NORMAL    RECORD    YEAR
 MAXIMUM TEMPERATURE (F)   41        62      1986
 MINIMUM TEMPERATURE (F)   22        -4      1952


SUNRISE AND SUNSET
FEBRUARY 25 2018......SUNRISE   713 AM MST   SUNSET   615 PM MST
FEBRUARY 26 2018......SUNRISE   711 AM MST   SUNSET   616 PM MST


-  INDICATES NEGATIVE NUMBERS.
R  INDICATES RECORD WAS SET OR TIED.
MM INDICATES DATA IS MISSING.
T  INDICATES TRACE AMOUNT.




$$
