000
CDUS45 KPIH 220733
CLIPIH


CLIMATE REPORT
NATIONAL WEATHER SERVICE POCATELLO ID
132 AM MDT TUE AUG 22 2017


...................................

...THE POCATELLO ID CLIMATE SUMMARY FOR AUGUST 21 2017...

CLIMATE NORMAL PERIOD 1981 TO 2010
CLIMATE RECORD PERIOD 1939 TO 2017


WEATHER ITEM   OBSERVED TIME   RECORD YEAR NORMAL DEPARTURE LAST
                VALUE   (LST)  VALUE       VALUE  FROM      YEAR
                                                  NORMAL
..................................................................
TEMPERATURE (F)
 YESTERDAY
  MAXIMUM         85    508 PM  98    2009  86     -1       92
  MINIMUM         54    546 AM  37    1974  50      4       45
                                      1966
  AVERAGE         70                        68      2       69

PRECIPITATION (IN)
  YESTERDAY        0.00          0.78 1983   0.02  -0.02     0.00
  MONTH TO DATE    0.33                      0.39  -0.06     0.24
  SINCE OCT 1     18.09                     11.07   7.02    11.15
  SINCE JAN 1     11.53                      7.85   3.68     7.58

SNOWFALL (IN)
  YESTERDAY        0.0
  MONTH TO DATE    0.0
  SINCE JUN 1      0.0
  SINCE JUL 1      0.0
  SNOW DEPTH       0

DEGREE DAYS
 HEATING
  YESTERDAY        0                         1     -1        0
  MONTH TO DATE    4                         8     -4        5
  SINCE JUN 1     93                       159    -66       65
  SINCE JUL 1      4                        28    -24       22

 COOLING
  YESTERDAY        5                         4      1        4
  MONTH TO DATE  107                       114     -7       93
  SINCE JUN 1    446                       332    114      379
  SINCE JAN 1    448                       337    111      379
..................................................................


WIND (MPH)
  HIGHEST WIND SPEED    16   HIGHEST WIND DIRECTION    SW (220)
  HIGHEST GUST SPEED    22   HIGHEST GUST DIRECTION    SW (210)
  AVERAGE WIND SPEED     6.9


SKY COVER
  POSSIBLE SUNSHINE  MM
  AVERAGE SKY COVER 0.0


WEATHER CONDITIONS
 THE FOLLOWING WEATHER WAS RECORDED YESTERDAY.
  NO SIGNIFICANT WEATHER WAS OBSERVED.


RELATIVE HUMIDITY (PERCENT)
 HIGHEST    43           700 AM
 LOWEST     13           400 PM
 AVERAGE    28

..........................................................


THE POCATELLO ID CLIMATE NORMALS FOR TODAY
                         NORMAL    RECORD    YEAR
 MAXIMUM TEMPERATURE (F)   86        98      1991
 MINIMUM TEMPERATURE (F)   50        34      1966


SUNRISE AND SUNSET
AUGUST 22 2017........SUNRISE   644 AM MDT   SUNSET   821 PM MDT
AUGUST 23 2017........SUNRISE   646 AM MDT   SUNSET   819 PM MDT


-  INDICATES NEGATIVE NUMBERS.
R  INDICATES RECORD WAS SET OR TIED.
MM INDICATES DATA IS MISSING.
T  INDICATES TRACE AMOUNT.




$$
