000
CDUS45 KPIH 050742
CLIPIH


CLIMATE REPORT
NATIONAL WEATHER SERVICE POCATELLO ID
1238 AM MST THU MAR 5 2015


...................................

...THE POCATELLO ID CLIMATE SUMMARY FOR MARCH 4 2015...

CLIMATE NORMAL PERIOD 1981 TO 2010
CLIMATE RECORD PERIOD 1939 TO 2015


WEATHER ITEM   OBSERVED TIME   RECORD YEAR NORMAL DEPARTURE LAST
                VALUE   (LST)  VALUE       VALUE  FROM      YEAR
                                                  NORMAL
..................................................................
TEMPERATURE (F)
 YESTERDAY
  MAXIMUM         36    543 PM  64    1987  44     -8       54
  MINIMUM          7    713 AM -12    1985  24    -17       40
  AVERAGE         22                        34    -12       47

PRECIPITATION (IN)
  YESTERDAY        0.00          0.97 1990   0.04  -0.04     0.00
  MONTH TO DATE    0.14                      0.16  -0.02     1.05
  SINCE OCT 1      3.63                      5.34  -1.71     4.13
  SINCE JAN 1      1.24                      2.12  -0.88     2.76

SNOWFALL (IN)
  YESTERDAY        0.0
  MONTH TO DATE    2.6
  SINCE MAR 1      2.6
  SINCE JUL 1     17.4
  SNOW DEPTH       1

DEGREE DAYS
 HEATING
  YESTERDAY       43                        31     12       18
  MONTH TO DATE  155                       126     29       93
  SINCE MAR 1    155                       126     29       93
  SINCE JUL 1   4496                      5399   -903     5073

 COOLING
  YESTERDAY        0                         0      0        0
  MONTH TO DATE    0                         0      0        0
  SINCE MAR 1      0                         0      0        0
  SINCE JAN 1      0                         0      0        0
..................................................................


WIND (MPH)
  HIGHEST WIND SPEED    14   HIGHEST WIND DIRECTION     S (200)
  HIGHEST GUST SPEED    18   HIGHEST GUST DIRECTION    SW (210)
  AVERAGE WIND SPEED     4.8


SKY COVER
  POSSIBLE SUNSHINE  MM
  AVERAGE SKY COVER 0.1


WEATHER CONDITIONS
 THE FOLLOWING WEATHER WAS RECORDED YESTERDAY.
  NO SIGNIFICANT WEATHER WAS OBSERVED.


RELATIVE HUMIDITY (PERCENT)
 HIGHEST    96           500 AM
 LOWEST     32           100 PM
 AVERAGE    64

..........................................................


THE POCATELLO ID CLIMATE NORMALS FOR TODAY
                         NORMAL    RECORD    YEAR
 MAXIMUM TEMPERATURE (F)   45        61      1968
                                             1950
 MINIMUM TEMPERATURE (F)   24        -3      1984


SUNRISE AND SUNSET
MARCH  5 2015.........SUNRISE   700 AM MST   SUNSET   625 PM MST
MARCH  6 2015.........SUNRISE   658 AM MST   SUNSET   626 PM MST


-  INDICATES NEGATIVE NUMBERS.
R  INDICATES RECORD WAS SET OR TIED.
MM INDICATES DATA IS MISSING.
T  INDICATES TRACE AMOUNT.




$$
