000
CDUS45 KPIH 250733
CLIPIH


CLIMATE REPORT
NATIONAL WEATHER SERVICE POCATELLO ID
131 AM MDT SUN JUN 25 2017


...................................

...THE POCATELLO ID CLIMATE SUMMARY FOR JUNE 24 2017...

CLIMATE NORMAL PERIOD 1981 TO 2010
CLIMATE RECORD PERIOD 1939 TO 2017


WEATHER ITEM   OBSERVED TIME   RECORD YEAR NORMAL DEPARTURE LAST
                VALUE   (LST)  VALUE       VALUE  FROM      YEAR
                                                  NORMAL
..................................................................
TEMPERATURE (F)
 YESTERDAY
  MAXIMUM         84    627 PM  99    1988  81      3       79
  MINIMUM         42    509 AM  33    1997  48     -6       48
  AVERAGE         63                        65     -2       64

PRECIPITATION (IN)
  YESTERDAY        0.00          0.62 1952   0.02  -0.02     0.00
  MONTH TO DATE    1.14                      0.87   0.27     0.02
  SINCE OCT 1     17.61                      9.92   7.69    10.73
  SINCE JAN 1     11.05                      6.70   4.35     7.16

SNOWFALL (IN)
  YESTERDAY        0.0
  MONTH TO DATE    0.0
  SINCE JUN 1      0.0
  SINCE JUL 1     87.6
  SNOW DEPTH       0

DEGREE DAYS
 HEATING
  YESTERDAY        2                         3     -1        1
  MONTH TO DATE   83                       119    -36       36
  SINCE JUN 1     83                       119    -36       36
  SINCE JUL 1   6944                      7166   -222     6385

 COOLING
  YESTERDAY        0                         2     -2        0
  MONTH TO DATE   44                        30     14       61
  SINCE JUN 1     44                        30     14       61
  SINCE JAN 1     46                        35     11       61
..................................................................


WIND (MPH)
  HIGHEST WIND SPEED    12   HIGHEST WIND DIRECTION    NW (310)
  HIGHEST GUST SPEED    15   HIGHEST GUST DIRECTION     W (270)
  AVERAGE WIND SPEED     3.7


SKY COVER
  POSSIBLE SUNSHINE  MM
  AVERAGE SKY COVER 0.1


WEATHER CONDITIONS
 THE FOLLOWING WEATHER WAS RECORDED YESTERDAY.
  NO SIGNIFICANT WEATHER WAS OBSERVED.


RELATIVE HUMIDITY (PERCENT)
 HIGHEST    82           500 AM
 LOWEST     16           400 PM
 AVERAGE    49

..........................................................


THE POCATELLO ID CLIMATE NORMALS FOR TODAY
                         NORMAL    RECORD    YEAR
 MAXIMUM TEMPERATURE (F)   82       103      1988
 MINIMUM TEMPERATURE (F)   49        31      1966


SUNRISE AND SUNSET
JUNE 25 2017..........SUNRISE   553 AM MDT   SUNSET   913 PM MDT
JUNE 26 2017..........SUNRISE   553 AM MDT   SUNSET   913 PM MDT


-  INDICATES NEGATIVE NUMBERS.
R  INDICATES RECORD WAS SET OR TIED.
MM INDICATES DATA IS MISSING.
T  INDICATES TRACE AMOUNT.




$$
