000
CDUS43 KABR 161044
CLIPIR


CLIMATE REPORT
NATIONAL WEATHER SERVICE ABERDEEN SD
443 AM CST SAT DEC 16 2017


...................................

...THE PIERRE SD CLIMATE SUMMARY FOR DECEMBER 15 2017...

CLIMATE NORMAL PERIOD 1981 TO 2010
CLIMATE RECORD PERIOD 1892 TO 2017


WEATHER ITEM   OBSERVED TIME   RECORD YEAR NORMAL DEPARTURE LAST
                VALUE   (LST)  VALUE       VALUE  FROM      YEAR
                                                  NORMAL
..................................................................
TEMPERATURE (F)
 YESTERDAY
  MAXIMUM         51    355 PM  63    1939  31     20       15
  MINIMUM         23    804 AM -21    1951  12     11       -8
  AVERAGE         37                        21     16        4

PRECIPITATION (IN)
  YESTERDAY        0.00          0.39 2015   0.02  -0.02     0.02
  MONTH TO DATE    0.14                      0.28  -0.14     0.21
  SINCE DEC 1      0.14                      0.28  -0.14     0.21
  SINCE JAN 1     13.60                     19.74  -6.14    19.52

SNOWFALL (IN)
  YESTERDAY        0.0           4.2  2015   0.2   -0.2      0.3
  MONTH TO DATE    0.7                       2.6   -1.9      2.5
  SINCE OCT 1      0.7                       8.9   -8.2     12.6
  SINCE JUL 1      0.7                       8.9   -8.2     12.6
  SNOW DEPTH       0

DEGREE DAYS
 HEATING
  YESTERDAY       28                        44    -16       61
  MONTH TO DATE  462                       624   -162      778
  SINCE DEC 1    462                       624   -162      778
  SINCE JUL 1   1919                      2244   -325     1915

 COOLING
  YESTERDAY        0                         0      0        0
  MONTH TO DATE    0                         0      0        0
  SINCE DEC 1      0                         0      0        0
  SINCE JAN 1    868                       868      0      961
..................................................................


WIND (MPH)
  RESULTANT WIND SPEED  10   RESULTANT WIND DIRECTION   W (260)
  HIGHEST WIND SPEED    20   HIGHEST WIND DIRECTION    SW (240)
  HIGHEST GUST SPEED    22   HIGHEST GUST DIRECTION     W (250)
  AVERAGE WIND SPEED    10.2




RELATIVE HUMIDITY (PERCENT)
 HIGHEST    88           700 AM
 LOWEST     38           400 PM
 AVERAGE    63

..........................................................


THE PIERRE SD CLIMATE NORMALS FOR TODAY
                         NORMAL    RECORD    YEAR
 MAXIMUM TEMPERATURE (F)   31        64      1962
 MINIMUM TEMPERATURE (F)   12       -24      1951


SUNRISE AND SUNSET
DECEMBER 16 2017......SUNRISE   811 AM CST   SUNSET   503 PM CST
DECEMBER 17 2017......SUNRISE   812 AM CST   SUNSET   503 PM CST


-  INDICATES NEGATIVE NUMBERS.
R  INDICATES RECORD WAS SET OR TIED.
MM INDICATES DATA IS MISSING.
T  INDICATES TRACE AMOUNT.




$$
