042
CDUS43 KABR 290907
CLIPIR


CLIMATE REPORT
NATIONAL WEATHER SERVICE ABERDEEN SD
406 AM CDT MON AUG 29 2016


...................................

...THE PIERRE SD CLIMATE SUMMARY FOR AUGUST 28 2016...

CLIMATE NORMAL PERIOD 1981 TO 2010
CLIMATE RECORD PERIOD 1892 TO 2016


WEATHER ITEM   OBSERVED TIME   RECORD YEAR NORMAL DEPARTURE LAST
                VALUE   (LST)  VALUE       VALUE  FROM      YEAR
                                                  NORMAL
..................................................................
TEMPERATURE (F)
 YESTERDAY
  MAXIMUM         96    442 PM 106    1991  85     11       83
  MINIMUM         61    618 AM  41    1988  57      4       66
  AVERAGE         79                        71      8       75

PRECIPITATION (IN)
  YESTERDAY        0.00          0.73 2014   0.05  -0.05     0.00
  MONTH TO DATE    2.14                      1.65   0.49     2.49
  SINCE JUN 1      8.28                      7.83   0.45    10.80
  SINCE JAN 1     15.72                     15.03   0.69    18.15

DEGREE DAYS
 HEATING
  YESTERDAY        0                         1     -1        0
  MONTH TO DATE   16                         8      8       23
  SINCE JUN 1     32                        67    -35       30
  SINCE JUL 1     20                        14      6       25

 COOLING
  YESTERDAY       14                         7      7       10
  MONTH TO DATE  231                       264    -33      231
  SINCE JUN 1    809                       725     84      660
  SINCE JAN 1    832                       757     75      674
..................................................................


WIND (MPH)
  RESULTANT WIND SPEED   7   RESULTANT WIND DIRECTION   S (170)
  HIGHEST WIND SPEED    18   HIGHEST WIND DIRECTION     S (170)
  HIGHEST GUST SPEED    24   HIGHEST GUST DIRECTION     S (200)
  AVERAGE WIND SPEED     9.3




RELATIVE HUMIDITY (PERCENT)
 HIGHEST    93           500 AM
 LOWEST     24           500 PM
 AVERAGE    59

..........................................................


THE PIERRE SD CLIMATE NORMALS FOR TODAY
                         NORMAL    RECORD    YEAR
 MAXIMUM TEMPERATURE (F)   84       111      2012
 MINIMUM TEMPERATURE (F)   57        40      1946


SUNRISE AND SUNSET
AUGUST 29 2016........SUNRISE   701 AM CDT   SUNSET   822 PM CDT
AUGUST 30 2016........SUNRISE   702 AM CDT   SUNSET   820 PM CDT


-  INDICATES NEGATIVE NUMBERS.
R  INDICATES RECORD WAS SET OR TIED.
MM INDICATES DATA IS MISSING.
T  INDICATES TRACE AMOUNT.




$$
