000
CDUS43 KABR 232238
CLIPIR


CLIMATE REPORT
NATIONAL WEATHER SERVICE ABERDEEN SD
537 PM CDT WED AUG 23 2017


...................................

...THE PIERRE SD CLIMATE SUMMARY FOR AUGUST 23 2017...
VALID TODAY AS OF 0500 PM LOCAL TIME.

CLIMATE NORMAL PERIOD 1981 TO 2010
CLIMATE RECORD PERIOD 1892 TO 2017


WEATHER ITEM   OBSERVED TIME   RECORD YEAR NORMAL DEPARTURE LAST
                VALUE   (LST)  VALUE       VALUE  FROM      YEAR
                                                  NORMAL
..................................................................
TEMPERATURE (F)
 TODAY
  MAXIMUM         86    357 PM 110    1936  86      0       86
  MINIMUM         57    454 AM  43    1942  59     -2       56
  AVERAGE         72                        72      0       71

PRECIPITATION (IN)
  TODAY            0.00          0.69 1982   0.04  -0.04     0.00
  MONTH TO DATE    3.06                      1.40   1.66     1.91
  SINCE JUN 1      5.93                      7.58  -1.65     8.05
  SINCE JAN 1     10.38                     14.78  -4.40    15.49

DEGREE DAYS
 COOLING
  TODAY            7                         8     -1        6
  MONTH TO DATE   88                       227   -139      213
  SINCE JUN 1    688                       688      0      791
  SINCE JAN 1    709                       720    -11      814
..................................................................


WIND (MPH)
  HIGHEST GUST SPEED    18   HIGHEST GUST DIRECTION    SE (120)




..........................................................


THE PIERRE SD CLIMATE NORMALS FOR TOMORROW
                         NORMAL    RECORD    YEAR
 MAXIMUM TEMPERATURE (F)   86       107      2000
 MINIMUM TEMPERATURE (F)   58        42      1934


SUNRISE AND SUNSET
AUGUST 23 2017........SUNRISE   654 AM CDT   SUNSET   833 PM CDT
AUGUST 24 2017........SUNRISE   655 AM CDT   SUNSET   831 PM CDT


-  INDICATES NEGATIVE NUMBERS.
R  INDICATES RECORD WAS SET OR TIED.
MM INDICATES DATA IS MISSING.
T  INDICATES TRACE AMOUNT.




$$
