000
CDUS43 KABR 292227
CLIPIR


CLIMATE REPORT
NATIONAL WEATHER SERVICE ABERDEEN SD
526 PM CDT SUN MAR 29 2015


...................................

...THE PIERRE SD CLIMATE SUMMARY FOR MARCH 29 2015...
VALID TODAY AS OF 0500 PM LOCAL TIME.

CLIMATE NORMAL PERIOD 1981 TO 2010
CLIMATE RECORD PERIOD 1892 TO 2015


WEATHER ITEM   OBSERVED TIME   RECORD YEAR NORMAL DEPARTURE LAST
                VALUE   (LST)  VALUE       VALUE  FROM      YEAR
                                                  NORMAL
..................................................................
TEMPERATURE (F)
 TODAY
  MAXIMUM         61    359 PM  80    1943  51     10       72
  MINIMUM         43    823 AM  -7    1965  28     15       20
  AVERAGE         52                        40     12       46

PRECIPITATION (IN)
  TODAY            T             1.48 1998   0.06  -0.06     0.00
                                      2002
  MONTH TO DATE    0.33                      1.12  -0.79     0.34
  SINCE MAR 1      0.33                      1.12  -0.79     0.34
  SINCE JAN 1      0.68                      2.13  -1.45     0.91

SNOWFALL (IN)
  TODAY            0.0
  MONTH TO DATE    4.8
  SINCE OCT 1     27.1
  SINCE JUL 1     27.1
  SNOW DEPTH       0

DEGREE DAYS
 HEATING
  TODAY           13                        25    -12       19
  MONTH TO DATE  728                       897   -169     1018
  SINCE MAR 1    728                       897   -169     1018
  SINCE JUL 1   6237                      6395   -158     7013

 COOLING
  TODAY            0                         0      0        0
  MONTH TO DATE    5                         0      5        0
  SINCE MAR 1      5                         0      5        0
  SINCE JAN 1      5                         0      5        0
..................................................................


WIND (MPH)
  HIGHEST GUST SPEED    61   HIGHEST GUST DIRECTION    NW (320)




..........................................................


THE PIERRE SD CLIMATE NORMALS FOR TOMORROW
                         NORMAL    RECORD    YEAR
 MAXIMUM TEMPERATURE (F)   52        86      1978
 MINIMUM TEMPERATURE (F)   28         4      1975


SUNRISE AND SUNSET
MARCH 29 2015.........SUNRISE   728 AM CDT   SUNSET   805 PM CDT
MARCH 30 2015.........SUNRISE   726 AM CDT   SUNSET   806 PM CDT


-  INDICATES NEGATIVE NUMBERS.
R  INDICATES RECORD WAS SET OR TIED.
MM INDICATES DATA IS MISSING.
T  INDICATES TRACE AMOUNT.




$$
