532
CDUS43 KABR 071004
CLIPIR


CLIMATE REPORT
NATIONAL WEATHER SERVICE ABERDEEN SD
404 AM CST WED DEC 7 2016


...................................

...THE PIERRE SD CLIMATE SUMMARY FOR DECEMBER 6 2016...

CLIMATE NORMAL PERIOD 1981 TO 2010
CLIMATE RECORD PERIOD 1892 TO 2016


WEATHER ITEM   OBSERVED TIME   RECORD YEAR NORMAL DEPARTURE LAST
                VALUE   (LST)  VALUE       VALUE  FROM      YEAR
                                                  NORMAL
..................................................................
TEMPERATURE (F)
 YESTERDAY
  MAXIMUM         16    136 AM  74    1939  34    -18       45
  MINIMUM         10   1159 PM -23    1950  14     -4       25
  AVERAGE         13                        24    -11       35

PRECIPITATION (IN)
  YESTERDAY        T             0.89 1951   0.02  -0.02     0.00
  MONTH TO DATE    0.04                      0.12  -0.08     0.07
  SINCE DEC 1      0.04                      0.12  -0.08     0.07
  SINCE JAN 1     19.35                     19.58  -0.23    21.56

SNOWFALL (IN)
  YESTERDAY        T             7.0  1951   0.1   -0.1      0.0
  MONTH TO DATE    0.5                       1.0   -0.5      0.8
  SINCE OCT 1     10.6                       7.3    3.3      5.9
  SINCE JUL 1     10.6                       7.3    3.3      5.9
  SNOW DEPTH       2

DEGREE DAYS
 HEATING
  YESTERDAY       52                        41     11       30
  MONTH TO DATE  240                       241     -1      211
  SINCE DEC 1    240                       241     -1      211
  SINCE JUL 1   1377                      1861   -484     1508

 COOLING
  YESTERDAY        0                         0      0        0
  MONTH TO DATE    0                         0      0        0
  SINCE DEC 1      0                         0      0        0
  SINCE JAN 1    961                       868     93      839
..................................................................


WIND (MPH)
  RESULTANT WIND SPEED  30   RESULTANT WIND DIRECTION  NW (300)
  HIGHEST WIND SPEED    39   HIGHEST WIND DIRECTION    NW (320)
  HIGHEST GUST SPEED    49   HIGHEST GUST DIRECTION    NW (300)
  AVERAGE WIND SPEED    30.1




RELATIVE HUMIDITY (PERCENT)
 HIGHEST    76           800 AM
 LOWEST     67          1200 AM
 AVERAGE    72

..........................................................


THE PIERRE SD CLIMATE NORMALS FOR TODAY
                         NORMAL    RECORD    YEAR
 MAXIMUM TEMPERATURE (F)   33        58      2014
                                             1965
 MINIMUM TEMPERATURE (F)   14       -14      2013


SUNRISE AND SUNSET
DECEMBER  7 2016......SUNRISE   804 AM CST   SUNSET   502 PM CST
DECEMBER  8 2016......SUNRISE   805 AM CST   SUNSET   502 PM CST


-  INDICATES NEGATIVE NUMBERS.
R  INDICATES RECORD WAS SET OR TIED.
MM INDICATES DATA IS MISSING.
T  INDICATES TRACE AMOUNT.




$$
