000
CDUS43 KABR 250911
CLIPIR


CLIMATE REPORT
NATIONAL WEATHER SERVICE ABERDEEN SD
410 AM CDT SUN SEP 25 2016


...................................

...THE PIERRE SD CLIMATE SUMMARY FOR SEPTEMBER 24 2016...

CLIMATE NORMAL PERIOD 1981 TO 2010
CLIMATE RECORD PERIOD 1892 TO 2016


WEATHER ITEM   OBSERVED TIME   RECORD YEAR NORMAL DEPARTURE LAST
                VALUE   (LST)  VALUE       VALUE  FROM      YEAR
                                                  NORMAL
..................................................................
TEMPERATURE (F)
 YESTERDAY
  MAXIMUM         77    331 PM  92    1990  72      5       72
  MINIMUM         53   1053 PM  25    2000  45      8       59
  AVERAGE         65                        59      6       66

PRECIPITATION (IN)
  YESTERDAY        T             0.85 1973   0.06  -0.06      T
  MONTH TO DATE    1.23                      1.47  -0.24     1.05
  SINCE SEP 1      1.23                      1.47  -0.24     1.05
  SINCE JAN 1     16.95                     16.65   0.30    19.20

DEGREE DAYS
 HEATING
  YESTERDAY        0                         7     -7        0
  MONTH TO DATE   55                        98    -43       49
  SINCE SEP 1     55                        98    -43       49
  SINCE JUL 1     75                       118    -43       74

 COOLING
  YESTERDAY        0                         1     -1        1
  MONTH TO DATE   80                        82     -2      105
  SINCE SEP 1     80                        82     -2      105
  SINCE JAN 1    944                       859     85      815
..................................................................


WIND (MPH)
  RESULTANT WIND SPEED   9   RESULTANT WIND DIRECTION  SW (210)
  HIGHEST WIND SPEED    29   HIGHEST WIND DIRECTION     W (290)
  HIGHEST GUST SPEED    36   HIGHEST GUST DIRECTION     W (290)
  AVERAGE WIND SPEED    14.8




RELATIVE HUMIDITY (PERCENT)
 HIGHEST    87           600 AM
 LOWEST     31           300 PM
 AVERAGE    59

..........................................................


THE PIERRE SD CLIMATE NORMALS FOR TODAY
                         NORMAL    RECORD    YEAR
 MAXIMUM TEMPERATURE (F)   72        96      1938
 MINIMUM TEMPERATURE (F)   45        29      2003


SUNRISE AND SUNSET
SEPTEMBER 25 2016.....SUNRISE   732 AM CDT   SUNSET   732 PM CDT
SEPTEMBER 26 2016.....SUNRISE   734 AM CDT   SUNSET   730 PM CDT


-  INDICATES NEGATIVE NUMBERS.
R  INDICATES RECORD WAS SET OR TIED.
MM INDICATES DATA IS MISSING.
T  INDICATES TRACE AMOUNT.




$$
