000
CDUS43 KABR 011049
CLIPIR


CLIMATE REPORT
NATIONAL WEATHER SERVICE ABERDEEN SD
448 AM CST SUN FEB 1 2015


...................................

...THE PIERRE SD CLIMATE SUMMARY FOR JANUARY 31 2015...

CLIMATE NORMAL PERIOD 1981 TO 2010
CLIMATE RECORD PERIOD 1892 TO 2015


WEATHER ITEM   OBSERVED TIME   RECORD YEAR NORMAL DEPARTURE LAST
                VALUE   (LST)  VALUE       VALUE  FROM      YEAR
                                                  NORMAL
..................................................................
TEMPERATURE (F)
 YESTERDAY
  MAXIMUM         29    118 AM  62    1992  32     -3       34
  MINIMUM         11   1159 PM -20    1996  11      0        1
  AVERAGE         20                        21     -1       18

PRECIPITATION (IN)
  YESTERDAY        0.00          0.13 2011   0.01  -0.01     0.00
  MONTH TO DATE    0.13                      0.42  -0.29     0.14
  SINCE DEC 1      0.95                      0.97  -0.02     1.62
  SINCE JAN 1      0.13                      0.42  -0.29     0.14

SNOWFALL (IN)
  YESTERDAY        0.0           2.2  2011   0.1   -0.1      0.0
  MONTH TO DATE    1.4                       4.7   -3.3      1.5
  SINCE OCT 1     20.8                      15.9    4.9     17.7
  SINCE JUL 1     20.8                      15.9    4.9     17.7
  SNOW DEPTH       0

DEGREE DAYS
 HEATING
  YESTERDAY       45                        44      1       47
  MONTH TO DATE 1272                      1395   -123     1378
  SINCE DEC 1   2545                      2740   -195     2978
  SINCE JUL 1   4267                      4360    -93     4597

 COOLING
  YESTERDAY        0                         0      0        0
  MONTH TO DATE    0                         0      0        0
  SINCE DEC 1      0                         0      0        0
  SINCE JAN 1      0                         0      0        0
..................................................................


WIND (MPH)
  RESULTANT WIND SPEED  15   RESULTANT WIND DIRECTION  NE (50)
  HIGHEST WIND SPEED    23   HIGHEST WIND DIRECTION    NE (50)
  HIGHEST GUST SPEED    28   HIGHEST GUST DIRECTION    NE (60)
  AVERAGE WIND SPEED    16.1




RELATIVE HUMIDITY (PERCENT)
 HIGHEST   100           500 AM
 LOWEST     59           800 PM
 AVERAGE    80

..........................................................


THE PIERRE SD CLIMATE NORMALS FOR TODAY
                         NORMAL    RECORD    YEAR
 MAXIMUM TEMPERATURE (F)   32        65      1934
 MINIMUM TEMPERATURE (F)   11       -27      1996


SUNRISE AND SUNSET
FEBRUARY  1 2015......SUNRISE   800 AM CST   SUNSET   550 PM CST
FEBRUARY  2 2015......SUNRISE   758 AM CST   SUNSET   552 PM CST


-  INDICATES NEGATIVE NUMBERS.
R  INDICATES RECORD WAS SET OR TIED.
MM INDICATES DATA IS MISSING.
T  INDICATES TRACE AMOUNT.




$$
