000
CDUS41 KPBZ 020805
CLIPIT


CLIMATE REPORT
NATIONAL WEATHER SERVICE PITTSBURGH PA
305 AM EST MON MAR 2 2015


...................................

...THE PITTSBURGH PA CLIMATE SUMMARY FOR MARCH 1 2015...

CLIMATE NORMAL PERIOD 1981 TO 2010
CLIMATE RECORD PERIOD 1871 TO 2015


WEATHER ITEM   OBSERVED TIME   RECORD YEAR NORMAL DEPARTURE LAST
                VALUE   (LST)  VALUE       VALUE  FROM      YEAR
                                                  NORMAL
..................................................................
TEMPERATURE (F)
 YESTERDAY
  MAXIMUM         34    512 PM  72    1972  43     -9       47
  MINIMUM         20    424 AM   3    1980  26     -6       17
  AVERAGE         27                        34     -7       32

PRECIPITATION (IN)
  YESTERDAY        0.55          1.40 1954   0.08   0.47     0.00
  MONTH TO DATE    0.55                      0.08   0.47     0.00
  SINCE JUN 1     26.10                     28.26  -2.16    28.74
  SINCE JAN 1      4.35                      5.17  -0.82     4.43

SNOWFALL (IN)
  YESTERDAY        3.7           5.9  1952   0.3    3.4      0.0
  MONTH TO DATE    3.7                       0.3    3.4      0.0
  SINCE OCT 1     40.9                      33.1    7.8     58.4
  SINCE JUL 1     40.9                      33.1    7.8     58.4
  SNOW DEPTH       6

DEGREE DAYS
 HEATING
  YESTERDAY       38                        31      7       33
  MONTH TO DATE   38                        31      7       33
  SINCE MAR 1     38                        31      7       33
  SINCE JUL 1   4706                      4288    418     4564
..................................................................


WIND (MPH)
  HIGHEST WIND SPEED    13   HIGHEST WIND DIRECTION     S (200)
  HIGHEST GUST SPEED    18   HIGHEST GUST DIRECTION     S (200)
  AVERAGE WIND SPEED     6.2


SKY COVER
  POSSIBLE SUNSHINE  MM
  AVERAGE SKY COVER 1.0


WEATHER CONDITIONS
 THE FOLLOWING WEATHER WAS RECORDED YESTERDAY.
  SNOW
  LIGHT SNOW
  FOG


RELATIVE HUMIDITY (PERCENT)
 HIGHEST   100           600 AM
 LOWEST     39          1200 AM
 AVERAGE    70

..........................................................


THE PITTSBURGH PA CLIMATE NORMALS FOR TODAY
                         NORMAL    RECORD    YEAR
 MAXIMUM TEMPERATURE (F)   44        74      1991
 MINIMUM TEMPERATURE (F)   26        -1      1980


SUNRISE AND SUNSET
MARCH  2 2015.........SUNRISE   653 AM EST   SUNSET   613 PM EST
MARCH  3 2015.........SUNRISE   652 AM EST   SUNSET   614 PM EST


-  INDICATES NEGATIVE NUMBERS.
R  INDICATES RECORD WAS SET OR TIED.
MM INDICATES DATA IS MISSING.
T  INDICATES TRACE AMOUNT.





&&
SNOW DEPTH IS MEASURED AT 7 AM EST OR 8 AM EDT.
$$
