000
CDUS41 KPBZ 052215
CLIPIT

CLIMATE REPORT
NATIONAL WEATHER SERVICE PITTSBURGH PA
513 PM EST MON DEC 5 2016

...................................

...THE PITTSBURGH PA CLIMATE SUMMARY FOR DECEMBER 5 2016...
VALID TODAY AS OF 0500 PM LOCAL TIME.

CLIMATE NORMAL PERIOD 1981 TO 2010
CLIMATE RECORD PERIOD 1871 TO 2016

WEATHER ITEM   OBSERVED TIME   RECORD YEAR NORMAL DEPARTURE LAST
                VALUE   (LST)  VALUE       VALUE  FROM      YEAR
                                                  NORMAL
..................................................................
TEMPERATURE (F)
 TODAY
  MAXIMUM         44    334 AM  73    2001  43      1       47
  MINIMUM         38    115 AM  12    1976  29      9       24
  AVERAGE         41                        36      5       36

PRECIPITATION (IN)
  TODAY            0.03          1.33 1977   0.10  -0.07     0.00
  MONTH TO DATE    0.12                      0.48  -0.36     0.38
  SINCE JUN 1     18.08                     20.72  -2.64    23.42
  SINCE JAN 1     31.70                     35.82  -4.12    37.90

SNOWFALL (IN)
  TODAY            0.0           5.9  2003   0.2   -0.2      0.0
  MONTH TO DATE    T                         1.0   -1.0       T
  SINCE OCT 1      2.1                       3.4   -1.3       T
  SINCE JUL 1      2.1                       3.4   -1.3       T
  SNOW DEPTH       0

DEGREE DAYS
 HEATING
  TODAY           24                        29     -5       29
  MONTH TO DATE  128                       143    -15      122
  SINCE DEC 1    128                       143    -15      122
  SINCE JUL 1    975                      1306   -331      976

 COOLING
  TODAY            0                         0      0        0
  MONTH TO DATE    0                         0      0        0
  SINCE DEC 1      0                         0      0        0
  SINCE JAN 1   1158                       736    422      979
..................................................................

WIND (MPH)
  HIGHEST WIND SPEED    21   HIGHEST WIND DIRECTION     W (270)
  HIGHEST GUST SPEED    28   HIGHEST GUST DIRECTION     W (260)
  AVERAGE WIND SPEED     9.5


SKY COVER
  POSSIBLE SUNSHINE  MM
  AVERAGE SKY COVER 1.0


WEATHER CONDITIONS
 THE FOLLOWING WEATHER WAS RECORDED TODAY.
  LIGHT RAIN
  FOG


RELATIVE HUMIDITY (PERCENT)
 HIGHEST   100           100 AM
 LOWEST     60           300 PM
 AVERAGE    80

..........................................................


THE PITTSBURGH PA CLIMATE NORMALS FOR TOMORROW
                         NORMAL    RECORD    YEAR
 MAXIMUM TEMPERATURE (F)   42        70      1998
 MINIMUM TEMPERATURE (F)   28         7      2007


SUNRISE AND SUNSET
DECEMBER  5 2016......SUNRISE   729 AM EST   SUNSET   454 PM EST
DECEMBER  6 2016......SUNRISE   730 AM EST   SUNSET   454 PM EST


-  INDICATES NEGATIVE NUMBERS.
R  INDICATES RECORD WAS SET OR TIED.
MM INDICATES DATA IS MISSING.
T  INDICATES TRACE AMOUNT.

&&

SNOW DEPTH IS MEASURED AT 7 AM EST OR 8 AM EDT.

$$
