000
CDUS41 KPBZ 290704
CLIPIT


CLIMATE REPORT
NATIONAL WEATHER SERVICE PITTSBURGH PA
302 AM EDT TUE JUL 29 2014


...................................

...THE PITTSBURGH PA CLIMATE SUMMARY FOR JULY 28 2014...

CLIMATE NORMAL PERIOD 1981 TO 2010
CLIMATE RECORD PERIOD 1871 TO 2014


WEATHER ITEM   OBSERVED TIME   RECORD YEAR NORMAL DEPARTURE LAST
                VALUE   (LST)  VALUE       VALUE  FROM      YEAR
                                                  NORMAL
..................................................................
TEMPERATURE (F)
 YESTERDAY
  MAXIMUM         72    114 PM  96    1993  82    -10       74
                                      1941
                                      1930
  MINIMUM         55   1159 PM  47    1962  63     -8       58
  AVERAGE         64                        73     -9       66

PRECIPITATION (IN)
  YESTERDAY        0.16          3.48 1999   0.12   0.04     0.01
  MONTH TO DATE    5.05                      3.48   1.57     6.14
  SINCE JUN 1      9.10                      7.78   1.32    11.62
  SINCE JAN 1     24.19                     22.88   1.31    23.96

SNOWFALL (IN)
  YESTERDAY        0.0           0.0  2002   0.0    0.0      0.0
                                      2001
  MONTH TO DATE    0.0                       0.0    0.0      0.0
  SINCE OCT 1     63.4                      41.4   22.0     57.4
  SINCE JUL 1      0.0                       0.0    0.0      0.0
  SNOW DEPTH       0

DEGREE DAYS
 HEATING
  YESTERDAY        1                         0      1        0
  MONTH TO DATE    4                         0      4        0
  SINCE JUN 1     13                        38    -25       16
  SINCE JUL 1      4                         0      4        0

 COOLING
  YESTERDAY        0                         8     -8        1
  MONTH TO DATE  185                       221    -36      264
  SINCE JUN 1    370                       371     -1      418
  SINCE JAN 1    444                       423     21      522
..................................................................


WIND (MPH)
  HIGHEST WIND SPEED    29   HIGHEST WIND DIRECTION    NW (320)
  HIGHEST GUST SPEED    34   HIGHEST GUST DIRECTION    NW (320)
  AVERAGE WIND SPEED    12.3


SKY COVER
  POSSIBLE SUNSHINE  MM
  AVERAGE SKY COVER 0.8


WEATHER CONDITIONS
 THE FOLLOWING WEATHER WAS RECORDED YESTERDAY.
  HEAVY RAIN
  RAIN
  LIGHT RAIN
  FOG


RELATIVE HUMIDITY (PERCENT)
 HIGHEST    93           100 AM
 LOWEST     78           600 PM
 AVERAGE    86

..........................................................


THE PITTSBURGH PA CLIMATE NORMALS FOR TODAY
                         NORMAL    RECORD    YEAR
 MAXIMUM TEMPERATURE (F)   82        96      1901
 MINIMUM TEMPERATURE (F)   63        52      1982


SUNRISE AND SUNSET
JULY 29 2014..........SUNRISE   615 AM EDT   SUNSET   839 PM EDT
JULY 30 2014..........SUNRISE   616 AM EDT   SUNSET   838 PM EDT


-  INDICATES NEGATIVE NUMBERS.
R  INDICATES RECORD WAS SET OR TIED.
MM INDICATES DATA IS MISSING.
T  INDICATES TRACE AMOUNT.





&&
SNOW DEPTH IS MEASURED AT 7 AM EST OR 8 AM EDT.
$$
