000
CDUS41 KPBZ 290803
CLIPIT


CLIMATE REPORT
NATIONAL WEATHER SERVICE PITTSBURGH PA
303 AM EST THU JAN 29 2015


...................................

...THE PITTSBURGH PA CLIMATE SUMMARY FOR JANUARY 28 2015...

CLIMATE NORMAL PERIOD 1981 TO 2010
CLIMATE RECORD PERIOD 1871 TO 2015


WEATHER ITEM   OBSERVED TIME   RECORD YEAR NORMAL DEPARTURE LAST
                VALUE   (LST)  VALUE       VALUE  FROM      YEAR
                                                  NORMAL
..................................................................
TEMPERATURE (F)
 YESTERDAY
  MAXIMUM         24    459 PM  70    1876  36    -12        7
  MINIMUM         10    816 AM -10    1977  21    -11       -8
  AVERAGE         17                        29    -12        0

PRECIPITATION (IN)
  YESTERDAY        T             0.81 1943   0.08  -0.08     0.00
  MONTH TO DATE    1.95                      2.44  -0.49     2.18
  SINCE JUN 1     23.70                     25.53  -1.83    26.49
  SINCE JAN 1      1.95                      2.44  -0.49     2.18

SNOWFALL (IN)
  YESTERDAY        T             4.8  1943   0.4   -0.4      0.0
  MONTH TO DATE   16.1                      10.3    5.8     17.9
  SINCE OCT 1     19.4                      21.0   -1.6     42.3
  SINCE JUL 1     19.4                      21.0   -1.6     42.3
  SNOW DEPTH       6

DEGREE DAYS
 HEATING
  YESTERDAY       48                        36     12       65
  MONTH TO DATE 1091                      1029     62     1184
  SINCE DEC 1   2000                      2041    -41     2133
  SINCE JUL 1   3238                      3204     34     3301

 COOLING
  YESTERDAY        0                         0      0        0
  MONTH TO DATE    0                         0      0        0
  SINCE DEC 1      0                         0      0        0
  SINCE JAN 1      0                         0      0        0
..................................................................


WIND (MPH)
  HIGHEST WIND SPEED    10   HIGHEST WIND DIRECTION    NW (300)
  HIGHEST GUST SPEED    14   HIGHEST GUST DIRECTION     W (270)
  AVERAGE WIND SPEED     5.1


SKY COVER
  POSSIBLE SUNSHINE  MM
  AVERAGE SKY COVER 0.7


WEATHER CONDITIONS
 THE FOLLOWING WEATHER WAS RECORDED YESTERDAY.
  LIGHT SNOW
  FOG


RELATIVE HUMIDITY (PERCENT)
 HIGHEST    92           400 AM
 LOWEST     50           300 PM
 AVERAGE    71

..........................................................


THE PITTSBURGH PA CLIMATE NORMALS FOR TODAY
                         NORMAL    RECORD    YEAR
 MAXIMUM TEMPERATURE (F)   36        72      1914
 MINIMUM TEMPERATURE (F)   21       -11      1977


SUNRISE AND SUNSET
JANUARY 29 2015.......SUNRISE   733 AM EST   SUNSET   535 PM EST
JANUARY 30 2015.......SUNRISE   732 AM EST   SUNSET   536 PM EST


-  INDICATES NEGATIVE NUMBERS.
R  INDICATES RECORD WAS SET OR TIED.
MM INDICATES DATA IS MISSING.
T  INDICATES TRACE AMOUNT.





&&
SNOW DEPTH IS MEASURED AT 7 AM EST OR 8 AM EDT.
$$
