000
CDUS41 KPBZ 302112
CLIPIT

CLIMATE REPORT
NATIONAL WEATHER SERVICE PITTSBURGH PA
512 PM EDT FRI SEP 30 2016

...................................

...THE PITTSBURGH PA CLIMATE SUMMARY FOR SEPTEMBER 30 2016...
VALID TODAY AS OF 0500 PM LOCAL TIME.

CLIMATE NORMAL PERIOD 1981 TO 2010
CLIMATE RECORD PERIOD 1871 TO 2016

WEATHER ITEM   OBSERVED TIME   RECORD YEAR NORMAL DEPARTURE LAST
                VALUE   (LST)  VALUE       VALUE  FROM      YEAR
                                                  NORMAL
..................................................................
TEMPERATURE (F)
 TODAY
  MAXIMUM         66   1216 PM  92    1881  68     -2       64
  MINIMUM         57    742 AM  36    1993  48      9       56
                                      1947
                                      1935
  AVERAGE         62                        58      4       60

PRECIPITATION (IN)
  TODAY            0.33          1.18 1959   0.09   0.24     0.07
  MONTH TO DATE    2.91                      3.11  -0.20     5.08
  SINCE JUN 1     12.42                     14.72  -2.30    18.32
  SINCE JAN 1     26.04                     29.82  -3.78    32.80

SNOWFALL (IN)
  TODAY            0.0           T    1893   0.0    0.0      0.0
  MONTH TO DATE    0.0                       0.0    0.0      0.0
  SINCE OCT 1     29.6                      41.9  -12.3     47.5
  SINCE JUL 1      0.0                       0.0    0.0      0.0
  SNOW DEPTH       0

DEGREE DAYS
 HEATING
  TODAY            3                         8     -5        5
  MONTH TO DATE   14                       102    -88       25
  SINCE SEP 1     14                       101    -87       25
  SINCE JUL 1     15                       114    -99       31

 COOLING
  TODAY            0                         1     -1        0
  MONTH TO DATE  156                        76     80      173
  SINCE SEP 1    156                        76     80      173
  SINCE JAN 1   1131                       728    403      976
..................................................................

WIND (MPH)
  HIGHEST WIND SPEED    21   HIGHEST WIND DIRECTION     E (100)
  HIGHEST GUST SPEED    27   HIGHEST GUST DIRECTION     E (100)
  AVERAGE WIND SPEED    11.4


SKY COVER
  POSSIBLE SUNSHINE  MM
  AVERAGE SKY COVER 1.0


WEATHER CONDITIONS
 THE FOLLOWING WEATHER WAS RECORDED TODAY.
  RAIN
  LIGHT RAIN
  FOG


RELATIVE HUMIDITY (PERCENT)
 HIGHEST   100          1200 AM
 LOWEST     78          1200 PM
 AVERAGE    89

..........................................................


THE PITTSBURGH PA CLIMATE NORMALS FOR TOMORROW
                         NORMAL    RECORD    YEAR
 MAXIMUM TEMPERATURE (F)   68        89      1881
 MINIMUM TEMPERATURE (F)   48        30      1899


SUNRISE AND SUNSET
SEPTEMBER 30 2016.....SUNRISE   717 AM EDT   SUNSET   704 PM EDT
OCTOBER  1 2016.......SUNRISE   718 AM EDT   SUNSET   702 PM EDT


-  INDICATES NEGATIVE NUMBERS.
R  INDICATES RECORD WAS SET OR TIED.
MM INDICATES DATA IS MISSING.
T  INDICATES TRACE AMOUNT.

&&

SNOW DEPTH IS MEASURED AT 7 AM EST OR 8 AM EDT.

$$
