000
CDUS41 KRLX 240722
CLIPKB


CLIMATE REPORT
NATIONAL WEATHER SERVICE CHARLESTON WV
321 AM EDT THU APR 24 2014


...................................

...THE PARKERSBURG WV CLIMATE SUMMARY FOR APRIL 23 2014...

CLIMATE NORMAL PERIOD 1981 TO 2010
CLIMATE RECORD PERIOD 1889 TO 2014


WEATHER ITEM   OBSERVED TIME   RECORD YEAR NORMAL DEPARTURE LAST
                VALUE   (LST)  VALUE       VALUE  FROM      YEAR
                                                  NORMAL
..................................................................
TEMPERATURE (F)
 YESTERDAY
  MAXIMUM         58    505 PM  91    1985  69    -11       73
  MINIMUM         41    618 AM  27    1982  44     -3       37
  AVERAGE         50                        56     -6       55

PRECIPITATION (IN)
  YESTERDAY        0.00          1.04 2011   0.11  -0.11     0.00
  MONTH TO DATE    2.04                      2.49  -0.45     1.05
  SINCE JAN 1      7.45                     11.87  -4.42     9.26

SNOWFALL (IN)
  YESTERDAY       MM
  MONTH TO DATE   MM
  SINCE SEP 1     MM
  SINCE JUL 1     MM
  SNOW DEPTH      MM

DEGREE DAYS
 HEATING
  YESTERDAY       15                         9      6       10
  MONTH TO DATE  222                       287    -65      258
  SINCE MAR 1    807                       958   -151     1070
  SINCE JUL 1   4570                      4748   -178     4806

 COOLING
  YESTERDAY        0                         1     -1        0
  MONTH TO DATE    5                        13     -8       29
  SINCE MAR 1      5                        16    -11       29
  SINCE JAN 1      5                        16    -11       29
..................................................................


WIND (MPH)
  HIGHEST WIND SPEED    15   HIGHEST WIND DIRECTION    NW (320)
  HIGHEST GUST SPEED    21   HIGHEST GUST DIRECTION     N (340)
  AVERAGE WIND SPEED     8.0


SKY COVER
  POSSIBLE SUNSHINE  MM
  AVERAGE SKY COVER 0.3


WEATHER CONDITIONS
 THE FOLLOWING WEATHER WAS RECORDED YESTERDAY.
  HAZE


RELATIVE HUMIDITY (PERCENT)
 HIGHEST    65           600 AM
 LOWEST     36           500 PM
 AVERAGE    51

..........................................................


THE PARKERSBURG WV CLIMATE NORMALS FOR TODAY
                         NORMAL    RECORD    YEAR
 MAXIMUM TEMPERATURE (F)   69        93      1925
 MINIMUM TEMPERATURE (F)   45        28      1986


SUNRISE AND SUNSET
APRIL 24 2014.........SUNRISE   636 AM EDT   SUNSET   812 PM EDT
APRIL 25 2014.........SUNRISE   635 AM EDT   SUNSET   813 PM EDT


-  INDICATES NEGATIVE NUMBERS.
R  INDICATES RECORD WAS SET OR TIED.
MM INDICATES DATA IS MISSING.
T  INDICATES TRACE AMOUNT.




$$
