000
CDUS41 KRLX 142218
CLIPKB


CLIMATE REPORT
NATIONAL WEATHER SERVICE CHARLESTON WV
518 PM EST THU DEC 14 2017


...................................

...THE PARKERSBURG WV CLIMATE SUMMARY FOR DECEMBER 14 2017...
VALID TODAY AS OF 0500 PM LOCAL TIME.

CLIMATE NORMAL PERIOD 1981 TO 2010
CLIMATE RECORD PERIOD 1889 TO 2017


WEATHER ITEM   OBSERVED TIME   RECORD YEAR NORMAL DEPARTURE LAST
                VALUE   (LST)  VALUE       VALUE  FROM      YEAR
                                                  NORMAL
..................................................................
TEMPERATURE (F)
 TODAY
  MAXIMUM         41   1231 AM  69    2015  43     -2       32
  MINIMUM         28    359 PM   6    2010  27      1       22
  AVERAGE         35                        35      0       27

PRECIPITATION (IN)
  TODAY            T             1.08 1956   0.11  -0.11     0.00
  MONTH TO DATE    0.59                      1.48  -0.89     1.59
  SINCE DEC 1      0.59                      1.48  -0.89     1.59
  SINCE JAN 1     49.39                     39.57   9.82    33.70

DEGREE DAYS
 HEATING
  TODAY           30                        30      0       38
  MONTH TO DATE  410                       389     21      416
  SINCE DEC 1    410                       389     21      416
  SINCE JUL 1   1310                      1374    -64     1170

 COOLING
  TODAY            0                         0      0        0
  MONTH TO DATE    0                         0      0        0
  SINCE DEC 1      0                         0      0        0
  SINCE JAN 1    975                       955     20     1352
..................................................................


WIND (MPH)
  HIGHEST WIND SPEED    26   HIGHEST WIND DIRECTION     W (280)
  HIGHEST GUST SPEED    42   HIGHEST GUST DIRECTION     W (290)
  AVERAGE WIND SPEED     9.5


SKY COVER
  POSSIBLE SUNSHINE  MM
  AVERAGE SKY COVER 1.0


WEATHER CONDITIONS
 THE FOLLOWING WEATHER WAS RECORDED TODAY.
  LIGHT RAIN
  LIGHT SNOW
  HAZE


RELATIVE HUMIDITY (PERCENT)
 HIGHEST    75           300 AM
 LOWEST     37          1200 AM
 AVERAGE    56

..........................................................


THE PARKERSBURG WV CLIMATE NORMALS FOR TOMORROW
                         NORMAL    RECORD    YEAR
 MAXIMUM TEMPERATURE (F)   43        74      1971
 MINIMUM TEMPERATURE (F)   27         5      1989
                                             1958
                                             1951


SUNRISE AND SUNSET
DECEMBER 14 2017......SUNRISE   738 AM EST   SUNSET   503 PM EST
DECEMBER 15 2017......SUNRISE   739 AM EST   SUNSET   503 PM EST


-  INDICATES NEGATIVE NUMBERS.
R  INDICATES RECORD WAS SET OR TIED.
MM INDICATES DATA IS MISSING.
T  INDICATES TRACE AMOUNT.




$$
