000
CDUS41 KRLX 270745
CLIPKB


CLIMATE REPORT
NATIONAL WEATHER SERVICE CHARLESTON WV
342 AM EDT SAT MAY 27 2017


...................................

...THE PARKERSBURG WV CLIMATE SUMMARY FOR MAY 26 2017...

CLIMATE NORMAL PERIOD 1981 TO 2010
CLIMATE RECORD PERIOD 1889 TO 2017


WEATHER ITEM   OBSERVED TIME   RECORD YEAR NORMAL DEPARTURE LAST
                VALUE   (LST)  VALUE       VALUE  FROM      YEAR
                                                  NORMAL
..................................................................
TEMPERATURE (F)
 YESTERDAY
  MAXIMUM         77    354 PM  92    1939  76      1       80
  MINIMUM         58   1149 PM  35    1988  54      4       61
  AVERAGE         68                        65      3       71

PRECIPITATION (IN)
  YESTERDAY        0.00          2.53 1990   0.14  -0.14     0.02
  MONTH TO DATE    2.29                      3.56  -1.27     3.71
  SINCE JAN 1     20.29                     16.21   4.08    16.43

SNOWFALL (IN)
  YESTERDAY       MM
  MONTH TO DATE   MM
  SINCE SEP 1     MM
  SNOW DEPTH      MM

DEGREE DAYS
 HEATING
  YESTERDAY        0                         3     -3        0
  MONTH TO DATE  125                       134     -9      159
  SINCE MAR 1    944                      1150   -206      928
  SINCE JUL 1   3975                      4940   -965     4141

 COOLING
  YESTERDAY        3                         3      0        6
  MONTH TO DATE   52                        46      6       22
  SINCE MAR 1     91                        67     24       42
  SINCE JAN 1     95                        67     28       42
..................................................................


WIND (MPH)
  HIGHEST WIND SPEED    20   HIGHEST WIND DIRECTION     W (280)
  HIGHEST GUST SPEED    26   HIGHEST GUST DIRECTION     W (280)
  AVERAGE WIND SPEED     8.2


SKY COVER
  POSSIBLE SUNSHINE  MM
  AVERAGE SKY COVER 0.5


WEATHER CONDITIONS
 THE FOLLOWING WEATHER WAS RECORDED YESTERDAY.
  RAIN
  FOG


RELATIVE HUMIDITY (PERCENT)
 HIGHEST    93           600 AM
 LOWEST     47           400 PM
 AVERAGE    70

..........................................................


THE PARKERSBURG WV CLIMATE NORMALS FOR TODAY
                         NORMAL    RECORD    YEAR
 MAXIMUM TEMPERATURE (F)   77        91      2012
 MINIMUM TEMPERATURE (F)   54        38      1983
                                             1961
                                             1949


SUNRISE AND SUNSET
MAY 27 2017...........SUNRISE   603 AM EDT   SUNSET   843 PM EDT
MAY 28 2017...........SUNRISE   603 AM EDT   SUNSET   844 PM EDT


-  INDICATES NEGATIVE NUMBERS.
R  INDICATES RECORD WAS SET OR TIED.
MM INDICATES DATA IS MISSING.
T  INDICATES TRACE AMOUNT.




$$
