000
CDUS46 KLOX 190112
CLIPMD


CLIMATE REPORT
NATIONAL WEATHER SERVICE LOS ANGELES/OXNARD CA
612 PM PDT FRI APR 18 2014


...................................

...THE PALMDALE AIRPORT CA CLIMATE SUMMARY FOR APRIL 18 2014...
VALID TODAY AS OF 0600 PM LOCAL TIME.

CLIMATE NORMAL PERIOD 1981 TO 2010
CLIMATE RECORD PERIOD 1931 TO 2014


WEATHER ITEM   OBSERVED TIME   RECORD YEAR NORMAL DEPARTURE LAST
                VALUE   (LST)  VALUE       VALUE  FROM      YEAR
                                                  NORMAL
..................................................................
TEMPERATURE (F)
 TODAY
  MAXIMUM         78    131 PM  95    1994  73      5       69
  MINIMUM         55    600 AM  28    1968  44     11       37
  AVERAGE         67                        58      9       53

PRECIPITATION (IN)
  TODAY            0.00          0.31 1983   0.01  -0.01     0.00
  MONTH TO DATE    0.11                      0.30  -0.19     0.00
  SINCE JUL 1      4.14                      7.79  -3.65     1.00
  SINCE JAN 1      2.07                      4.81  -2.74     0.71

SNOWFALL (IN)
  TODAY            0.0           T    1972  MM               0.0
  MONTH TO DATE    0.0                      MM               0.0
  SINCE MAR 1      0.0                      MM               0.0
  SINCE JUL 1      0.0                      MM               0.0
  SNOW DEPTH       0

DEGREE DAYS
 HEATING
  TODAY            0                         7     -7       12
  MONTH TO DATE   86                       162    -76       98
  SINCE MAR 1    349                       538   -189      304
  SINCE JUL 1   2247                      2783   -536     2508

 COOLING
  TODAY            2                         1      1        0
  MONTH TO DATE   32                         3     29        9
  SINCE MAR 1     32                         5     27       16
  SINCE JAN 1     33                         5     28       16
..................................................................


WIND (MPH)
  HIGHEST WIND SPEED    24   HIGHEST WIND DIRECTION    SW (240)
  HIGHEST GUST SPEED    30   HIGHEST GUST DIRECTION    SW (240)
  AVERAGE WIND SPEED    12.7


SKY COVER
  POSSIBLE SUNSHINE  MM
  AVERAGE SKY COVER 0.0


WEATHER CONDITIONS
 THE FOLLOWING WEATHER WAS RECORDED TODAY.
  NO SIGNIFICANT WEATHER WAS OBSERVED.


RELATIVE HUMIDITY (PERCENT)
 HIGHEST    66           400 AM
 LOWEST     21          1200 PM
 AVERAGE    44

..........................................................


THE PALMDALE AIRPORT CA CLIMATE NORMALS FOR TOMORROW
                         NORMAL    RECORD    YEAR
 MAXIMUM TEMPERATURE (F)   73        92      1994
 MINIMUM TEMPERATURE (F)   44        27      1955


SUNRISE AND SUNSET
APRIL 18 2014.........SUNRISE   617 AM PDT   SUNSET   727 PM PDT
APRIL 19 2014.........SUNRISE   616 AM PDT   SUNSET   728 PM PDT


-  INDICATES NEGATIVE NUMBERS.
R  INDICATES RECORD WAS SET OR TIED.
MM INDICATES DATA IS MISSING.
T  INDICATES TRACE AMOUNT.




$$
