000
CDUS46 KLOX 040900
CLIPMD


CLIMATE REPORT
NATIONAL WEATHER SERVICE LOS ANGELES/OXNARD CA
200 AM PDT SAT JUL 4 2015


...................................

...THE PALMDALE AIRPORT CA CLIMATE SUMMARY FOR JULY 3 2015...

CLIMATE NORMAL PERIOD 1981 TO 2010
CLIMATE RECORD PERIOD 1931 TO 2015


WEATHER ITEM   OBSERVED TIME   RECORD YEAR NORMAL DEPARTURE LAST
                VALUE   (LST)  VALUE       VALUE  FROM      YEAR
                                                  NORMAL
..................................................................
TEMPERATURE (F)
 YESTERDAY
  MAXIMUM         99    322 PM 111    1991  95      4      101
  MINIMUM         72    451 AM  49    1978  63      9       71
  AVERAGE         86                        79      7       86

PRECIPITATION (IN)
  YESTERDAY        0.00          0.01 2001   0.01  -0.01     0.00
  MONTH TO DATE    0.03                      0.01   0.02     0.00
  SINCE OCT 1      4.28                      7.78  -3.50     4.99
  SINCE JAN 1      1.71                      5.33  -3.62     3.05

SNOWFALL (IN)
  YESTERDAY        0.0           0.0  1973  MM               0.0
  MONTH TO DATE    0.0                      MM               0.0
  SINCE JUN 1      0.0                      MM               0.0
  SINCE JUL 1      0.0                      MM               0.0
  SNOW DEPTH       0

DEGREE DAYS
 HEATING
  YESTERDAY        0                         0      0        0
  MONTH TO DATE    0                         0      0        0
  SINCE JUN 1      0                         7     -7        0
  SINCE JUL 1      0                         0      0        0

 COOLING
  YESTERDAY       21                        14      7       21
  MONTH TO DATE   58                        42     16       66
  SINCE JUN 1    506                       348    158      470
  SINCE JAN 1    631                       518    113      689
..................................................................


WIND (MPH)
  HIGHEST WIND SPEED    22   HIGHEST WIND DIRECTION     W (270)
  HIGHEST GUST SPEED    26   HIGHEST GUST DIRECTION     W (260)
  AVERAGE WIND SPEED    12.1


SKY COVER
  POSSIBLE SUNSHINE  MM
  AVERAGE SKY COVER 0.0


WEATHER CONDITIONS
 THE FOLLOWING WEATHER WAS RECORDED YESTERDAY.
  NO SIGNIFICANT WEATHER WAS OBSERVED.


RELATIVE HUMIDITY (PERCENT)
 HIGHEST    46           500 AM
 LOWEST     12           100 PM
 AVERAGE    29

..........................................................


THE PALMDALE AIRPORT CA CLIMATE NORMALS FOR TODAY
                         NORMAL    RECORD    YEAR
 MAXIMUM TEMPERATURE (F)   96       110      2007
                                             1991
 MINIMUM TEMPERATURE (F)   63        44      1979


SUNRISE AND SUNSET
JULY  4 2015..........SUNRISE   544 AM PDT   SUNSET   809 PM PDT
JULY  5 2015..........SUNRISE   545 AM PDT   SUNSET   809 PM PDT


-  INDICATES NEGATIVE NUMBERS.
R  INDICATES RECORD WAS SET OR TIED.
MM INDICATES DATA IS MISSING.
T  INDICATES TRACE AMOUNT.




$$
