000
CDUS46 KLOX 190908
CLIPMD


CLIMATE REPORT
NATIONAL WEATHER SERVICE LOS ANGELES/OXNARD CA
108 AM PST FRI DEC 19 2014


...................................

...THE PALMDALE AIRPORT CA CLIMATE SUMMARY FOR DECEMBER 18 2014...

CLIMATE NORMAL PERIOD 1981 TO 2010
CLIMATE RECORD PERIOD 1931 TO 2014


WEATHER ITEM   OBSERVED TIME   RECORD YEAR NORMAL DEPARTURE LAST
                VALUE   (LST)  VALUE       VALUE  FROM      YEAR
                                                  NORMAL
..................................................................
TEMPERATURE (F)
 YESTERDAY
  MAXIMUM         54    324 PM  73    1999  58     -4       62
  MINIMUM         35    707 AM  14    1935  30      5       44
  AVERAGE         45                        44      1       53

PRECIPITATION (IN)
  YESTERDAY        0.00          1.04 1984   0.04  -0.04     0.00
  MONTH TO DATE    2.57                      0.41   2.16      T
  SINCE JUL 1      2.73                      2.24   0.49     2.07
  SINCE JAN 1      5.78                      7.56  -1.78     2.93

SNOWFALL (IN)
  YESTERDAY        0.0           0.0  1973  MM               0.0
  MONTH TO DATE    0.0                      MM               0.0
  SINCE DEC 1      0.0                      MM               0.0
  SINCE JUL 1      0.0                      MM               0.0
  SNOW DEPTH       0

DEGREE DAYS
 HEATING
  YESTERDAY       20                        21     -1       12
  MONTH TO DATE  280                       364    -84      386
  SINCE DEC 1    280                       364    -84      386
  SINCE JUL 1    594                       891   -297      899

 COOLING
  YESTERDAY        0                         0      0        0
  MONTH TO DATE    0                         0      0        0
  SINCE DEC 1      0                         0      0        0
  SINCE JAN 1   2223                      1815    408     2126
..................................................................


WIND (MPH)
  HIGHEST WIND SPEED    MM   HIGHEST WIND DIRECTION    MM
  HIGHEST GUST SPEED    MM   HIGHEST GUST DIRECTION    MM
  AVERAGE WIND SPEED     3.0


SKY COVER
  POSSIBLE SUNSHINE  MM
  AVERAGE SKY COVER 0.2


WEATHER CONDITIONS
 THE FOLLOWING WEATHER WAS RECORDED YESTERDAY.
  NO SIGNIFICANT WEATHER WAS OBSERVED.


RELATIVE HUMIDITY (PERCENT)
 HIGHEST    92           100 AM
 LOWEST     45           400 PM
 AVERAGE    69

..........................................................


THE PALMDALE AIRPORT CA CLIMATE NORMALS FOR TODAY
                         NORMAL    RECORD    YEAR
 MAXIMUM TEMPERATURE (F)   58        75      1950
 MINIMUM TEMPERATURE (F)   30        18      2006


SUNRISE AND SUNSET
DECEMBER 19 2014......SUNRISE   654 AM PST   SUNSET   445 PM PST
DECEMBER 20 2014......SUNRISE   655 AM PST   SUNSET   445 PM PST


-  INDICATES NEGATIVE NUMBERS.
R  INDICATES RECORD WAS SET OR TIED.
MM INDICATES DATA IS MISSING.
T  INDICATES TRACE AMOUNT.




$$
