000
CDUS44 KMOB 292249
CLIPNS


CLIMATE REPORT
NATIONAL WEATHER SERVICE MOBILE AL
547 PM CDT TUE JUL 29 2014


...................................

...THE PENSACOLA CLIMATE SUMMARY FOR JULY 29 2014...
VALID TODAY AS OF 0500 PM LOCAL TIME.

CLIMATE NORMAL PERIOD 1981 TO 2010
CLIMATE RECORD PERIOD 1879 TO 2014


WEATHER ITEM   OBSERVED TIME   RECORD YEAR NORMAL DEPARTURE LAST
                VALUE   (LST)  VALUE       VALUE  FROM      YEAR
                                                  NORMAL
..................................................................
TEMPERATURE (F)
 TODAY
  MAXIMUM         88    407 PM 100    1986  90     -2       89
  MINIMUM         72    625 AM  66    1994  74     -2       76
  AVERAGE         80                        82     -2       83

PRECIPITATION (IN)
  TODAY            0.00          4.25 1946   0.24  -0.24     0.00
  MONTH TO DATE    7.64                      6.91   0.73    15.91
  SINCE MAR 1     56.05                     27.82  28.23    32.03
  SINCE JAN 1     67.38                     37.51  29.87    46.30

DEGREE DAYS
 COOLING
  TODAY           15                        17     -2       18
  MONTH TO DATE  473                       493    -20      462
  SINCE JUN 1    952                       958     -6      976
  SINCE JAN 1   1403                      1406     -3     1418
..................................................................


WIND (MPH)
  HIGHEST WIND SPEED    15   HIGHEST WIND DIRECTION    NW (330)
  HIGHEST GUST SPEED    18   HIGHEST GUST DIRECTION    NW (320)
  AVERAGE WIND SPEED     8.2


SKY COVER
  POSSIBLE SUNSHINE  MM
  AVERAGE SKY COVER 0.2


WEATHER CONDITIONS
 THE FOLLOWING WEATHER WAS RECORDED TODAY.
  NO SIGNIFICANT WEATHER WAS OBSERVED.


RELATIVE HUMIDITY (PERCENT)
 HIGHEST    94          1200 AM
 LOWEST     40           400 PM
 AVERAGE    67

..........................................................


THE PENSACOLA CLIMATE NORMALS FOR TOMORROW
                         NORMAL    RECORD    YEAR
 MAXIMUM TEMPERATURE (F)   90       102      1986
 MINIMUM TEMPERATURE (F)   74        67      1994


SUNRISE AND SUNSET
JULY 29 2014..........SUNRISE   605 AM CDT   SUNSET   745 PM CDT
JULY 30 2014..........SUNRISE   606 AM CDT   SUNSET   744 PM CDT


-  INDICATES NEGATIVE NUMBERS.
R  INDICATES RECORD WAS SET OR TIED.
MM INDICATES DATA IS MISSING.
T  INDICATES TRACE AMOUNT.




$$
