000
CDUS44 KMOB 010633
CLIPNS


CLIMATE REPORT
NATIONAL WEATHER SERVICE MOBILE AL
132 AM CDT MON SEP 1 2014


...................................

...THE PENSACOLA CLIMATE SUMMARY FOR AUGUST 31 2014...

CLIMATE NORMAL PERIOD 1981 TO 2010
CLIMATE RECORD PERIOD 1879 TO 2014


WEATHER ITEM   OBSERVED TIME   RECORD YEAR NORMAL DEPARTURE LAST
                VALUE   (LST)  VALUE       VALUE  FROM      YEAR
                                                  NORMAL
..................................................................
TEMPERATURE (F)
 YESTERDAY
  MAXIMUM         90    124 PM 101    1954  89      1       91
  MINIMUM         78   1154 PM  64    1986  74      4       76
                                      1946
  AVERAGE         84                        81      3       84

PRECIPITATION (IN)
  YESTERDAY        0.00          2.93 1892   0.19  -0.19     0.04
  MONTH TO DATE    1.37                      6.76  -5.39    10.01
  SINCE MAR 1     57.42                     35.08  22.34    42.18
  SINCE JAN 1     68.75                     44.77  23.98    56.45

DEGREE DAYS
 COOLING
  YESTERDAY       19                        16      3       19
  MONTH TO DATE  532                       521     11      525
  SINCE JUN 1   1505                      1519    -14     1540
  SINCE JAN 1   1956                      1967    -11     1982
..................................................................


WIND (MPH)
  HIGHEST WIND SPEED    16   HIGHEST WIND DIRECTION    SE (140)
  HIGHEST GUST SPEED    21   HIGHEST GUST DIRECTION    SE (140)
  AVERAGE WIND SPEED     6.6


SKY COVER
  POSSIBLE SUNSHINE  MM
  AVERAGE SKY COVER 0.3


WEATHER CONDITIONS
 THE FOLLOWING WEATHER WAS RECORDED YESTERDAY.
  NO SIGNIFICANT WEATHER WAS OBSERVED.


RELATIVE HUMIDITY (PERCENT)
 HIGHEST    97           400 AM
 LOWEST     59          1200 PM
 AVERAGE    78

..........................................................


THE PENSACOLA CLIMATE NORMALS FOR TODAY
                         NORMAL    RECORD    YEAR
 MAXIMUM TEMPERATURE (F)   89        98      1907
 MINIMUM TEMPERATURE (F)   74        64      1946


SUNRISE AND SUNSET
SEPTEMBER  1 2014.....SUNRISE   625 AM CDT   SUNSET   712 PM CDT
SEPTEMBER  2 2014.....SUNRISE   626 AM CDT   SUNSET   710 PM CDT


-  INDICATES NEGATIVE NUMBERS.
R  INDICATES RECORD WAS SET OR TIED.
MM INDICATES DATA IS MISSING.
T  INDICATES TRACE AMOUNT.




$$
