000
CDUS44 KMOB 250645
CLIPNS


CLIMATE REPORT
NATIONAL WEATHER SERVICE MOBILE AL
145 AM CDT TUE APR 25 2017


...................................

...THE PENSACOLA CLIMATE SUMMARY FOR APRIL 24 2017...

CLIMATE NORMAL PERIOD 1981 TO 2010
CLIMATE RECORD PERIOD 1879 TO 2017


WEATHER ITEM   OBSERVED TIME   RECORD YEAR NORMAL DEPARTURE LAST
                VALUE   (LST)  VALUE       VALUE  FROM      YEAR
                                                  NORMAL
..................................................................
TEMPERATURE (F)
 YESTERDAY
  MAXIMUM         71    416 PM  89    1992  78     -7       82
                                      1991
                                      1962
  MINIMUM         57    550 AM  45    2012  60     -3       58
                                      1884
  AVERAGE         64                        69     -5       70

PRECIPITATION (IN)
  YESTERDAY        0.00         10.58 1937   0.13  -0.13     0.00
  MONTH TO DATE    3.28                      3.53  -0.25     5.94
  SINCE MAR 1      5.64                      9.34  -3.70    13.59
  SINCE JAN 1     20.99                     19.03   1.96    22.24

DEGREE DAYS
 HEATING
  YESTERDAY        1                         1      0        0
  MONTH TO DATE    9                        48    -39       11
  SINCE MAR 1    101                       224   -123       83
  SINCE JUL 1    634                      1532   -898      965

 COOLING
  YESTERDAY        0                         5     -5        5
  MONTH TO DATE  140                        70     70       77
  SINCE MAR 1    268                       103    165      163
  SINCE JAN 1    378                       117    261      181
..................................................................


WIND (MPH)
  HIGHEST WIND SPEED    20   HIGHEST WIND DIRECTION    NW (330)
  HIGHEST GUST SPEED    28   HIGHEST GUST DIRECTION    NW (320)
  AVERAGE WIND SPEED     9.7


SKY COVER
  POSSIBLE SUNSHINE  MM
  AVERAGE SKY COVER 0.6


WEATHER CONDITIONS
 THE FOLLOWING WEATHER WAS RECORDED YESTERDAY.
  NO SIGNIFICANT WEATHER WAS OBSERVED.


RELATIVE HUMIDITY (PERCENT)
 HIGHEST    80          1100 PM
 LOWEST     51           500 PM
 AVERAGE    66

..........................................................


THE PENSACOLA CLIMATE NORMALS FOR TODAY
                         NORMAL    RECORD    YEAR
 MAXIMUM TEMPERATURE (F)   78        87      1999
 MINIMUM TEMPERATURE (F)   60        40      1910


SUNRISE AND SUNSET
APRIL 25 2017.........SUNRISE   611 AM CDT   SUNSET   723 PM CDT
APRIL 26 2017.........SUNRISE   610 AM CDT   SUNSET   724 PM CDT


-  INDICATES NEGATIVE NUMBERS.
R  INDICATES RECORD WAS SET OR TIED.
MM INDICATES DATA IS MISSING.
T  INDICATES TRACE AMOUNT.




$$
