000
CDUS44 KMOB 030636
CLIPNS


CLIMATE REPORT
NATIONAL WEATHER SERVICE MOBILE AL
126 AM CDT WED JUN 3 2015


...................................

...THE PENSACOLA CLIMATE SUMMARY FOR JUNE 2 2015...

CLIMATE NORMAL PERIOD 1981 TO 2010
CLIMATE RECORD PERIOD 1879 TO 2015


WEATHER ITEM   OBSERVED TIME   RECORD YEAR NORMAL DEPARTURE LAST
                VALUE   (LST)  VALUE       VALUE  FROM      YEAR
                                                  NORMAL
..................................................................
TEMPERATURE (F)
 YESTERDAY
  MAXIMUM         84    217 PM  97    1953  87     -3       84
  MINIMUM         69    520 AM  56    1984  70     -1       72
  AVERAGE         77                        78     -1       78

PRECIPITATION (IN)
  YESTERDAY        T             1.93 1967   0.17  -0.17     0.12
  MONTH TO DATE    1.01                      0.35   0.66     0.13
  SINCE MAR 1     18.50                     14.66   3.84    45.28
  SINCE JAN 1     28.91                     24.35   4.56    56.61

DEGREE DAYS
 COOLING
  YESTERDAY       12                        14     -2       13
  MONTH TO DATE   22                        27     -5       27
  SINCE JUN 1     22                        27     -5       27
  SINCE JAN 1    675                       475    200      478
..................................................................


WIND (MPH)
  HIGHEST WIND SPEED    14   HIGHEST WIND DIRECTION     S (180)
  HIGHEST GUST SPEED    16   HIGHEST GUST DIRECTION     S (170)
  AVERAGE WIND SPEED     4.3


SKY COVER
  POSSIBLE SUNSHINE  MM
  AVERAGE SKY COVER 0.2


WEATHER CONDITIONS
 THE FOLLOWING WEATHER WAS RECORDED YESTERDAY.
  THUNDERSTORM
  LIGHT RAIN


RELATIVE HUMIDITY (PERCENT)
 HIGHEST   100           100 AM
 LOWEST     55           200 PM
 AVERAGE    78

..........................................................


THE PENSACOLA CLIMATE NORMALS FOR TODAY
                         NORMAL    RECORD    YEAR
 MAXIMUM TEMPERATURE (F)   87        95      1968
 MINIMUM TEMPERATURE (F)   70        58      1956


SUNRISE AND SUNSET
JUNE  3 2015..........SUNRISE   547 AM CDT   SUNSET   747 PM CDT
JUNE  4 2015..........SUNRISE   547 AM CDT   SUNSET   748 PM CDT


-  INDICATES NEGATIVE NUMBERS.
R  INDICATES RECORD WAS SET OR TIED.
MM INDICATES DATA IS MISSING.
T  INDICATES TRACE AMOUNT.




$$
