000
CDUS44 KMOB 180645
CLIPNS


CLIMATE REPORT
NATIONAL WEATHER SERVICE MOBILE AL
1245 AM CST THU DEC 18 2014


...................................

...THE PENSACOLA CLIMATE SUMMARY FOR DECEMBER 17 2014...

CLIMATE NORMAL PERIOD 1981 TO 2010
CLIMATE RECORD PERIOD 1879 TO 2014


WEATHER ITEM   OBSERVED TIME   RECORD YEAR NORMAL DEPARTURE LAST
                VALUE   (LST)  VALUE       VALUE  FROM      YEAR
                                                  NORMAL
..................................................................
TEMPERATURE (F)
 YESTERDAY
  MAXIMUM         62    145 PM  78    1971  62      0       66
  MINIMUM         39    638 AM  25    1882  44     -5       37
  AVERAGE         51                        53     -2       52

PRECIPITATION (IN)
  YESTERDAY        0.00          2.67 1910   0.15  -0.15     0.00
  MONTH TO DATE    0.25                      2.57  -2.32     1.29
  SINCE MAR 1     68.59                     53.60  14.99    57.87
  SINCE JAN 1     79.92                     63.29  16.63    72.14

SNOWFALL (IN)
  YESTERDAY        0.0           0.0  2001   0.0    0.0      0.0
                                      2000
  MONTH TO DATE    0.0                       0.0    0.0      0.0
  SINCE MAR 1      0.0                       0.0    0.0      0.0
  SINCE JUL 1      0.0                       0.0    0.0      0.0
  SNOW DEPTH       0

DEGREE DAYS
 HEATING
  YESTERDAY       14                        12      2       13
  MONTH TO DATE  130                       183    -53      126
  SINCE DEC 1    130                       183    -53      126
  SINCE JUL 1    457                       395     62      331

 COOLING
  YESTERDAY        0                         0      0        0
  MONTH TO DATE    6                         7     -1       30
  SINCE DEC 1      6                         7     -1       30
  SINCE JAN 1   2550                      2603    -53     2748
..................................................................


WIND (MPH)
  HIGHEST WIND SPEED     9   HIGHEST WIND DIRECTION    NW (320)
  HIGHEST GUST SPEED    13   HIGHEST GUST DIRECTION    NW (320)
  AVERAGE WIND SPEED     4.5


SKY COVER
  POSSIBLE SUNSHINE  MM
  AVERAGE SKY COVER 0.0


WEATHER CONDITIONS
 THE FOLLOWING WEATHER WAS RECORDED YESTERDAY.
  NO SIGNIFICANT WEATHER WAS OBSERVED.


RELATIVE HUMIDITY (PERCENT)
 HIGHEST    85           700 AM
 LOWEST     44           300 PM
 AVERAGE    65

..........................................................


THE PENSACOLA CLIMATE NORMALS FOR TODAY
                         NORMAL    RECORD    YEAR
 MAXIMUM TEMPERATURE (F)   62        79      1956
 MINIMUM TEMPERATURE (F)   44        20      1901


SUNRISE AND SUNSET
DECEMBER 18 2014......SUNRISE   640 AM CST   SUNSET   451 PM CST
DECEMBER 19 2014......SUNRISE   640 AM CST   SUNSET   451 PM CST


-  INDICATES NEGATIVE NUMBERS.
R  INDICATES RECORD WAS SET OR TIED.
MM INDICATES DATA IS MISSING.
T  INDICATES TRACE AMOUNT.




$$
