000
CDUS46 KLOX 010114
CLIPRB


CLIMATE REPORT
NATIONAL WEATHER SERVICE LOS ANGELES/OXNARD CA
614 PM PDT FRI OCT 31 2014


...................................

...THE PASO ROBLES AIRPORT CA CLIMATE SUMMARY FOR OCTOBER 31 2014...
VALID TODAY AS OF 0600 PM LOCAL TIME.

CLIMATE NORMAL PERIOD 1981 TO 2010
CLIMATE RECORD PERIOD 1948 TO 2014


WEATHER ITEM   OBSERVED TIME   RECORD YEAR NORMAL DEPARTURE LAST
                VALUE   (LST)  VALUE       VALUE  FROM      YEAR
                                                  NORMAL
..................................................................
TEMPERATURE (F)
 TODAY
  MAXIMUM         70    107 PM  94    1949  74     -4       73
  MINIMUM         53   1209 AM  28    1961  41     12       35
  AVERAGE         62                        57      5       54

PRECIPITATION (IN)
  TODAY            T             0.32 2003   0.03  -0.03     0.00
  MONTH TO DATE    T                         0.62  -0.62     0.02
  SINCE JUL 1      T                         0.95  -0.95     0.02
  SINCE JAN 1      4.46                      9.74  -5.28     1.48

SNOWFALL (IN)
  TODAY            0.0
  MONTH TO DATE    0.0
  SINCE SEP 1      0.0
  SINCE JUL 1      0.0

DEGREE DAYS
 HEATING
  TODAY            3                         8     -5       11
  MONTH TO DATE   42                       138    -96      139
  SINCE SEP 1     43                       162   -119      150
  SINCE JUL 1     43                       170   -127      150

 COOLING
  TODAY            0                         0      0        0
  MONTH TO DATE  104                        35     69        5
  SINCE SEP 1    349                       193    156      199
  SINCE JAN 1   1356                       926    430     1173
..................................................................


WIND (MPH)
  HIGHEST WIND SPEED    17   HIGHEST WIND DIRECTION    SW (240)
  HIGHEST GUST SPEED    21   HIGHEST GUST DIRECTION    SW (240)
  AVERAGE WIND SPEED     6.8


SKY COVER
  POSSIBLE SUNSHINE  MM
  AVERAGE SKY COVER 1.0


WEATHER CONDITIONS
 THE FOLLOWING WEATHER WAS RECORDED TODAY.
  LIGHT RAIN


RELATIVE HUMIDITY (PERCENT)
 HIGHEST    83          1200 AM
 LOWEST     47           100 PM
 AVERAGE    65

..........................................................


THE PASO ROBLES AIRPORT CA CLIMATE NORMALS FOR TOMORROW
                         NORMAL    RECORD    YEAR
 MAXIMUM TEMPERATURE (F)   73        98      1966
 MINIMUM TEMPERATURE (F)   41        27      1971


SUNRISE AND SUNSET
OCTOBER 31 2014.......SUNRISE   724 AM PDT   SUNSET   608 PM PDT
NOVEMBER  1 2014......SUNRISE   725 AM PDT   SUNSET   607 PM PDT


-  INDICATES NEGATIVE NUMBERS.
R  INDICATES RECORD WAS SET OR TIED.
MM INDICATES DATA IS MISSING.
T  INDICATES TRACE AMOUNT.




$$
