000
CDUS46 KLOX 240904
CLIPRB


CLIMATE REPORT
NATIONAL WEATHER SERVICE LOS ANGELES/OXNARD CA
204 AM PDT THU APR 24 2014


...................................

...THE PASO ROBLES AIRPORT CA CLIMATE SUMMARY FOR APRIL 23 2014...

CLIMATE NORMAL PERIOD 1981 TO 2010
CLIMATE RECORD PERIOD 1948 TO 2014


WEATHER ITEM   OBSERVED TIME   RECORD YEAR NORMAL DEPARTURE LAST
                VALUE   (LST)  VALUE       VALUE  FROM      YEAR
                                                  NORMAL
..................................................................
TEMPERATURE (F)
 YESTERDAY
  MAXIMUM         76    407 PM  90    1996  75      1       89
  MINIMUM         41    550 AM  31    1970  42     -1       43
  AVERAGE         59                        58      1       66

PRECIPITATION (IN)
  YESTERDAY        0.00          0.44 1988   0.02  -0.02     0.00
  MONTH TO DATE    0.32                      0.57  -0.25     0.01
  SINCE JUL 1      4.90                     12.39  -7.49     4.62
  SINCE JAN 1      4.44                      8.40  -3.96     1.41

SNOWFALL (IN)
  YESTERDAY        0.0
  MONTH TO DATE    0.0
  SINCE MAR 1      0.0
  SINCE JUL 1      0.0

DEGREE DAYS
 HEATING
  YESTERDAY        6                         7     -1        0
  MONTH TO DATE  109                       209   -100       86
  SINCE MAR 1    339                       575   -236      326
  SINCE JUL 1   2044                      2668   -624     2335

 COOLING
  YESTERDAY        0                         0      0        1
  MONTH TO DATE    8                         0      8        9
  SINCE MAR 1      8                         0      8        9
  SINCE JAN 1      8                         0      8        9
..................................................................


WIND (MPH)
  HIGHEST WIND SPEED    21   HIGHEST WIND DIRECTION    NW (320)
  HIGHEST GUST SPEED    27   HIGHEST GUST DIRECTION    NW (320)
  AVERAGE WIND SPEED     9.4


SKY COVER
  POSSIBLE SUNSHINE  MM
  AVERAGE SKY COVER 0.0


WEATHER CONDITIONS
 THE FOLLOWING WEATHER WAS RECORDED YESTERDAY.
  NO SIGNIFICANT WEATHER WAS OBSERVED.


RELATIVE HUMIDITY (PERCENT)
 HIGHEST    76           400 AM
 LOWEST     20           500 PM
 AVERAGE    48

..........................................................


THE PASO ROBLES AIRPORT CA CLIMATE NORMALS FOR TODAY
                         NORMAL    RECORD    YEAR
 MAXIMUM TEMPERATURE (F)   75        90      1966
 MINIMUM TEMPERATURE (F)   42        32      1961


SUNRISE AND SUNSET
APRIL 24 2014.........SUNRISE   618 AM PDT   SUNSET   743 PM PDT
APRIL 25 2014.........SUNRISE   617 AM PDT   SUNSET   744 PM PDT


-  INDICATES NEGATIVE NUMBERS.
R  INDICATES RECORD WAS SET OR TIED.
MM INDICATES DATA IS MISSING.
T  INDICATES TRACE AMOUNT.




$$
