000
CDUS46 KLOX 240911
CLIPRB


CLIMATE REPORT
NATIONAL WEATHER SERVICE LOS ANGELES/OXNARD CA
211 AM PDT SAT JUN 24 2017


...................................

...THE PASO ROBLES AIRPORT CA CLIMATE SUMMARY FOR JUNE 23 2017...

CLIMATE NORMAL PERIOD 1981 TO 2010
CLIMATE RECORD PERIOD 1948 TO 2017


WEATHER ITEM   OBSERVED TIME   RECORD YEAR NORMAL DEPARTURE LAST
                VALUE   (LST)  VALUE       VALUE  FROM      YEAR
                                                  NORMAL
..................................................................
TEMPERATURE (F)
 YESTERDAY
  MAXIMUM        101    106 PM 107    1964  89     12      102
  MINIMUM         56    500 AM  40    2003  52      4       50
  AVERAGE         79                        70      9       76

PRECIPITATION (IN)
  YESTERDAY        0.00          0.00   MM   0.00   0.00     0.00
  MONTH TO DATE    T                         0.02  -0.02      T
  SINCE OCT 1     16.14                     12.45   3.69     8.06
  SINCE JAN 1     12.46                      8.79   3.67     6.00

SNOWFALL (IN)
  YESTERDAY        0.0
  MONTH TO DATE    0.0
  SINCE JUN 1      0.0
  SINCE JUL 1      0.0

DEGREE DAYS
 HEATING
  YESTERDAY        0                         0      0        0
  MONTH TO DATE   12                        27    -15        8
  SINCE JUN 1     12                        27    -15        8
  SINCE JUL 1   2339                      2849   -510     2266

 COOLING
  YESTERDAY       14                         6      8       11
  MONTH TO DATE  186                        97     89      182
  SINCE JUN 1    186                        97     89      182
  SINCE JAN 1    278                       165    113      243
..................................................................


WIND (MPH)
  HIGHEST WIND SPEED    28   HIGHEST WIND DIRECTION     S (200)
  HIGHEST GUST SPEED    35   HIGHEST GUST DIRECTION    SW (210)
  AVERAGE WIND SPEED     7.4


SKY COVER
  POSSIBLE SUNSHINE  MM
  AVERAGE SKY COVER 0.0


WEATHER CONDITIONS
 THE FOLLOWING WEATHER WAS RECORDED YESTERDAY.
  NO SIGNIFICANT WEATHER WAS OBSERVED.


RELATIVE HUMIDITY (PERCENT)
 HIGHEST    86           500 AM
 LOWEST     19           100 PM
 AVERAGE    53

..........................................................


THE PASO ROBLES AIRPORT CA CLIMATE NORMALS FOR TODAY
                         NORMAL    RECORD    YEAR
 MAXIMUM TEMPERATURE (F)   89       110      1957
 MINIMUM TEMPERATURE (F)   52        42      2003


SUNRISE AND SUNSET
JUNE 24 2017..........SUNRISE   548 AM PDT   SUNSET   822 PM PDT
JUNE 25 2017..........SUNRISE   548 AM PDT   SUNSET   822 PM PDT


-  INDICATES NEGATIVE NUMBERS.
R  INDICATES RECORD WAS SET OR TIED.
MM INDICATES DATA IS MISSING.
T  INDICATES TRACE AMOUNT.




$$
