000
CDUS46 KLOX 200921
CLIPRB


CLIMATE REPORT
NATIONAL WEATHER SERVICE LOS ANGELES/OXNARD CA
220 AM PDT SUN APR 20 2014


...................................

...THE PASO ROBLES AIRPORT CA CLIMATE SUMMARY FOR APRIL 19 2014...

CLIMATE NORMAL PERIOD 1981 TO 2010
CLIMATE RECORD PERIOD 1948 TO 2014


WEATHER ITEM   OBSERVED TIME   RECORD YEAR NORMAL DEPARTURE LAST
                VALUE   (LST)  VALUE       VALUE  FROM      YEAR
                                                  NORMAL
..................................................................
TEMPERATURE (F)
 YESTERDAY
  MAXIMUM         84    333 PM  95    2009  73     11       86
  MINIMUM         45    433 AM  27    1972  41      4       36
  AVERAGE         65                        57      8       61

PRECIPITATION (IN)
  YESTERDAY        0.00          0.53 1988   0.02  -0.02     0.00
  MONTH TO DATE    0.32                      0.50  -0.18     0.01
  SINCE JUL 1      4.90                     12.32  -7.42     4.62
  SINCE JAN 1      4.44                      8.33  -3.89     1.41

SNOWFALL (IN)
  YESTERDAY        0.0
  MONTH TO DATE    0.0
  SINCE MAR 1      0.0
  SINCE JUL 1      0.0

DEGREE DAYS
 HEATING
  YESTERDAY        0                         8     -8        4
  MONTH TO DATE   96                       179    -83       86
  SINCE MAR 1    326                       545   -219      326
  SINCE JUL 1   2031                      2638   -607     2335

 COOLING
  YESTERDAY        0                         0      0        0
  MONTH TO DATE    8                         0      8        1
  SINCE MAR 1      8                         0      8        1
  SINCE JAN 1      8                         0      8        1
..................................................................


WIND (MPH)
  HIGHEST WIND SPEED    22   HIGHEST WIND DIRECTION    NW (330)
  HIGHEST GUST SPEED    28   HIGHEST GUST DIRECTION     N (20)
  AVERAGE WIND SPEED     8.8


SKY COVER
  POSSIBLE SUNSHINE  MM
  AVERAGE SKY COVER 0.2


WEATHER CONDITIONS
 THE FOLLOWING WEATHER WAS RECORDED YESTERDAY.
  FOG


RELATIVE HUMIDITY (PERCENT)
 HIGHEST    93           200 AM
 LOWEST     10           400 PM
 AVERAGE    52

..........................................................


THE PASO ROBLES AIRPORT CA CLIMATE NORMALS FOR TODAY
                         NORMAL    RECORD    YEAR
 MAXIMUM TEMPERATURE (F)   74        98      2009
 MINIMUM TEMPERATURE (F)   42        28      1972


SUNRISE AND SUNSET
APRIL 20 2014.........SUNRISE   623 AM PDT   SUNSET   740 PM PDT
APRIL 21 2014.........SUNRISE   622 AM PDT   SUNSET   741 PM PDT


-  INDICATES NEGATIVE NUMBERS.
R  INDICATES RECORD WAS SET OR TIED.
MM INDICATES DATA IS MISSING.
T  INDICATES TRACE AMOUNT.




$$
