000
CDUS46 KLOX 170113
CLIPRB


CLIMATE REPORT
NATIONAL WEATHER SERVICE LOS ANGELES/OXNARD CA
613 PM PDT MON OCT 16 2017


...................................

...THE PASO ROBLES AIRPORT CA CLIMATE SUMMARY FOR OCTOBER 16 2017...
VALID TODAY AS OF 0600 PM LOCAL TIME.

CLIMATE NORMAL PERIOD 1981 TO 2010
CLIMATE RECORD PERIOD 1948 TO 2017


WEATHER ITEM   OBSERVED TIME   RECORD YEAR NORMAL DEPARTURE LAST
                VALUE   (LST)  VALUE       VALUE  FROM      YEAR
                                                  NORMAL
..................................................................
TEMPERATURE (F)
 TODAY
  MAXIMUM         91    403 PM  99    1988  79     12       70
  MINIMUM         39    609 AM  31    1981  44     -5       58
  AVERAGE         65                        62      3       64

PRECIPITATION (IN)
  TODAY            0.00          0.24 2004   0.02  -0.02     0.13
  MONTH TO DATE    0.00                      0.23  -0.23     0.15
  SINCE OCT 1      0.00                      0.23  -0.23     0.15
  SINCE JAN 1     12.49                      9.35   3.14     6.15

SNOWFALL (IN)
  TODAY            0.0
  MONTH TO DATE    0.0
  SINCE SEP 1      0.0
  SINCE JUL 1      0.0

DEGREE DAYS
 HEATING
  TODAY            0                         4     -4        1
  MONTH TO DATE   54                        48      6       52
  SINCE SEP 1     70                        72     -2       70
  SINCE JUL 1     71                        80     -9       70

 COOLING
  TODAY            0                         1     -1        0
  MONTH TO DATE    8                        30    -22       10
  SINCE SEP 1    232                       188     44      174
  SINCE JAN 1   1332                       921    411     1063
..................................................................


WIND (MPH)
  HIGHEST WIND SPEED    10   HIGHEST WIND DIRECTION     E (100)
  HIGHEST GUST SPEED    12   HIGHEST GUST DIRECTION     E (90)
  AVERAGE WIND SPEED     2.0


SKY COVER
  POSSIBLE SUNSHINE  MM
  AVERAGE SKY COVER 0.0


WEATHER CONDITIONS
 THE FOLLOWING WEATHER WAS RECORDED TODAY.
  NO SIGNIFICANT WEATHER WAS OBSERVED.


RELATIVE HUMIDITY (PERCENT)
 HIGHEST    57           600 AM
 LOWEST      7           200 PM
 AVERAGE    32

..........................................................


THE PASO ROBLES AIRPORT CA CLIMATE NORMALS FOR TOMORROW
                         NORMAL    RECORD    YEAR
 MAXIMUM TEMPERATURE (F)   79        99      1988
 MINIMUM TEMPERATURE (F)   44        32      1981


SUNRISE AND SUNSET
OCTOBER 16 2017.......SUNRISE   710 AM PDT   SUNSET   625 PM PDT
OCTOBER 17 2017.......SUNRISE   711 AM PDT   SUNSET   624 PM PDT


-  INDICATES NEGATIVE NUMBERS.
R  INDICATES RECORD WAS SET OR TIED.
MM INDICATES DATA IS MISSING.
T  INDICATES TRACE AMOUNT.




$$
