033
CDUS45 KFGZ 230732
CLIPRC
CLIMATE REPORT
NATIONAL WEATHER SERVICE FLAGSTAFF, AZ
1232 AM MST TUE JAN 23 2018


...................................

...THE PRESCOTT AZ AIRPORT CLIMATE SUMMARY FOR JANUARY 22 2018...

CLIMATE NORMAL PERIOD 1981 TO 2010
CLIMATE RECORD PERIOD 1948 TO 2018


WEATHER ITEM   OBSERVED TIME   RECORD YEAR NORMAL DEPARTURE LAST
                VALUE   (LST)  VALUE       VALUE  FROM      YEAR
                                                  NORMAL
..................................................................
TEMPERATURE (F)
 YESTERDAY
  MAXIMUM         47    446 PM  67    1950  52     -5       40
  MINIMUM         18    755 AM  11    1966  26     -8       27
  AVERAGE         33                        39     -6

PRECIPITATION (IN)
  YESTERDAY        0.00          0.30 2010   0.03  -0.03      T
  MONTH TO DATE    0.71                      0.82  -0.11     1.61
  SINCE SEP 1      1.24                      5.13  -3.89     8.36
  SINCE JAN 1      0.71                      0.82  -0.11     1.61

DEGREE DAYS
 HEATING
  YESTERDAY       32                                6
  MONTH TO DATE  449                             -135
  SINCE JUL 1   1648                             -639

 COOLING
  YESTERDAY        0                                0
  MONTH TO DATE    0                                0
  SINCE JAN 1      0                                0
..................................................................


WIND (MPH)
  HIGHEST WIND SPEED     8   HIGHEST WIND DIRECTION     S (200)
  HIGHEST GUST SPEED    10   HIGHEST GUST DIRECTION     W (270)
  AVERAGE WIND SPEED     2.9


SKY COVER
  AVERAGE SKY COVER 0.0


WEATHER CONDITIONS
 THE FOLLOWING WEATHER WAS RECORDED YESTERDAY.
  NO SIGNIFICANT WEATHER WAS OBSERVED.


RELATIVE HUMIDITY (PERCENT)
 HIGHEST    81
 LOWEST     19

..........................................................


THE PRESCOTT AZ AIRPORT CLIMATE NORMALS FOR TODAY
                         NORMAL    RECORD    YEAR
 MAXIMUM TEMPERATURE (F)   52        66      1999
 MINIMUM TEMPERATURE (F)   26         9      1996


SUNRISE AND SUNSET
JANUARY 23 2018.......SUNRISE   733 AM MST   SUNSET   550 PM MST
JANUARY 24 2018.......SUNRISE   733 AM MST   SUNSET   551 PM MST


-  INDICATES NEGATIVE NUMBERS.
R  INDICATES RECORD WAS SET OR TIED.
MM INDICATES DATA IS MISSING.
T  INDICATES TRACE AMOUNT.




$$
