000
CDUS45 KFGZ 300821
CLIPRC
CLIMATE REPORT
NATIONAL WEATHER SERVICE FLAGSTAFF, AZ
119 AM MST TUE JUN 30 2015


...................................

...THE PRESCOTT AZ AIRPORT CLIMATE SUMMARY FOR JUNE 29 2015...

CLIMATE NORMAL PERIOD 1981 TO 2010
CLIMATE RECORD PERIOD 1948 TO 2015


WEATHER ITEM   OBSERVED TIME   RECORD YEAR NORMAL DEPARTURE LAST
                VALUE   (LST)  VALUE       VALUE  FROM      YEAR
                                                  NORMAL
..................................................................
TEMPERATURE (F)
 YESTERDAY
  MAXIMUM         95    221 PM 104    1994  90      5       94
  MINIMUM         63    500 PM  47    1996  59      4       63
  AVERAGE         79                        74      5

PRECIPITATION (IN)
  YESTERDAY        1.93R         0.36 1988   0.03   1.90     0.00
  MONTH TO DATE    2.17                      0.37   1.80     0.00
  SINCE SEP 1     11.97                      9.22   2.75     5.69
  SINCE JAN 1      7.29                      4.91   2.38     0.97

DEGREE DAYS
 HEATING
  YESTERDAY        0                                0
  MONTH TO DATE    0                              -16
  SINCE JUL 1   3478                             -801

 COOLING
  YESTERDAY       14                                5
  MONTH TO DATE  281                              106
  SINCE JAN 1    301                               84
..................................................................


WIND (MPH)
  HIGHEST WIND SPEED    51   HIGHEST WIND DIRECTION    SE (150)
  HIGHEST GUST SPEED    65   HIGHEST GUST DIRECTION    SE (150)
  AVERAGE WIND SPEED     8.0


SKY COVER
  AVERAGE SKY COVER 0.3


WEATHER CONDITIONS
 THE FOLLOWING WEATHER WAS RECORDED YESTERDAY.
  THUNDERSTORM
  HEAVY RAIN
  LIGHT RAIN
  FOG


RELATIVE HUMIDITY (PERCENT)
 HIGHEST    84
 LOWEST     19

..........................................................


THE PRESCOTT AZ AIRPORT CLIMATE NORMALS FOR TODAY
                         NORMAL    RECORD    YEAR
 MAXIMUM TEMPERATURE (F)   90       102      2013
                                             1950
 MINIMUM TEMPERATURE (F)   59        47      1997


SUNRISE AND SUNSET
JUNE 30 2015..........SUNRISE   520 AM MST   SUNSET   747 PM MST
JULY  1 2015..........SUNRISE   520 AM MST   SUNSET   747 PM MST


-  INDICATES NEGATIVE NUMBERS.
R  INDICATES RECORD WAS SET OR TIED.
MM INDICATES DATA IS MISSING.
T  INDICATES TRACE AMOUNT.




$$
