464
CDUS45 KFGZ 040815
CLIPRC
CLIMATE REPORT
NATIONAL WEATHER SERVICE FLAGSTAFF, AZ
113 AM MST WED MAY 4 2016


...................................

...THE PRESCOTT AZ AIRPORT CLIMATE SUMMARY FOR MAY 3 2016...

CLIMATE NORMAL PERIOD 1981 TO 2010
CLIMATE RECORD PERIOD 1948 TO 2016


WEATHER ITEM   OBSERVED TIME   RECORD YEAR NORMAL DEPARTURE LAST
                VALUE   (LST)  VALUE       VALUE  FROM      YEAR
                                                  NORMAL
..................................................................
TEMPERATURE (F)
 YESTERDAY
  MAXIMUM         75    521 PM  86    1956  72      3       75
  MINIMUM         38    603 AM  28    1955  43     -5       54
  AVERAGE         57                        58     -1

PRECIPITATION (IN)
  YESTERDAY        0.00          0.51 1992   0.01  -0.01      T
  MONTH TO DATE    0.01                      0.04  -0.03      T
  SINCE SEP 1      6.80                      8.43  -1.63     8.77
  SINCE JAN 1      3.31                      4.12  -0.81     4.09

DEGREE DAYS
 HEATING
  YESTERDAY        8                                0
  MONTH TO DATE   37                               13
  SINCE JUL 1   3680                             -463

 COOLING
  YESTERDAY        0                                0
  MONTH TO DATE    0                                0
  SINCE JAN 1      0                               -2
..................................................................


WIND (MPH)
  HIGHEST WIND SPEED    15   HIGHEST WIND DIRECTION    SE (130)
  HIGHEST GUST SPEED    21   HIGHEST GUST DIRECTION    SE (150)
  AVERAGE WIND SPEED     4.4


SKY COVER
  AVERAGE SKY COVER 0.0


WEATHER CONDITIONS
 THE FOLLOWING WEATHER WAS RECORDED YESTERDAY.
  NO SIGNIFICANT WEATHER WAS OBSERVED.


RELATIVE HUMIDITY (PERCENT)
 HIGHEST    86
 LOWEST     19

..........................................................


THE PRESCOTT AZ AIRPORT CLIMATE NORMALS FOR TODAY
                         NORMAL    RECORD    YEAR
 MAXIMUM TEMPERATURE (F)   73        86      2004
 MINIMUM TEMPERATURE (F)   43        31      1965


SUNRISE AND SUNSET
MAY  4 2016...........SUNRISE   536 AM MST   SUNSET   717 PM MST
MAY  5 2016...........SUNRISE   535 AM MST   SUNSET   718 PM MST


-  INDICATES NEGATIVE NUMBERS.
R  INDICATES RECORD WAS SET OR TIED.
MM INDICATES DATA IS MISSING.
T  INDICATES TRACE AMOUNT.




$$
