000
CDUS45 KFGZ 230815
CLIPRC
CLIMATE REPORT
NATIONAL WEATHER SERVICE FLAGSTAFF, AZ
108 AM MST SAT SEP 23 2017


...................................

...THE PRESCOTT AZ AIRPORT CLIMATE SUMMARY FOR SEPTEMBER 22 2017...

CLIMATE NORMAL PERIOD 1981 TO 2010
CLIMATE RECORD PERIOD 1948 TO 2017


WEATHER ITEM   OBSERVED TIME   RECORD YEAR NORMAL DEPARTURE LAST
                VALUE   (LST)  VALUE       VALUE  FROM      YEAR
                                                  NORMAL
..................................................................
TEMPERATURE (F)
 YESTERDAY
  MAXIMUM         70    335 PM  92    1989  80    -10       70
  MINIMUM         44   1145 PM  36    1988  51     -7       59
  AVERAGE         57                        66     -9

PRECIPITATION (IN)
  YESTERDAY        0.00          1.18 2007   0.05  -0.05     0.10
  MONTH TO DATE    0.53                      1.17  -0.64     2.06
  SINCE SEP 1      0.53                      1.17  -0.64     2.06
  SINCE JAN 1     12.38                     10.83   1.55    12.82

DEGREE DAYS
 HEATING
  YESTERDAY        8                                6
  MONTH TO DATE    9                               -4
  SINCE JUL 1      9                               -5

 COOLING
  YESTERDAY        0                               -2
  MONTH TO DATE  123                               21
  SINCE JAN 1   1141                              218
..................................................................


WIND (MPH)
  HIGHEST WIND SPEED    24   HIGHEST WIND DIRECTION     S (200)
  HIGHEST GUST SPEED    33   HIGHEST GUST DIRECTION     S (200)
  AVERAGE WIND SPEED    10.8


SKY COVER
  AVERAGE SKY COVER 0.1


WEATHER CONDITIONS
 THE FOLLOWING WEATHER WAS RECORDED YESTERDAY.
  NO SIGNIFICANT WEATHER WAS OBSERVED.


RELATIVE HUMIDITY (PERCENT)
 HIGHEST    66
 LOWEST     13

..........................................................


THE PRESCOTT AZ AIRPORT CLIMATE NORMALS FOR TODAY
                         NORMAL    RECORD    YEAR
 MAXIMUM TEMPERATURE (F)   80        90      2001
 MINIMUM TEMPERATURE (F)   51        38      2006


SUNRISE AND SUNSET
SEPTEMBER 23 2017.....SUNRISE   619 AM MST   SUNSET   625 PM MST
SEPTEMBER 24 2017.....SUNRISE   619 AM MST   SUNSET   623 PM MST


-  INDICATES NEGATIVE NUMBERS.
R  INDICATES RECORD WAS SET OR TIED.
MM INDICATES DATA IS MISSING.
T  INDICATES TRACE AMOUNT.




$$
