000
CDUS45 KFGZ 090808
CLIPRC
CLIMATE REPORT
NATIONAL WEATHER SERVICE FLAGSTAFF, AZ
107 AM MST FRI DEC 9 2016


...................................

...THE PRESCOTT AZ AIRPORT CLIMATE SUMMARY FOR DECEMBER 8 2016...

CLIMATE NORMAL PERIOD 1981 TO 2010
CLIMATE RECORD PERIOD 1948 TO 2016


WEATHER ITEM   OBSERVED TIME   RECORD YEAR NORMAL DEPARTURE LAST
                VALUE   (LST)  VALUE       VALUE  FROM      YEAR
                                                  NORMAL
..................................................................
TEMPERATURE (F)
 YESTERDAY
  MAXIMUM         54    332 PM  80    2006  52      2       68
  MINIMUM         24    733 AM  -4    1978  26     -2       32
  AVERAGE         39                        39      0

PRECIPITATION (IN)
  YESTERDAY        0.00          0.33 1984   0.03  -0.03     0.00
  MONTH TO DATE    0.00                      0.24  -0.24     0.00
  SINCE SEP 1      4.09                      3.59   0.50     3.19
  SINCE JAN 1     14.85                     13.25   1.60    15.53

DEGREE DAYS
 HEATING
  YESTERDAY       26                                0
  MONTH TO DATE  205                                3
  SINCE JUL 1    840                             -236

 COOLING
  YESTERDAY        0                                0
  MONTH TO DATE    0                                0
  SINCE JAN 1   1092                              151
..................................................................


WIND (MPH)
  HIGHEST WIND SPEED    12   HIGHEST WIND DIRECTION    SE (140)
  HIGHEST GUST SPEED    14   HIGHEST GUST DIRECTION    SE (150)
  AVERAGE WIND SPEED     3.5


SKY COVER
  AVERAGE SKY COVER 0.0


WEATHER CONDITIONS
 THE FOLLOWING WEATHER WAS RECORDED YESTERDAY.
  FOG


RELATIVE HUMIDITY (PERCENT)
 HIGHEST   100
 LOWEST     41

..........................................................


THE PRESCOTT AZ AIRPORT CLIMATE NORMALS FOR TODAY
                         NORMAL    RECORD    YEAR
 MAXIMUM TEMPERATURE (F)   52        72      1950
 MINIMUM TEMPERATURE (F)   26         2      1978


SUNRISE AND SUNSET
DECEMBER  9 2016......SUNRISE   726 AM MST   SUNSET   519 PM MST
DECEMBER 10 2016......SUNRISE   726 AM MST   SUNSET   519 PM MST


-  INDICATES NEGATIVE NUMBERS.
R  INDICATES RECORD WAS SET OR TIED.
MM INDICATES DATA IS MISSING.
T  INDICATES TRACE AMOUNT.




$$
