000
CDUS46 KPDT 270932
CLIPSC

CLIMATE REPORT
NATIONAL WEATHER SERVICE PENDLETON OR
132 AM PST THU NOV 27 2014


...................................

...THE PASCO WA CLIMATE SUMMARY FOR NOVEMBER 26 2014...

CLIMATE NORMAL PERIOD 1981 TO 2010
CLIMATE RECORD PERIOD 1948 TO 2014


WEATHER ITEM   OBSERVED TIME   RECORD YEAR NORMAL DEPARTURE LAST
                VALUE   (LST)  VALUE       VALUE  FROM      YEAR
                                                  NORMAL
..................................................................
TEMPERATURE (F)
 YESTERDAY
  MAXIMUM         44    255 PM  64    1998  45     -1       37
  MINIMUM         39    904 AM   2    1993  30      9       15
  AVERAGE         42                        38      4       26

PRECIPITATION (IN)
  YESTERDAY        0.00          0.51 1955   0.04  -0.04     0.00
  MONTH TO DATE    0.48                      0.91  -0.43     0.40
  SINCE OCT 1      1.19                      1.56  -0.37     0.44
  SINCE JAN 1      4.30                      7.44  -3.14     4.75

SNOWFALL (IN)
  YESTERDAY        0.0
  SNOW DEPTH       0

DEGREE DAYS
 HEATING
  YESTERDAY       23                        27     -4       39
  MONTH TO DATE  685                       597     88      649
  SINCE SEP 1    966                      1103   -137     1202
  SINCE JUL 1    966                      1115   -149     1202

 COOLING
  YESTERDAY        0                         0      0        0
  MONTH TO DATE    0                         0      0        0
  SINCE SEP 1     73                        53     20      133
  SINCE JAN 1    991                       710    281      995
..................................................................


WIND (MPH)
  RESULTANT WIND SPEED   2   RESULTANT WIND DIRECTION  NW (300)
  HIGHEST WIND SPEED     9   HIGHEST WIND DIRECTION     W (290)
  HIGHEST GUST SPEED    11   HIGHEST GUST DIRECTION    NW (310)


SKY COVER
  POSSIBLE SUNSHINE  MM
  AVERAGE SKY COVER 1.0


WEATHER CONDITIONS
THE FOLLOWING WEATHER WAS RECORDED YESTERDAY.
  FOG
  FOG W/VISIBILITY <= 1/4 MILE


RELATIVE HUMIDITY (PERCENT)
 HIGHEST   100
 LOWEST     92
 AVERAGE    96

..........................................................


THE PASCO WA CLIMATE NORMALS FOR TODAY
                         NORMAL    RECORD    YEAR
 MAXIMUM TEMPERATURE (F)   45        61      2011
 MINIMUM TEMPERATURE (F)   30        10      1993


SUNRISE AND SUNSET
NOVEMBER 27 2014......SUNRISE   714 AM PST   SUNSET   414 PM PST
NOVEMBER 28 2014......SUNRISE   715 AM PST   SUNSET   413 PM PST


-  INDICATES NEGATIVE NUMBERS.
R  INDICATES RECORD WAS SET OR TIED.
MM INDICATES DATA IS MISSING.
T  INDICATES TRACE AMOUNT.

$$
