000
CDUS46 KPDT 210830
CLIPSC

CLIMATE REPORT
NATIONAL WEATHER SERVICE PENDLETON OR
130 AM PDT MON APR 21 2014


...................................

...THE PASCO WA CLIMATE SUMMARY FOR APRIL 20 2014...

CLIMATE NORMAL PERIOD 1981 TO 2010
CLIMATE RECORD PERIOD 1948 TO 2014


WEATHER ITEM   OBSERVED TIME   RECORD YEAR NORMAL DEPARTURE LAST
                VALUE   (LST)  VALUE       VALUE  FROM      YEAR
                                                  NORMAL
..................................................................
TEMPERATURE (F)
 YESTERDAY
  MAXIMUM         67    334 PM  85    2009  69     -2       68
  MINIMUM         40   1159 PM  25    2011  39      1       45
  AVERAGE         54                        54      0       57

PRECIPITATION (IN)
  YESTERDAY        0.00          0.18 1976   0.02  -0.02     0.00
  MONTH TO DATE    0.12                      0.46  -0.34     0.55
  SINCE OCT 1      2.44                      6.28  -3.84     4.62
  SINCE JAN 1      1.86                      3.33  -1.47     1.26

SNOWFALL (IN)
  YESTERDAY        0.0
  SNOW DEPTH       0

DEGREE DAYS
 HEATING
  YESTERDAY       11                        11      0        8
  MONTH TO DATE  209                       260    -51      264
  SINCE MAR 1    768                       838    -70      829
  SINCE JUL 1   4997                      4721    276     4447

 COOLING
  YESTERDAY        0                         0      0        0
  MONTH TO DATE    0                         0      0        0
  SINCE MAR 1      0                         0      0        0
  SINCE JAN 1      0                         0      0        0
..................................................................


WIND (MPH)
  RESULTANT WIND SPEED   5   RESULTANT WIND DIRECTION  SW (230)
  HIGHEST WIND SPEED    22   HIGHEST WIND DIRECTION    SW (240)
  HIGHEST GUST SPEED    30   HIGHEST GUST DIRECTION    SW (240)


SKY COVER
  POSSIBLE SUNSHINE  MM
  AVERAGE SKY COVER 0.0


WEATHER CONDITIONS
 THE FOLLOWING WEATHER WAS RECORDED YESTERDAY.
  NO SIGNIFICANT WEATHER WAS OBSERVED.


RELATIVE HUMIDITY (PERCENT)
 HIGHEST    76
 LOWEST     20
 AVERAGE    48

..........................................................


THE PASCO WA CLIMATE NORMALS FOR TODAY
                         NORMAL    RECORD    YEAR
 MAXIMUM TEMPERATURE (F)   69        86      2009
 MINIMUM TEMPERATURE (F)   39        29      2008


SUNRISE AND SUNSET
APRIL 21 2014.........SUNRISE   559 AM PDT   SUNSET   752 PM PDT
APRIL 22 2014.........SUNRISE   557 AM PDT   SUNSET   753 PM PDT


-  INDICATES NEGATIVE NUMBERS.
R  INDICATES RECORD WAS SET OR TIED.
MM INDICATES DATA IS MISSING.
T  INDICATES TRACE AMOUNT.


$$
