000
CDUS46 KPDT 170856
CLIPSC

CLIMATE REPORT
NATIONAL WEATHER SERVICE PENDLETON OR
156 AM PDT WED SEP 17 2014


...................................

...THE PASCO WA CLIMATE SUMMARY FOR SEPTEMBER 16 2014...

CLIMATE NORMAL PERIOD 1981 TO 2010
CLIMATE RECORD PERIOD 1948 TO 2014


WEATHER ITEM   OBSERVED TIME   RECORD YEAR NORMAL DEPARTURE LAST
                VALUE   (LST)  VALUE       VALUE  FROM      YEAR
                                                  NORMAL
..................................................................
TEMPERATURE (F)
 YESTERDAY
  MAXIMUM         87    328 PM  97    1998  80      7       80
  MINIMUM         48    303 AM  38    2006  46      2       57
  AVERAGE         68                        63      5       69

PRECIPITATION (IN)
  YESTERDAY        0.00          0.30 1954   0.01  -0.01     0.00
  MONTH TO DATE    T                         0.16  -0.16     0.70
  SINCE OCT 1      3.64                      8.59  -4.95     7.38
  SINCE JAN 1      3.06                      5.64  -2.58     4.02

SNOWFALL (IN)
  YESTERDAY        0.0
  SNOW DEPTH       0

DEGREE DAYS
 HEATING
  YESTERDAY        0                         3     -3        0
  MONTH TO DATE   33                        26      7        1
  SINCE SEP 1     33                        26      7        1
  SINCE JUL 1     33                        38     -5        1

 COOLING
  YESTERDAY        3                         1      2        4
  MONTH TO DATE   17                        41    -24      130
  SINCE SEP 1     17                        41    -24      130
  SINCE JAN 1    935                       698    237      992
..................................................................


WIND (MPH)
  RESULTANT WIND SPEED   1   RESULTANT WIND DIRECTION  NE (60)
  HIGHEST WIND SPEED     9   HIGHEST WIND DIRECTION     S (160)
  HIGHEST GUST SPEED    10   HIGHEST GUST DIRECTION     S (160)


SKY COVER
  POSSIBLE SUNSHINE  MM
  AVERAGE SKY COVER 0.0


WEATHER CONDITIONS
THE FOLLOWING WEATHER WAS RECORDED YESTERDAY.
  NO SIGNIFICANT WEATHER WAS OBSERVED.


RELATIVE HUMIDITY (PERCENT)
 HIGHEST    93
 LOWEST     23
 AVERAGE    58

..........................................................


THE PASCO WA CLIMATE NORMALS FOR TODAY
                         NORMAL    RECORD    YEAR
 MAXIMUM TEMPERATURE (F)   80        92      2001
 MINIMUM TEMPERATURE (F)   46        37      2006


SUNRISE AND SUNSET
SEPTEMBER 17 2014.....SUNRISE   637 AM PDT   SUNSET   704 PM PDT
SEPTEMBER 18 2014.....SUNRISE   638 AM PDT   SUNSET   702 PM PDT


-  INDICATES NEGATIVE NUMBERS.
R  INDICATES RECORD WAS SET OR TIED.
MM INDICATES DATA IS MISSING.
T  INDICATES TRACE AMOUNT.

$$
