000
CDUS46 KPDT 240106
CLIPSC

CLIMATE REPORT
NATIONAL WEATHER SERVICE PENDLETON OR
541 PM PDT WED AUG 23 2017


...................................

...THE PASCO WA CLIMATE SUMMARY FOR AUGUST 23 2017...
VALID TODAY AS OF 0500 PM LOCAL TIME.

CLIMATE NORMAL PERIOD 1981 TO 2010
CLIMATE RECORD PERIOD 1948 TO 2017


WEATHER ITEM   OBSERVED TIME   RECORD YEAR NORMAL DEPARTURE LAST
                VALUE   (LST)  VALUE       VALUE  FROM      YEAR
                                                  NORMAL
..................................................................
TEMPERATURE (F)
 TODAY
  MAXIMUM         86    349 PM 107    1894  89     -3       84
  MINIMUM         60    552 AM  44    1943  54      6       47
                                      1911
                                      1909
  AVERAGE         73                        71      2       66

PRECIPITATION (IN)
  TODAY            T             0.54 1975   0.01  -0.01     0.00
  MONTH TO DATE    0.05                      0.18  -0.13     0.04
  SINCE OCT 1      9.99                      8.34   1.65     8.14
  SINCE JAN 1      6.22                      5.39   0.83     5.38

SNOWFALL (IN)
  TODAY            0.0
  SNOW DEPTH       0

DEGREE DAYS
 HEATING
  TODAY            0                         0      0        0
  MONTH TO DATE    0                         0      0        0
  SINCE JUN 1     26                        37    -11       30
  SINCE JUL 1      0                         5     -5        0

 COOLING
  TODAY            8                         7      1        1
  MONTH TO DATE  259                       202     57      207
  SINCE JUN 1    770                       579    191      659
  SINCE JAN 1    819                       612    207      692
..................................................................


WIND (MPH)
  RESULTANT WIND SPEED   5   RESULTANT WIND DIRECTION   S (190)
  HIGHEST WIND SPEED    14   HIGHEST WIND DIRECTION     S (200)
  HIGHEST GUST SPEED    17   HIGHEST GUST DIRECTION     S (200)


SKY COVER
  POSSIBLE SUNSHINE  MM
  AVERAGE SKY COVER 0.1


WEATHER CONDITIONS
THE FOLLOWING WEATHER WAS RECORDED TODAY.
  LIGHT RAIN
  FOG
  HAZE


RELATIVE HUMIDITY (PERCENT)
 HIGHEST    90
 LOWEST     37
 AVERAGE    64

..........................................................


THE PASCO WA CLIMATE NORMALS FOR TOMORROW
                         NORMAL    RECORD    YEAR
 MAXIMUM TEMPERATURE (F)   88       102      1912
 MINIMUM TEMPERATURE (F)   54        41      1929


SUNRISE AND SUNSET
AUGUST 23 2017........SUNRISE   606 AM PDT   SUNSET   751 PM PDT
AUGUST 24 2017........SUNRISE   607 AM PDT   SUNSET   749 PM PDT


-  INDICATES NEGATIVE NUMBERS.
R  INDICATES RECORD WAS SET OR TIED.
MM INDICATES DATA IS MISSING.
T  INDICATES TRACE AMOUNT.




$$
