000
CDUS46 KPDT 260032 RRA
CLIPSC

PDTCLIPSE 000
TTAA00 KPDT 260031


CLIMATE REPORT
NATIONAL WEATHER SERVICE PENDLETON OR
531 PM PDT SUN JUN 25 2017


...................................

...THE PASCO WA CLIMATE SUMMARY FOR JUNE 25 2017...
VALID TODAY AS OF 0500 PM LOCAL TIME.

CLIMATE NORMAL PERIOD 1981 TO 2010
CLIMATE RECORD PERIOD 1948 TO 2017


WEATHER ITEM   OBSERVED TIME   RECORD YEAR NORMAL DEPARTURE LAST
                VALUE   (LST)  VALUE       VALUE  FROM      YEAR
                                                  NORMAL
..................................................................
TEMPERATURE (F)
 TODAY
  MAXIMUM        102    351 PM 108    1912  86     16       82
  MINIMUM         51    452 AM  42    1976  53     -2       54
                                      1917
                                      1904
  AVERAGE         77                        69      8       68

PRECIPITATION (IN)
  TODAY            0.00          0.48 2013   0.01  -0.01     0.00
  MONTH TO DATE    0.20                      0.62  -0.42     0.46
  SINCE OCT 1      9.64                      7.82   1.82     7.77
  SINCE JAN 1      5.87                      4.87   1.00     5.01

SNOWFALL (IN)
  TODAY            0.0
  SNOW DEPTH       0

DEGREE DAYS
 HEATING
  TODAY            0                         1     -1        0
  MONTH TO DATE   26                        33     -7       30
  SINCE JUN 1     26                        33     -7       30
  SINCE JUL 1   5408                      5023    385     4344

 COOLING
  TODAY           12                         5      7        3
  MONTH TO DATE   93                        81     12      109
  SINCE JUN 1     93                        81     12      109
  SINCE JAN 1    142                       114     28      142
..................................................................


WIND (MPH)
  RESULTANT WIND SPEED   3   RESULTANT WIND DIRECTION   N (20)
  HIGHEST WIND SPEED     8   HIGHEST WIND DIRECTION     N (20)
  HIGHEST GUST SPEED    11   HIGHEST GUST DIRECTION     N (20)


SKY COVER
  POSSIBLE SUNSHINE  MM
  AVERAGE SKY COVER 0.0


WEATHER CONDITIONS
 THE FOLLOWING WEATHER WAS RECORDED TODAY.
  NO SIGNIFICANT WEATHER WAS OBSERVED.


RELATIVE HUMIDITY (PERCENT)
 HIGHEST    89
 LOWEST     11
 AVERAGE    50

..........................................................


THE PASCO WA CLIMATE NORMALS FOR TOMORROW
                         NORMAL    RECORD    YEAR
 MAXIMUM TEMPERATURE (F)   86       105      2015
                                             1925
 MINIMUM TEMPERATURE (F)   53        41      2007
                                             1976


SUNRISE AND SUNSET
JUNE 25 2017..........SUNRISE   506 AM PDT   SUNSET   852 PM PDT
JUNE 26 2017..........SUNRISE   506 AM PDT   SUNSET   852 PM PDT


-  INDICATES NEGATIVE NUMBERS.
R  INDICATES RECORD WAS SET OR TIED.
MM INDICATES DATA IS MISSING.
T  INDICATES TRACE AMOUNT.




$$
