692
CDUS46 KPDT 270909 RRA
CLIPSC

CLIMATE REPORT
NATIONAL WEATHER SERVICE PENDLETON OR
109 AM PST MON FEB 27 2017


...................................

...THE PASCO WA CLIMATE SUMMARY FOR FEBRUARY 26 2017...

CLIMATE NORMAL PERIOD 1981 TO 2010
CLIMATE RECORD PERIOD 1948 TO 2017


WEATHER ITEM   OBSERVED TIME   RECORD YEAR NORMAL DEPARTURE LAST
                VALUE   (LST)  VALUE       VALUE  FROM      YEAR
                                                  NORMAL
..................................................................
TEMPERATURE (F)
 YESTERDAY
  MAXIMUM         41    446 PM  62    2005  53    -12       55
  MINIMUM         33   1147 PM   0    1989  29      4       26
  AVERAGE         37                        41     -4       41

PRECIPITATION (IN)
  YESTERDAY        0.12          0.30 1978   0.03   0.09      T
  MONTH TO DATE    1.62                      0.80   0.82     0.33
  SINCE OCT 1      6.34                      4.97   1.37     4.28
  SINCE JAN 1      2.57                      2.02   0.55     1.52

SNOWFALL (IN)
  YESTERDAY        0.0
  SNOW DEPTH       0

DEGREE DAYS
 HEATING
  YESTERDAY       28                        24      4       24
  MONTH TO DATE  845                       685    160      571
  SINCE DEC 1   3326                      2607    719     2370
  SINCE JUL 1   4272                      3836    436     3472

 COOLING
  YESTERDAY        0                         0      0        0
  MONTH TO DATE    0                         0      0        0
  SINCE DEC 1      0                         0      0        0
  SINCE JAN 1      0                         0      0        0
..................................................................


WIND (MPH)
  RESULTANT WIND SPEED   2   RESULTANT WIND DIRECTION   W (270)
  HIGHEST WIND SPEED    16   HIGHEST WIND DIRECTION    SW (220)
  HIGHEST GUST SPEED    20   HIGHEST GUST DIRECTION    SW (240)


SKY COVER
  POSSIBLE SUNSHINE  MM
  AVERAGE SKY COVER 1.0


WEATHER CONDITIONS
 THE FOLLOWING WEATHER WAS RECORDED YESTERDAY.
  LIGHT RAIN
  FOG


RELATIVE HUMIDITY (PERCENT)
 HIGHEST    92
 LOWEST     64
 AVERAGE    78

..........................................................


THE PASCO WA CLIMATE NORMALS FOR TODAY
                         NORMAL    RECORD    YEAR
 MAXIMUM TEMPERATURE (F)   53        65      2016
 MINIMUM TEMPERATURE (F)   29         8      1993


SUNRISE AND SUNSET
FEBRUARY 27 2017......SUNRISE   639 AM PST   SUNSET   540 PM PST
FEBRUARY 28 2017......SUNRISE   637 AM PST   SUNSET   542 PM PST


-  INDICATES NEGATIVE NUMBERS.
R  INDICATES RECORD WAS SET OR TIED.
MM INDICATES DATA IS MISSING.
T  INDICATES TRACE AMOUNT.

$$
